000
CXUS55 KBOU 010900
CF6MNH
PRELIMINARY LOCAL CLIMATOLOGICAL DATA (WS FORM: F-6)
STATION: ELBERT 6W CO
MONTH: MARCH
YEAR: 2024
LATITUDE: 39 13 N
LONGITUDE: 104 38 W
TEMPERATURE IN F: :PCPN: SNOW: WIND :SUNSHINE: SKY :PK WND
================================================================================
1 2 3 4 5 6A 6B 7 8 9 10 11 12 13 14 15 16 17 18
12Z AVG MX 2MIN
DY MAX MIN AVG DEP HDD CDD WTR SNW DPTH SPD SPD DIR MIN PSBL S-S WX SPD DR
================================================================================
1 52 32 42 M 23 0 M M M 12.2 26 240 M M 0 36 240
2 41 36 39 M 26 0 M M M 15.2 25 230 M M 0 41 220
3 48 21 35 M 30 0 M M M 12.2 26 220 M M 3 38 220
4 41 18 30 M 35 0 M M M 12.3 25 170 M M 0 32 170
5 41 18 30 M 35 0 M M M 10.7 17 170 M M 3 23 160
6 54 32 43 M 22 0 M M M 8.5 16 250 M M 5 23 270
7 37 27 32 M 33 0 M M M 7.7 16 20 M M 9 8 22 40
8 28 19 24 M 41 0 M M M 8.7 16 330 M M 9 28 20 330
9 46 14 30 M 35 0 M M M 5.5 13 180 M M 0 M M
10 52 25 39 M 26 0 M M M 7.5 13 180 M M 0 21 180
11 39 34 37 M 28 0 M M M 8.4 14 230 M M 1 20 220
12 50 28 39 M 26 0 M M M 8.1 14 170 M M 3 20 130
13 43 28 36 M 29 0 M M M 7.2 14 320 M M 8 17 70
14 32 28 30 M 35 0 M M M 11.8 20 350 M M 10 28 350
15 32 23 28 M 37 0 M M M 12.5 27 180 M M 6 8 31 190
16 37 19 28 M 37 0 M M M 7.5 10 330 M M 3 M M
17 36 27 32 M 33 0 M M M 5.6 9 280 M M 10 M M
18 43 27 35 M 30 0 M M M 4.8 9 200 M M 1 M M
19 46 28 37 M 28 0 M M M 5.4 16 210 M M 2 22 290
20 43 34 39 M 26 0 M M M 7.1 13 250 M M 1 M M
21 M M M M M M M M M 4.8 10 330 M M 1 M M
22 M M M M M M M M M 10.6 24 160 M M 0 30 160
23 M M M M M M M M M 11.8 18 210 M M 1 24 210
24 23 18 21 M 44 0 M M M 12.2 23 10 M M 6 2 30 10
25 19 12 16 M 49 0 M M M 13.9 20 340 M M 8 27 340
26 37 10 24 M 41 0 M M M 5.8 9 280 M M 2 16 330
27 45 23 34 M 31 0 M M M 5.9 14 320 M M 2 20 280
28 55 28 42 M 23 0 M M M 11.7 24 230 M M 0 33 220
29 37 30 34 M 31 0 M M M 7.1 14 360 M M 5 8 28 290
30 52 32 42 M 23 0 M M M 14.7 25 170 M M 4 31 170
31 39 39 39 M 26 0 M M M 13.2 24 240 M M 2 36 230
================================================================================
SM 1148 710 883 0 M M 290.6 M 105
================================================================================
AV 41.0 25.4 9.4 FASTST M M 3 MAX(MPH)
MISC ----> 27 180 41 220
================================================================================
NOTES:
# LAST OF SEVERAL OCCURRENCES
COLUMN 17 PEAK WIND IN M.P.H.
PRELIMINARY LOCAL CLIMATOLOGICAL DATA (WS FORM: F-6) , PAGE 2
STATION: ELBERT 6W CO
MONTH: MARCH
YEAR: 2024
LATITUDE: 39 13 N
LONGITUDE: 104 38 W
[TEMPERATURE DATA] [PRECIPITATION DATA] SYMBOLS USED IN COLUMN 16
AVERAGE MONTHLY: 33.2 TOTAL FOR MONTH: M 1 = FOG OR MIST
DPTR FM NORMAL: 0.0 DPTR FM NORMAL: M 2 = FOG REDUCING VISIBILITY
HIGHEST: 55 ON 28 GRTST 24HR M ON M TO 1/4 MILE OR LESS
LOWEST: 10 ON 26 3 = THUNDER
SNOW, ICE PELLETS, HAIL 4 = ICE PELLETS
TOTAL MONTH: M 5 = HAIL
GRTST 24HR M ON M 6 = FREEZING RAIN OR DRIZZLE
GRTST DEPTH: M ON M 7 = DUSTSTORM OR SANDSTORM:
VSBY 1/2 MILE OR LESS
8 = SMOKE OR HAZE
[NO. OF DAYS WITH] [WEATHER - DAYS WITH] 9 = BLOWING SNOW
X = TORNADO
MAX 32 OR BELOW: 5 0.01 INCH OR MORE: 0
MAX 90 OR ABOVE: 0 0.10 INCH OR MORE: 0
MIN 32 OR BELOW: 24 0.50 INCH OR MORE: 0
MIN 0 OR BELOW: 0 1.00 INCH OR MORE: 0
[HDD (BASE 65) ]
TOTAL THIS MO. 883 CLEAR (SCALE 0-3) 19
DPTR FM NORMAL M PTCLDY (SCALE 4-7) 6
TOTAL FM JUL 1 5677 CLOUDY (SCALE 8-10) 6
DPTR FM NORMAL M
[CDD (BASE 65) ]
TOTAL THIS MO. 0
DPTR FM NORMAL M [PRESSURE DATA]
TOTAL FM JAN 1 0 HIGHEST SLP M ON M
DPTR FM NORMAL M LOWEST SLP M ON M
[REMARKS]
#FINAL-03-24#