000
CXUS55 KBOU 011333
CF6MNH
PRELIMINARY LOCAL CLIMATOLOGICAL DATA (WS FORM: F-6)
STATION: ELBERT 6W CO
MONTH: AUGUST
YEAR: 2021
LATITUDE: 39 13 N
LONGITUDE: 104 38 W
TEMPERATURE IN F: :PCPN: SNOW: WIND :SUNSHINE: SKY :PK WND
================================================================================
1 2 3 4 5 6A 6B 7 8 9 10 11 12 13 14 15 16 17 18
12Z AVG MX 2MIN
DY MAX MIN AVG DEP HDD CDD WTR SNW DPTH SPD SPD DIR MIN PSBL S-S WX SPD DR
================================================================================
1 68 54 61 M 4 0 0.00 M M 5.1 12 180 M M 7 1 M M
2 77 50 64 M 1 0 0.00 M M 7.4 12 180 M M 0 M M
3 73 54 64 M 1 0 0.02 M M 6.7 13 290 M M 6 3 21 290
4 72 54 63 M 2 0 0.00 M M 6.0 20 340 M M 5 26 340
5 81 50 66 M 0 1 0.00 M M 6.6 13 170 M M 0 23 170
6 88 57 73 M 0 8 0.00 M M 7.0 16 190 M M 1 22 190
7 77 50 64 M 1 0 0.00 M M 6.8 15 350 M M 0 8 20 350
8 81 50 66 M 0 1 0.00 M M 6.3 12 220 M M 0 M M
9 88 55 72 M 0 7 0.00 M M 7.6 14 310 M M 0 20 310
10 86 55 71 M 0 6 0.00 M M 6.7 13 190 M M 1 18 200
11 86 54 70 M 0 5 0.00 M M 7.0 12 200 M M 0 18 200
12 79 54 67 M 0 2 0.00 M M 9.4 18 310 M M 2 3 24 320
13 79 52 66 M 0 1 0.00 M M 8.3 17 210 M M 1 21 210
14 82 55 69 M 0 4 0.00 M M 11.4 17 170 M M 1 36 180
15 82 54 68 M 0 3 0.00 M M 8.8 18 190 M M 2 24 190
16 82 52 67 M 0 2 0.00 M M 6.9 12 170 M M 1 18 100
17 84 54 69 M 0 4 0.00 M M 9.7 18 160 M M 0 23 160
18 86 54 70 M 0 5 0.00 M M 10.6 23 140 M M 1 30 140
19 73 52 63 M 2 0 0.00 M M 8.5 17 320 M M 2 28 320
20 77 52 65 M 0 0 0.00 M M 6.2 14 30 M M 4 22 260
21 72 48 60 M 5 0 0.00 M M 17.2 28 170 M M 3 36 170
22 86 54 70 M 0 5 0.00 M M 10.2 17 150 M M 0 37 230
23 86 52 69 M 0 4 0.00 M M 6.3 10 260 M M 1 16 270
24 86 52 69 M 0 4 0.00 M M 6.7 13 290 M M 0 18 260
25 81 52 67 M 0 2 0.00 M M 9.6 15 130 M M 1 23 130
26 81 54 68 M 0 3 0.00 M M 7.7 17 190 M M 3 3 25 190
27 86 50 68 M 0 3 0.00 M M 10.7 23 160 M M 1 33 170
28 86 55 71 M 0 6 0.00 M M 7.5 18 100 M M 1 22 100
29 72 50 61 M 4 0 0.00 M M 10.4 25 170 M M 2 31 170
30 84 54 69 M 0 4 0.00 M M 7.7 12 60 M M 0 17 0
31 86 55 71 M 0 6 0.00 M M 8.3 16 150 M M 0 21 110
================================================================================
SM 2507 1638 20 86 0.02 M 255.4 M 46
================================================================================
AV 80.9 52.8 8.2 FASTST M M 1 MAX(MPH)
MISC ----> 28 170 37 230
================================================================================
NOTES:
# LAST OF SEVERAL OCCURRENCES
COLUMN 17 PEAK WIND IN M.P.H.
PRELIMINARY LOCAL CLIMATOLOGICAL DATA (WS FORM: F-6) , PAGE 2
STATION: ELBERT 6W CO
MONTH: AUGUST
YEAR: 2021
LATITUDE: 39 13 N
LONGITUDE: 104 38 W
[TEMPERATURE DATA] [PRECIPITATION DATA] SYMBOLS USED IN COLUMN 16
AVERAGE MONTHLY: 66.9 TOTAL FOR MONTH: 0.02 1 = FOG OR MIST
DPTR FM NORMAL: M DPTR FM NORMAL: M 2 = FOG REDUCING VISIBILITY
HIGHEST: 88 ON 9, 6 GRTST 24HR 0.02 ON 3- 3 TO 1/4 MILE OR LESS
LOWEST: 48 ON 21 3 = THUNDER
SNOW, ICE PELLETS, HAIL 4 = ICE PELLETS
TOTAL MONTH: M 5 = HAIL
GRTST 24HR M ON M 6 = FREEZING RAIN OR DRIZZLE
GRTST DEPTH: M ON M 7 = DUSTSTORM OR SANDSTORM:
VSBY 1/2 MILE OR LESS
8 = SMOKE OR HAZE
[NO. OF DAYS WITH] [WEATHER - DAYS WITH] 9 = BLOWING SNOW
X = TORNADO
MAX 32 OR BELOW: 0 0.01 INCH OR MORE: 1
MAX 90 OR ABOVE: 0 0.10 INCH OR MORE: 0
MIN 32 OR BELOW: 0 0.50 INCH OR MORE: 0
MIN 0 OR BELOW: 0 1.00 INCH OR MORE: 0
[HDD (BASE 65) ]
TOTAL THIS MO. 20 CLEAR (SCALE 0-3) 27
DPTR FM NORMAL M PTCLDY (SCALE 4-7) 4
TOTAL FM JUL 1 39 CLOUDY (SCALE 8-10) 0
DPTR FM NORMAL M
[CDD (BASE 65) ]
TOTAL THIS MO. 86
DPTR FM NORMAL M [PRESSURE DATA]
TOTAL FM JAN 1 247 HIGHEST SLP M ON M
DPTR FM NORMAL M LOWEST SLP M ON M
[REMARKS]
#FINAL-08-21#