000
CXUS56 KSTO 011400
CF6MOD
PRELIMINARY LOCAL CLIMATOLOGICAL DATA (WS FORM: F-6)
STATION: MODESTO CA
MONTH: JANUARY
YEAR: 2023
LATITUDE: 37 37 N
LONGITUDE: 120 57 W
TEMPERATURE IN F: :PCPN: SNOW: WIND :SUNSHINE: SKY :PK WND
================================================================================
1 2 3 4 5 6A 6B 7 8 9 10 11 12 13 14 15 16 17 18
12Z AVG MX 2MIN
DY MAX MIN AVG DEP HDD CDD WTR SNW DPTH SPD SPD DIR MIN PSBL S-S WX SPD DR
================================================================================
1 57 42 50 4 15 0 0.08 0.0 M 16.3 26 330 M M 2 1 35 310
2 47 37 42 -4 23 0 0.35 0.0 M 7.6 21 120 M M 5 1 26 130
3 54 40 47 1 18 0 0.00 M M 2.5 10 300 M M 5 1 12 110
4 63 40 52 6 13 0 0.38 M M 13.1 30 120 M M 8 12 42 140
5 57 44 51 5 14 0 0.35 M M 8.2 32 150 M M 8 1 45 140
6 57 41 49 2 16 0 0.00 M M 6.4 14 120 M M 3 18 18 160
7 58 46 52 5 13 0 0.08 M M 10.4 29 130 M M 6 1 42 130
8 58 49 54 7 11 0 0.27 M M 12.2 32 120 M M 6 1 44 120
9 58 50 54 7 11 0 0.87 0.0 M 9.0 30 130 M M 9 1 45 150
10 57 46 52 5 13 0 0.39 M M 9.0 25 190 M M 8 13 33 200
11 54 47 51 4 14 0 0.13 M M 8.1 20 150 M M 10 1 29 160
12 64 44 54 7 11 0 0.00 M M 5.8 17 150 M M 1 23 150
13 59 51 55 8 10 0 0.17 M M 7.9 16 130 M M 5 1 20 120
14 57 47 52 5 13 0 0.69 M M 10.7 26 130 M M 9 1 37 130
15 52 43 48 1 17 0 0.35 M M 8.4 18 110 M M 7 1 23 120
16 55 44 50 3 15 0 1.05 M M 9.5 26 300 M M 8 1 36 300
17 53 37 45 -2 20 0 0.00 M M 3.9 14 340 M M 5 12 16 310
18 53 34 44 -3 21 0 0.04 M M 5.5 13 150 M M 2 1 17 140
19 50 40 45 -3 20 0 0.09 M M 10.4 20 320 M M 5 1 25 310
20 51 33 42 -6 23 0 0.00 M M 4.7 16 290 M M 1 22 290
21 55 30 43 -5 22 0 0.00 M M 1.6 9 310 M M 0 12 14 300
22 55 34 45 -3 20 0 0.00 M M 12.7 28 330 M M 0 18 35 320
23 56 36 46 -2 19 0 0.00 M M 6.0 18 320 M M 0 1 23 330
24 57 32 45 -3 20 0 0.00 M M 1.5 8 310 M M 0 18 8 150
25 59 33 46 -2 19 0 0.00 M M 1.9 10 300 M M 0 18 12 300
26 61 35 48 0 17 0 0.00 M M 2.3 7 320 M M 0 18 9 330
27 61 34 48 -1 17 0 0.00 M M 2.6 9 300 M M 0 18 10 290
28 60 36 48 -1 17 0 0.00 M M 3.2 13 330 M M 0 128 16 330
29 52 36 44 -5 21 0 0.01 M M 5.5 14 280 M M 6 12 17 280
30 50 34 42 -7 23 0 0.00 M M 12.3 20 300 M M 0 26 290
31 53 27 40 -9 25 0 0.00 M M 2.2 10 310 M M 0 13 300
================================================================================
SM 1733 1222 531 0 5.30 0.0 221.4 M 119
================================================================================
AV 55.9 39.4 7.1 FASTST M M 4 MAX(MPH)
MISC ----> # 32 120 # 45 150
================================================================================
NOTES:
# LAST OF SEVERAL OCCURRENCES
COLUMN 17 PEAK WIND IN M.P.H.
PRELIMINARY LOCAL CLIMATOLOGICAL DATA (WS FORM: F-6) , PAGE 2
STATION: MODESTO CA
MONTH: JANUARY
YEAR: 2023
LATITUDE: 37 37 N
LONGITUDE: 120 57 W
[TEMPERATURE DATA] [PRECIPITATION DATA] SYMBOLS USED IN COLUMN 16
AVERAGE MONTHLY: 47.7 TOTAL FOR MONTH: 5.30 1 = FOG OR MIST
DPTR FM NORMAL: 0.2 DPTR FM NORMAL: 2.73 2 = FOG REDUCING VISIBILITY
HIGHEST: 64 ON 12 GRTST 24HR 2.22 ON 13-14 TO 1/4 MILE OR LESS
LOWEST: 27 ON 31 3 = THUNDER
SNOW, ICE PELLETS, HAIL 4 = ICE PELLETS
TOTAL MONTH: 0.0 INCH 5 = HAIL
GRTST 24HR 0.0 6 = FREEZING RAIN OR DRIZZLE
GRTST DEPTH: M ON M 7 = DUSTSTORM OR SANDSTORM:
VSBY 1/2 MILE OR LESS
8 = SMOKE OR HAZE
[NO. OF DAYS WITH] [WEATHER - DAYS WITH] 9 = BLOWING SNOW
X = TORNADO
MAX 32 OR BELOW: 0 0.01 INCH OR MORE: 16
MAX 90 OR ABOVE: 0 0.10 INCH OR MORE: 11
MIN 32 OR BELOW: 3 0.50 INCH OR MORE: 3
MIN 0 OR BELOW: 0 1.00 INCH OR MORE: 1
[HDD (BASE 65) ]
TOTAL THIS MO. 531 CLEAR (SCALE 0-3) 14
DPTR FM NORMAL -13 PTCLDY (SCALE 4-7) 14
TOTAL FM JUL 1 1656 CLOUDY (SCALE 8-10) 3
DPTR FM NORMAL 177
[CDD (BASE 65) ]
TOTAL THIS MO. 0
DPTR FM NORMAL 0 [PRESSURE DATA]
TOTAL FM JAN 1 0 HIGHEST SLP 30.49 ON 26
DPTR FM NORMAL 0 LOWEST SLP 29.36 ON 16
[REMARKS]
#FINAL-01-23#