000
CXUS51 KPHI 010815
CF6MPO
PRELIMINARY LOCAL CLIMATOLOGICAL DATA (WS FORM: F-6)
STATION: MOUNT POCONO PA
MONTH: JULY
YEAR: 2023
LATITUDE: 41 8 N
LONGITUDE: 75 24 W
TEMPERATURE IN F: :PCPN: SNOW: WIND :SUNSHINE: SKY :PK WND
================================================================================
1 2 3 4 5 6A 6B 7 8 9 10 11 12 13 14 15 16 17 18
12Z AVG MX 2MIN
DY MAX MIN AVG DEP HDD CDD WTR SNW DPTH SPD SPD DIR MIN PSBL S-S WX SPD DR
================================================================================
1 74 56 65 -2 0 0 0.05 M M 7.1 14 150 M M 9 18 31 100
2 79 62 71 4 0 6 0.85 M M 8.1 15 260 M M 9 123 23 210
3 82 65 74 7 0 9 0.06 M M 6.1 15 270 M M 6 1 24 170
4 83 65 74 7 0 9 0.16 M M 7.4 17 320 M M 5 1 21 330
5 86 64 75 7 0 10 0.00 M M 4.8 12 330 M M 2 20 140
6 85 62 74 6 0 9 0.00 M M 4.9 15 150 M M 2 24 180
7 80 63 72 4 0 7 0.11 M M 4.5 17 360 M M 4 123 29 210
8 81 65 73 5 0 8 0.02 M M 4.7 14 350 M M 5 1 21 210
9 71 62 67 -1 0 2 2.98 M M 4.3 20 320 M M 9 123 28 300
10 77 57 67 -1 0 2 T M M 10.8 18 320 M M 5 1 24 300
11 81 55 68 0 0 3 0.00 M M 6.6 13 260 M M 1 17 290
12 83 58 71 3 0 6 0.12 M M 5.9 15 270 M M 3 1 23 240
13 83 63 73 5 0 8 0.08 M M 7.5 20 210 M M 3 13 30 190
14 78 63 71 3 0 6 0.69 M M 5.2 25 250 M M 7 13 34 240
15 83 62 73 5 0 8 T M M 5.8 13 120 M M 5 13 29 220
16 76 65 71 3 0 6 1.65 M M 4.8 15 230 M M 8 123 23 250
17 80 63 72 4 0 7 T M M 7.6 15 200 M M 5 18 20 270
18 80 62 71 3 0 6 0.00 M M 6.1 15 270 M M 4 18 24 280
19 77 58 68 0 0 3 0.03 M M 2.7 10 150 M M 6 1 14 90
20 78 60 69 1 0 4 0.00 M M 6.6 12 210 M M 5 1 23 130
21 76 59 68 0 0 3 0.50 M M 7.8 21 300 M M 6 13 27 300
22 77 56 67 -1 0 2 0.00 M M 9.3 22 330 M M 1 28 330
23 79 54 67 -1 0 2 T M M 4.2 14 200 M M 4 18 190
24 78 58 68 0 0 3 0.02 M M 5.0 16 180 M M 4 3 22 150
25 77 58 68 0 0 3 1.47 M M 3.8 31 260 M M 5 13 42 280
26 79 56 68 0 0 3 0.00 M M 7.4 17 210 M M 1 29 210
27 83 65 74 6 0 9 0.12 M M 11.0 22 220 M M 6 13 29 220
28 84 63 74 6 0 9 0.00 M M 6.9 16 270 M M 2 1 21 270
29 82 61 72 4 0 7 0.48 M M 10.8 24 310 M M 7 1 37 270
30 70 51 61 -7 4 0 0.00 M M 9.7 22 320 M M 3 29 310
31 74 51 63 -5 2 0 0.00 M M 6.5 16 310 M M 2 23 300
================================================================================
SM 2456 1862 6 160 9.39 M 203.9 M 144
================================================================================
AV 79.2 60.1 6.6 FASTST M M 5 MAX(MPH)
MISC ----> 31 260 42 280
================================================================================
NOTES:
# LAST OF SEVERAL OCCURRENCES
COLUMN 17 PEAK WIND IN M.P.H.
PRELIMINARY LOCAL CLIMATOLOGICAL DATA (WS FORM: F-6) , PAGE 2
STATION: MOUNT POCONO PA
MONTH: JULY
YEAR: 2023
LATITUDE: 41 8 N
LONGITUDE: 75 24 W
[TEMPERATURE DATA] [PRECIPITATION DATA] SYMBOLS USED IN COLUMN 16
AVERAGE MONTHLY: 69.6 TOTAL FOR MONTH: 9.39 1 = FOG OR MIST
DPTR FM NORMAL: 1.7 DPTR FM NORMAL: 4.66 2 = FOG REDUCING VISIBILITY
HIGHEST: 86 ON 5 GRTST 24HR 2.98 ON 8- 9 TO 1/4 MILE OR LESS
LOWEST: 51 ON 31,30 3 = THUNDER
SNOW, ICE PELLETS, HAIL 4 = ICE PELLETS
TOTAL MONTH: M 5 = HAIL
GRTST 24HR M ON M 6 = FREEZING RAIN OR DRIZZLE
GRTST DEPTH: M ON M 7 = DUSTSTORM OR SANDSTORM:
VSBY 1/2 MILE OR LESS
8 = SMOKE OR HAZE
[NO. OF DAYS WITH] [WEATHER - DAYS WITH] 9 = BLOWING SNOW
X = TORNADO
MAX 32 OR BELOW: 0 0.01 INCH OR MORE: 17
MAX 90 OR ABOVE: 0 0.10 INCH OR MORE: 11
MIN 32 OR BELOW: 0 0.50 INCH OR MORE: 6
MIN 0 OR BELOW: 0 1.00 INCH OR MORE: 3
[HDD (BASE 65) ]
TOTAL THIS MO. 6 CLEAR (SCALE 0-3) 9
DPTR FM NORMAL -21 PTCLDY (SCALE 4-7) 19
TOTAL FM JUL 1 6 CLOUDY (SCALE 8-10) 3
DPTR FM NORMAL -25
[CDD (BASE 65) ]
TOTAL THIS MO. 160
DPTR FM NORMAL 43 [PRESSURE DATA]
TOTAL FM JAN 1 175 HIGHEST SLP 30.17 ON 26
DPTR FM NORMAL -10 LOWEST SLP 29.70 ON 29
[REMARKS]
#FINAL-07-23#