000
CXUS51 KBTV 110241
CF6MPV
PRELIMINARY LOCAL CLIMATOLOGICAL DATA (WS FORM: F-6)
STATION: MONTPELIER VT
MONTH: FEBRUARY
YEAR: 2021
LATITUDE: 44 12 N
LONGITUDE: 72 34 W
TEMPERATURE IN F: :PCPN: SNOW: WIND :SUNSHINE: SKY :PK WND
================================================================================
1 2 3 4 5 6A 6B 7 8 9 10 11 12 13 14 15 16 17 18
12Z AVG MX 2MIN
DY MAX MIN AVG DEP HDD CDD WTR SNW DPTH SPD SPD DIR MIN PSBL S-S WX SPD DR
================================================================================
1 22 -10 6 -10 59 0 T M M 0.8 7 310 M M 1 9 340
2 24 21 23 7 42 0 0.29 M M 9.1 16 350 M M 10 12 22 340
3 28 23 26 10 39 0 T M M 9.1 15 320 M M 10 18 19 340
4 30 10 20 3 45 0 T M M 6.6 14 310 M M 6 1 21 300
5 33 7 20 3 45 0 0.07 M M 5.7 18 180 M M 6 1 24 170
6 29 16 23 6 42 0 0.03 M M 8.4 20 250 M M 8 18 31 280
7 24 0 12 -5 53 0 0.01 M M 6.6 23 290 M M 6 18 30 300
8 18 0 9 -8 56 0 T M M 7.5 21 310 M M 1 18 30 310
9 20 0 10 -7 55 0 0.07 M M 1.0 8 160 M M 9 1 11 160
10 20 1 11 -7 54 0 T M M 4.6 22 310 M M 8 18 28 310
11 18 0 9 -9 56 0 0.00 M M 7.9 25 310 M M 6 1 33 310
12 11 -7 2 -16 63 0 0.00 M M 3.3 17 320 M M 1 25 310
13 16 -10 3 -15 62 0 0.00 M M 0.6 6 50 M M 3 7 40
14 25 14 20 2 45 0 0.00 M M 2.2 8 320 M M 9 10 330
15 23 11 17 -2 48 0 0.01 M M 0.6 6 30 M M 9 18 7 40
16 35 13 24 5 41 0 0.63 M M 5.3 25 300 M M 10 1 35 300
17 18 5 12 -7 53 0 T M M 8.6 28 310 M M 2 36 310
18 22 5 14 -6 51 0 0.00 M M 0.3 6 340 M M 5 7 340
19 27 15 21 1 44 0 0.02 M M 2.7 13 170 M M 10 1 17 160
20 24 14 19 -1 46 0 T M M 8.9 18 320 M M 10 18 26 310
21 24 2 13 -7 52 0 T M M 5.9 15 310 M M 5 1 20 300
22 29 1 15 -6 50 0 0.04 M M 6.0 22 170 M M 8 128 30 170
23 36 24 30 9 35 0 0.01 M M 3.2 15 190 M M 10 1 19 270
24 46 34 40 19 25 0 0.01 M M 8.4 24 240 M M 9 44 230
25 43 18 31 9 34 0 0.03 M M 11.5 33 310 M M 7 1 41 250
26 32 12 22 0 43 0 T M M 4.7 14 300 M M 3 19 310
27 M 19 M M M M 0.02 M M 9.1 25 300 M M 8 8 37 310
28 M M M M M M T M M 8.4 21 170 M M 6 27 160
================================================================================
SM 677 238 1238 0 1.24 M 157.0 M 186
================================================================================
AV 26.0 8.8 5.6 FASTST M M 7 MAX(MPH)
MISC ----> 33 310 44 230
================================================================================
NOTES:
# LAST OF SEVERAL OCCURRENCES
COLUMN 17 PEAK WIND IN M.P.H.
PRELIMINARY LOCAL CLIMATOLOGICAL DATA (WS FORM: F-6) , PAGE 2
STATION: MONTPELIER VT
MONTH: FEBRUARY
YEAR: 2021
LATITUDE: 44 12 N
LONGITUDE: 72 34 W
[TEMPERATURE DATA] [PRECIPITATION DATA] SYMBOLS USED IN COLUMN 16
AVERAGE MONTHLY: 17.4 TOTAL FOR MONTH: 1.24 1 = FOG OR MIST
DPTR FM NORMAL: -1.5 DPTR FM NORMAL: -0.82 2 = FOG REDUCING VISIBILITY
HIGHEST: 46 ON 24 GRTST 24HR 0.63 ON 16-16 TO 1/4 MILE OR LESS
LOWEST: -10 ON 13, 1 3 = THUNDER
SNOW, ICE PELLETS, HAIL 4 = ICE PELLETS
TOTAL MONTH: M 5 = HAIL
GRTST 24HR M ON M 6 = FREEZING RAIN OR DRIZZLE
GRTST DEPTH: M ON M 7 = DUSTSTORM OR SANDSTORM:
VSBY 1/2 MILE OR LESS
8 = SMOKE OR HAZE
[NO. OF DAYS WITH] [WEATHER - DAYS WITH] 9 = BLOWING SNOW
X = TORNADO
MAX 32 OR BELOW: 21 0.01 INCH OR MORE: 13
MAX 90 OR ABOVE: 0 0.10 INCH OR MORE: 2
MIN 32 OR BELOW: 26 0.50 INCH OR MORE: 1
MIN 0 OR BELOW: 7 1.00 INCH OR MORE: 0
[HDD (BASE 65) ]
TOTAL THIS MO. 1238 CLEAR (SCALE 0-3) 6
DPTR FM NORMAL -53 PTCLDY (SCALE 4-7) 12
TOTAL FM JUL 1 5539 CLOUDY (SCALE 8-10) 10
DPTR FM NORMAL -429
[CDD (BASE 65) ]
TOTAL THIS MO. 0
DPTR FM NORMAL 0 [PRESSURE DATA]
TOTAL FM JAN 1 0 HIGHEST SLP 30.58 ON 18
DPTR FM NORMAL 0 LOWEST SLP 29.45 ON 3
[REMARKS]
#FINAL-02-21#