000
CXUS51 KBTV 010700
CF6MPV
PRELIMINARY LOCAL CLIMATOLOGICAL DATA (WS FORM: F-6)
STATION: MONTPELIER VT
MONTH: JULY
YEAR: 2020
LATITUDE: 44 12 N
LONGITUDE: 72 34 W
TEMPERATURE IN F: :PCPN: SNOW: WIND :SUNSHINE: SKY :PK WND
================================================================================
1 2 3 4 5 6A 6B 7 8 9 10 11 12 13 14 15 16 17 18
12Z AVG MX 2MIN
DY MAX MIN AVG DEP HDD CDD WTR SNW DPTH SPD SPD DIR MIN PSBL S-S WX SPD DR
================================================================================
1 71 62 67 1 0 2 0.47 M M 1.4 9 340 M M 7 12 12 330
2 88 61 75 9 0 10 0.00 M M 4.3 18 310 M M 7 12 25 320
3 83 61 72 5 0 7 0.53 M M 4.4 20 170 M M 7 1 22 170
4 82 57 70 3 0 5 0.00 M M 3.0 12 300 M M 4 12 16 310
5 81 57 69 2 0 4 0.09 M M 3.5 16 310 M M 5 1 20 310
6 81 56 69 2 0 4 0.00 M M 1.7 8 70 M M 3 12 11 60
7 84 54 69 2 0 4 0.00 M M 7.1 20 150 M M 1 23 150
8 85 63 74 7 0 9 0.12 M M 5.2 22 310 M M 4 123 30 310
9 89 61 75 8 0 10 T M M 1.7 12 150 M M 5 12 15 160
10 87 65 76 9 0 11 0.00 M M 6.6 20 160 M M 2 12 25 140
11 86 71 79 12 0 14 0.23 M M 10.1 18 190 M M 6 13 28 200
12 80 64 72 5 0 7 0.30 M M 8.1 20 310 M M 6 1 30 300
13 80 59 70 3 0 5 0.15 M M 2.5 13 340 M M 6 123 18 310
14 70 60 65 -2 0 0 0.55 M M 2.4 8 60 M M 7 13 12 310
15 79 61 70 3 0 5 0.00 M M 3.8 13 160 M M 5 12 15 190
16 77 63 70 3 0 5 T M M 10.4 21 160 M M 8 25 160
17 78 59 69 2 0 4 0.12 M M 8.4 18 190 M M 7 1 24 200
18 86 58 72 5 0 7 0.00 M M 2.7 13 300 M M 4 12 17 300
19 90 61 76 9 0 11 0.04 M M 6.2 21 230 M M 1 12 28 230
20 84 72 78 11 0 13 0.01 M M 7.1 18 310 M M 3 24 310
21 78 58 68 1 0 3 0.00 M M 4.4 13 300 M M 5 18 350
22 75 58 67 0 0 2 0.02 M M 3.3 15 160 M M 5 20 160
23 80 61 71 4 0 6 0.32 M M 3.5 13 340 M M 7 1 18 310
24 81 58 70 3 0 5 0.00 M M 2.6 9 350 M M 3 12 13 10
25 82 55 69 2 0 4 0.00 M M 2.6 12 340 M M 3 12 15 360
26 85 59 72 5 0 7 0.00 M M 5.3 15 260 M M 1 21 270
27 88 71 80 13 0 15 0.29 M M 5.8 14 210 M M 7 1 22 190
28 84 61 73 6 0 8 T M M 5.5 14 290 M M 2 20 250
29 83 58 71 4 0 6 T M M 6.9 15 220 M M 3 23 240
30 80 59 70 3 0 5 0.03 M M 3.4 14 250 M M 4 3 20 250
31 80 55 68 1 0 3 0.00 M M 3.2 10 340 M M 2 12 15 330
================================================================================
SM 2537 1878 0 201 3.27 M 147.1 M 140
================================================================================
AV 81.8 60.6 4.7 FASTST M M 5 MAX(MPH)
MISC ----> 22 310 # 30 310
================================================================================
NOTES:
# LAST OF SEVERAL OCCURRENCES
COLUMN 17 PEAK WIND IN M.P.H.
PRELIMINARY LOCAL CLIMATOLOGICAL DATA (WS FORM: F-6) , PAGE 2
STATION: MONTPELIER VT
MONTH: JULY
YEAR: 2020
LATITUDE: 44 12 N
LONGITUDE: 72 34 W
[TEMPERATURE DATA] [PRECIPITATION DATA] SYMBOLS USED IN COLUMN 16
AVERAGE MONTHLY: 71.2 TOTAL FOR MONTH: 3.27 1 = FOG OR MIST
DPTR FM NORMAL: 4.1 DPTR FM NORMAL: -0.81 2 = FOG REDUCING VISIBILITY
HIGHEST: 90 ON 19 GRTST 24HR 1.42 ON 30- 1 TO 1/4 MILE OR LESS
LOWEST: 54 ON 7 3 = THUNDER
SNOW, ICE PELLETS, HAIL 4 = ICE PELLETS
TOTAL MONTH: M 5 = HAIL
GRTST 24HR M ON M 6 = FREEZING RAIN OR DRIZZLE
GRTST DEPTH: M ON M 7 = DUSTSTORM OR SANDSTORM:
VSBY 1/2 MILE OR LESS
8 = SMOKE OR HAZE
[NO. OF DAYS WITH] [WEATHER - DAYS WITH] 9 = BLOWING SNOW
X = TORNADO
MAX 32 OR BELOW: 0 0.01 INCH OR MORE: 15
MAX 90 OR ABOVE: 1 0.10 INCH OR MORE: 10
MIN 32 OR BELOW: 0 0.50 INCH OR MORE: 2
MIN 0 OR BELOW: 0 1.00 INCH OR MORE: 0
[HDD (BASE 65) ]
TOTAL THIS MO. 0 CLEAR (SCALE 0-3) 10
DPTR FM NORMAL -40 PTCLDY (SCALE 4-7) 21
TOTAL FM JUL 1 0 CLOUDY (SCALE 8-10) 0
DPTR FM NORMAL -37
[CDD (BASE 65) ]
TOTAL THIS MO. 201
DPTR FM NORMAL 96 [PRESSURE DATA]
TOTAL FM JAN 1 306 HIGHEST SLP M ON M
DPTR FM NORMAL 138 LOWEST SLP 29.50 ON 12
[REMARKS]
#FINAL-07-20#