462
CXUS53 KMPX 010710
CF6MPX
PRELIMINARY LOCAL CLIMATOLOGICAL DATA (WS FORM: F-6)
STATION: CHANHASSEN MN
MONTH: MAY
YEAR: 2020
LATITUDE: 44 50 N
LONGITUDE: 93 34 W
TEMPERATURE IN F: :PCPN: SNOW: WIND :SUNSHINE: SKY :PK WND
================================================================================
1 2 3 4 5 6A 6B 7 8 9 10 11 12 13 14 15 16 17 18
12Z AVG MX 2MIN
DY MAX MIN AVG DEP HDD CDD WTR SNW DPTH SPD SPD DIR MIN PSBL S-S WX SPD DR
================================================================================
1 80 48 64 11 1 0 T 0.0 0 M M M M M M M M
2 73 53 63 9 2 0 0.00 0.0 0 M M M M M M M M
3 65 42 54 0 11 0 0.00 0.0 0 M M M M M M M M
4 59 38 49 -5 16 0 0.00 0.0 0 M M M M M M M M
5 57 46 52 -3 13 0 0.00 0.0 0 M M M M M M M M
6 65 46 56 1 9 0 0.00 0.0 0 M M M M M M M M
7 59 42 51 -4 14 0 0.00 0.0 0 M M M M M M M M
8 49 30 40 -16 25 0 0.00 0.0 0 M M M M M M M M
9 58 28 43 -13 22 0 0.22 0.0 0 M M M M M M M M
10 46 37 42 -14 23 0 T 0.0 0 M M M M M M M M
11 54 39 47 -10 18 0 0.00 0.0 0 M M M M M M M M
12 56 29 43 -14 22 0 0.00 0.0 0 M M M M M M M M
13 61 46 54 -3 11 0 0.03 0.0 0 M M M M M M M M
14 72 50 61 3 4 0 0.02 0.0 0 M M M M M M M M
15 68 43 56 -2 9 0 0.00 0.0 0 M M M M M M M M
16 59 49 54 -4 11 0 0.68 0.0 0 M M M M M M M M
17 52 47 50 -8 15 0 2.78 0.0 0 M M M M M M M M
18 66 49 58 -1 7 0 0.00 0.0 0 M M M M M M M M
19 70 53 62 3 3 0 0.00 0.0 0 M M M M M M M M
20 76 58 67 8 0 2 0.00 0.0 0 M M M M M M M M
21 65 54 60 0 5 0 0.00 0.0 0 M M M M M M M M
22 64 57 61 1 4 0 T 0.0 0 M M M M M M M M
23 70 56 63 3 2 0 0.58 0.0 0 M M M M M M M M
24 76 55 66 6 0 1 T 0.0 0 M M M M M M M M
25 78 62 70 9 0 5 0.30 0.0 0 M M M M M M M M
26 76 64 70 9 0 5 0.49 0.0 0 M M M M M M M M
27 77 60 69 8 0 4 0.02 0.0 0 M M M M M M M M
28 77 58 68 6 0 3 0.00 0.0 0 M M M M M M M M
29 65 50 58 -4 7 0 0.00 0.0 0 M M M M M M M M
30 66 45 56 -6 9 0 0.00 0.0 0 M M M M M M M M
31 77 41 59 -4 6 0 0.00 0.0 0 M M M M M M M M
================================================================================
SM 2036 1475 269 20 5.12 0.0 M M M
================================================================================
AV 65.7 47.6 M FASTST M M M MAX(MPH)
MISC ----> M M M M
================================================================================
NOTES:
# LAST OF SEVERAL OCCURRENCES
COLUMN 17 PEAK WIND IN M.P.H.
PRELIMINARY LOCAL CLIMATOLOGICAL DATA (WS FORM: F-6) , PAGE 2
STATION: CHANHASSEN MN
MONTH: MAY
YEAR: 2020
LATITUDE: 44 50 N
LONGITUDE: 93 34 W
[TEMPERATURE DATA] [PRECIPITATION DATA] SYMBOLS USED IN COLUMN 16
AVERAGE MONTHLY: 56.6 TOTAL FOR MONTH: 5.12 1 = FOG OR MIST
DPTR FM NORMAL: -1.4 DPTR FM NORMAL: 1.46 2 = FOG REDUCING VISIBILITY
HIGHEST: 80 ON 1 GRTST 24HR 2.78 ON 17-17 TO 1/4 MILE OR LESS
LOWEST: 28 ON 9 3 = THUNDER
SNOW, ICE PELLETS, HAIL 4 = ICE PELLETS
TOTAL MONTH: 0.0 INCH 5 = HAIL
GRTST 24HR 0.0 6 = FREEZING RAIN OR DRIZZLE
GRTST DEPTH: 0 7 = DUSTSTORM OR SANDSTORM:
VSBY 1/2 MILE OR LESS
8 = SMOKE OR HAZE
[NO. OF DAYS WITH] [WEATHER - DAYS WITH] 9 = BLOWING SNOW
X = TORNADO
MAX 32 OR BELOW: 0 0.01 INCH OR MORE: 9
MAX 90 OR ABOVE: 0 0.10 INCH OR MORE: 6
MIN 32 OR BELOW: 3 0.50 INCH OR MORE: 3
MIN 0 OR BELOW: 0 1.00 INCH OR MORE: 1
[HDD (BASE 65) ]
TOTAL THIS MO. 269 CLEAR (SCALE 0-3) 0
DPTR FM NORMAL 23 PTCLDY (SCALE 4-7) 0
TOTAL FM JUL 1 7883 CLOUDY (SCALE 8-10) 31
DPTR FM NORMAL 19
[CDD (BASE 65) ]
TOTAL THIS MO. 20
DPTR FM NORMAL -10 [PRESSURE DATA]
TOTAL FM JAN 1 20 HIGHEST SLP M ON M
DPTR FM NORMAL -13 LOWEST SLP M ON M
[REMARKS]
#FINAL-05-20#