000
CXUS53 KMQT 011000
CF6MQT
PRELIMINARY LOCAL CLIMATOLOGICAL DATA (WS FORM: F-6)
STATION: MARQUETTE MI
MONTH: NOVEMBER
YEAR: 2021
LATITUDE: 46 31 N
LONGITUDE: 87 33 W
TEMPERATURE IN F: :PCPN: SNOW: WIND :SUNSHINE: SKY :PK WND
================================================================================
1 2 3 4 5 6A 6B 7 8 9 10 11 12 13 14 15 16 17 18
12Z AVG MX 2MIN
DY MAX MIN AVG DEP HDD CDD WTR SNW DPTH SPD SPD DIR MIN PSBL S-S WX SPD DR
================================================================================
1 40 29 35 -2 30 0 0.01 0.1 T M M M M M M 28 270
2 34 27 31 -5 34 0 0.02 0.5 T M M M M M M 26 270
3 37 26 32 -4 33 0 T T T M M M M M M 17 315
4 45 32 39 3 26 0 T T T M M M M M M 18 225
5 50 34 42 7 23 0 0.00 0.0 0 M M M M M M 30 180
6 58 40 49 14 16 0 T 0.0 0 M M M M M M 25 180
7 62 37 50 16 15 0 0.00 0.0 0 M M M M M M 21 180
8 59 43 51 17 14 0 0.00 0.0 0 M M M M M M 19 270
9 52 27 40 7 25 0 0.00 0.0 0 M M M M M M 17 225
10 49 23 36 3 29 0 0.00 0.0 0 M M M M M M 11 135
11 48 36 42 9 23 0 0.31 0.0 0 M M M M M M 29 180
12 38 31 35 3 30 0 0.05 0.7 0 M M M M M M 16 325
13 34 26 30 -2 35 0 0.38 4.0 2 M M M M M M 20 325
14 33 26 30 -1 35 0 0.22 3.1 4 M M M M M M 21 360
15 34 24 29 -2 36 0 0.11 2.0 4 M M M M M M 18 325
16 36 16 26 -4 39 0 0.02 0.1 4 M M M M M M 25 135
17 43 32 38 8 27 0 0.02 T 2 M M M M M M 1 29 270
18 32 26 29 -1 36 0 0.05 0.9 T M M M M M M 34 270
19 36 23 30 1 35 0 T 0.2 1 M M M M M M 23 225
20 38 22 30 1 35 0 0.00 0.0 T M M M M M M 26 180
21 32 17 25 -3 40 0 0.14 2.4 2 M M M M M M 9 39 270
22 24 13 19 -9 46 0 T T 2 M M M M M M 33 270
23 33 5 19 -9 46 0 0.00 0.0 1 M M M M M M 38 180
24 40 30 35 8 30 0 T 0.0 1 M M M M M M 25 180
25 33 16 25 -2 40 0 0.13 2.2 T M M M M M M 6 29 360
26 26 14 20 -6 45 0 T T 2 M M M M M M 19 270
27 27 21 24 -2 41 0 0.18 2.3 2 M M M M M M 16 180
28 31 25 28 2 37 0 0.05 2.1 4 M M M M M M 9 26 315
29 29 21 25 0 40 0 0.01 0.2 3 M M M M M M 18 225
30 35 23 29 4 36 0 T 0.1 4 M M M M M M 6 35 315
================================================================================
SM 1168 765 977 0 1.70 20.9 M M M
================================================================================
AV 38.9 25.5 M FASTST M M M MAX(MPH)
MISC ----> M M 39 270
================================================================================
NOTES:
# LAST OF SEVERAL OCCURRENCES
COLUMN 17 PEAK WIND IN M.P.H.
PRELIMINARY LOCAL CLIMATOLOGICAL DATA (WS FORM: F-6) , PAGE 2
STATION: MARQUETTE MI
MONTH: NOVEMBER
YEAR: 2021
LATITUDE: 46 31 N
LONGITUDE: 87 33 W
[TEMPERATURE DATA] [PRECIPITATION DATA] SYMBOLS USED IN COLUMN 16
AVERAGE MONTHLY: 32.2 TOTAL FOR MONTH: 1.70 1 = FOG OR MIST
DPTR FM NORMAL: 1.4 DPTR FM NORMAL: -1.20 2 = FOG REDUCING VISIBILITY
HIGHEST: 62 ON 7 GRTST 24HR 0.38 ON 13-13 TO 1/4 MILE OR LESS
LOWEST: 5 ON 23 3 = THUNDER
SNOW, ICE PELLETS, HAIL 4 = ICE PELLETS
TOTAL MONTH: 20.9 INCHES 5 = HAIL
GRTST 24HR 4.0 ON 13-13 6 = FREEZING RAIN OR DRIZZLE
GRTST DEPTH: 4 ON 30,28 7 = DUSTSTORM OR SANDSTORM:
VSBY 1/2 MILE OR LESS
8 = SMOKE OR HAZE
[NO. OF DAYS WITH] [WEATHER - DAYS WITH] 9 = BLOWING SNOW
X = TORNADO
MAX 32 OR BELOW: 7 0.01 INCH OR MORE: 15
MAX 90 OR ABOVE: 0 0.10 INCH OR MORE: 7
MIN 32 OR BELOW: 25 0.50 INCH OR MORE: 0
MIN 0 OR BELOW: 0 1.00 INCH OR MORE: 0
[HDD (BASE 65) ]
TOTAL THIS MO. 977 CLEAR (SCALE 0-3) 0
DPTR FM NORMAL -49 PTCLDY (SCALE 4-7) 0
TOTAL FM JUL 1 1733 CLOUDY (SCALE 8-10) 30
DPTR FM NORMAL -434
[CDD (BASE 65) ]
TOTAL THIS MO. 0
DPTR FM NORMAL 0 [PRESSURE DATA]
TOTAL FM JAN 1 350 HIGHEST SLP M ON M
DPTR FM NORMAL 113 LOWEST SLP M ON M
[REMARKS]
#FINAL-11-21#