000
CXUS52 KMHX 022029
CF6MRH
PRELIMINARY LOCAL CLIMATOLOGICAL DATA (WS FORM: F-6)
STATION: BEAUFORT/SMITH FIELD NC
MONTH: JULY
YEAR: 2023
LATITUDE: 34 43 N
LONGITUDE: 76 39 W
TEMPERATURE IN F: :PCPN: SNOW: WIND :SUNSHINE: SKY :PK WND
================================================================================
1 2 3 4 5 6A 6B 7 8 9 10 11 12 13 14 15 16 17 18
12Z AVG MX 2MIN
DY MAX MIN AVG DEP HDD CDD WTR SNW DPTH SPD SPD DIR MIN PSBL S-S WX SPD DR
================================================================================
1 M 68 M M M M 0.00 0.0 0 5.4 14 150 M M 0 1 18 150
2 85 77 81 1 0 16 0.00 0.0 0 10.9 17 210 M M 0 20 200
3 86 80 83 3 0 18 0.00 0.0 0 12.9 22 200 M M 2 26 190
4 86 76 81 1 0 16 T 0.0 0 12.7 23 310 M M 4 3 32 310
5 86 76 81 1 0 16 0.04 0.0 0 6.2 13 230 M M 2 13 16 180
6 83 72 78 -2 0 13 0.98 0.0 0 5.3 24 210 M M 6 13 32 220
7 86 72 79 -2 0 14 1.61 0.0 0 5.7 13 180 M M 1 13 17 150
8 86 72 79 -2 0 14 0.00 0.0 0 5.7 12 190 M M 1 15 160
9 86 73 80 -1 0 15 0.40 0.0 0 9.2 21 260 M M 3 13 26 260
10 78 73 76 -5 0 11 0.01 0.0 0 6.6 14 290 M M 1 17 270
11 89 76 83 2 0 18 0.00 0.0 0 8.0 13 210 M M 2 16 10
12 88 79 84 3 0 19 0.00 0.0 0 9.7 16 210 M M 3 3 19 210
13 87 80 84 3 0 19 0.00 0.0 0 14.2 21 200 M M 1 28 190
14 86 81 84 3 0 19 0.02 0.0 0 11.4 18 200 M M 1 25 210
15 87 81 84 3 0 19 0.13 0.0 0 12.0 20 200 M M 2 1 28 200
16 88 78 83 2 0 18 0.29 0.0 0 14.4 25 210 M M 4 13 34 200
17 90 74 82 1 0 17 0.89 0.0 0 4.7 18 310 M M 2 123 25 310
18 90 78 84 3 0 19 0.00 0.0 0 9.4 20 210 M M 0 8 26 220
19 88 79 84 3 0 19 T 0.0 0 13.3 22 210 M M 2 38 30 200
20 90 79 85 4 0 20 0.00 0.0 0 11.0 18 230 M M 2 26 240
21 93 77 85 4 0 20 0.00 0.0 0 10.1 18 300 M M 1 25 310
22 83 75 79 -2 0 14 0.29 0.0 0 3.0 12 140 M M 5 13 16 150
23 88 74 81 0 0 16 0.02 0.0 0 6.6 14 110 M M 2 3 18 110
24 86 71 79 -1 0 14 0.69 0.0 0 6.4 17 290 M M 5 13 25 290
25 89 78 84 4 0 19 0.00 0.0 0 8.2 13 210 M M 1 M M
26 88 78 83 3 0 18 0.00 0.0 0 6.5 12 180 M M 1 18 160
27 89 80 85 5 0 20 0.00 0.0 0 9.7 17 210 M M 2 24 210
28 89 81 85 5 0 20 0.00 0.0 0 11.3 17 220 M M 1 22 220
29 89 79 84 4 0 19 0.12 0.0 0 13.9 25 220 M M 4 13 33 220
30 88 72 80 0 0 15 T 0.0 0 7.5 16 20 M M 3 26 30
31 86 74 80 0 0 15 0.01 0.0 0 6.3 16 110 M M 4 22 130
================================================================================
SM 2613 2363 0 510 5.50 0.0 278.2 M 68
================================================================================
AV 87.1 76.2 9.0 FASTST M M 2 MAX(MPH)
MISC ----> # 25 210 34 200
================================================================================
NOTES:
# LAST OF SEVERAL OCCURRENCES
COLUMN 17 PEAK WIND IN M.P.H.
PRELIMINARY LOCAL CLIMATOLOGICAL DATA (WS FORM: F-6) , PAGE 2
STATION: BEAUFORT/SMITH FIELD NC
MONTH: JULY
YEAR: 2023
LATITUDE: 34 43 N
LONGITUDE: 76 39 W
[TEMPERATURE DATA] [PRECIPITATION DATA] SYMBOLS USED IN COLUMN 16
AVERAGE MONTHLY: 81.7 TOTAL FOR MONTH: 5.50 1 = FOG OR MIST
DPTR FM NORMAL: 1.1 DPTR FM NORMAL: -0.31 2 = FOG REDUCING VISIBILITY
HIGHEST: 93 ON 21 GRTST 24HR 1.61 ON 7- 7 TO 1/4 MILE OR LESS
LOWEST: 68 ON 1 3 = THUNDER
SNOW, ICE PELLETS, HAIL 4 = ICE PELLETS
TOTAL MONTH: 0.0 INCH 5 = HAIL
GRTST 24HR 0.0 6 = FREEZING RAIN OR DRIZZLE
GRTST DEPTH: 0 7 = DUSTSTORM OR SANDSTORM:
VSBY 1/2 MILE OR LESS
8 = SMOKE OR HAZE
[NO. OF DAYS WITH] [WEATHER - DAYS WITH] 9 = BLOWING SNOW
X = TORNADO
MAX 32 OR BELOW: 0 0.01 INCH OR MORE: 14
MAX 90 OR ABOVE: 4 0.10 INCH OR MORE: 9
MIN 32 OR BELOW: 0 0.50 INCH OR MORE: 4
MIN 0 OR BELOW: 0 1.00 INCH OR MORE: 1
[HDD (BASE 65) ]
TOTAL THIS MO. 0 CLEAR (SCALE 0-3) 24
DPTR FM NORMAL 0 PTCLDY (SCALE 4-7) 7
TOTAL FM JUL 1 0 CLOUDY (SCALE 8-10) 0
DPTR FM NORMAL 0
[CDD (BASE 65) ]
TOTAL THIS MO. 510
DPTR FM NORMAL 28 [PRESSURE DATA]
TOTAL FM JAN 1 998 HIGHEST SLP 30.17 ON 28
DPTR FM NORMAL -88 LOWEST SLP 29.75 ON 21
[REMARKS]
#FINAL-07-23#