000
CXUS54 KHUN 020545
CF6MSL
PRELIMINARY LOCAL CLIMATOLOGICAL DATA (WS FORM: F-6)
STATION: MUSCLE SHOALS
MONTH: FEBRUARY
YEAR: 2024
LATITUDE: 34 45 N
LONGITUDE: 87 37 W
TEMPERATURE IN F: :PCPN: SNOW: WIND :SUNSHINE: SKY :PK WND
================================================================================
1 2 3 4 5 6A 6B 7 8 9 10 11 12 13 14 15 16 17 18
12Z AVG MX 2MIN
DY MAX MIN AVG DEP HDD CDD WTR SNW DPTH SPD SPD DIR MIN PSBL S-S WX SPD DR
================================================================================
1 62 28 45 1 20 0 0.00 0.0 0 0.7 8 170 M M 0 1 9 170
2 71 35 53 9 12 0 0.00 0.0 0 1.2 10 280 M M 0 1 19 300
3 71 39 55 11 10 0 0.00 0.0 0 6.6 15 110 M M 0 1 20 120
4 57 40 49 5 16 0 1.28 0.0 0 7.7 18 110 M M 8 1 27 110
5 68 41 55 10 10 0 0.00 0.0 0 6.4 14 20 M M 2 1 23 20
6 68 36 52 7 13 0 0.00 0.0 0 4.3 12 60 M M 0 17 350
7 70 31 51 6 14 0 0.00 0.0 0 5.0 13 140 M M 0 1 18 170
8 62 45 54 9 11 0 0.00 0.0 0 8.8 20 160 M M 4 24 150
9 68 56 62 17 3 0 0.06 0.0 0 7.0 16 190 M M 10 13 23 220
10 65 55 60 14 5 0 1.99 0.0 0 7.0 18 340 M M 8 1 26 360
11 57 53 55 9 10 0 0.54 0.0 0 6.9 20 90 M M 10 13 27 80
12 60 40 50 4 15 0 0.34 0.0 0 11.5 31 290 M M 10 18 47 290
13 56 35 46 0 19 0 0.00 0.0 0 5.8 17 300 M M 2 26 320
14 66 31 49 3 16 0 0.00 0.0 0 2.1 9 70 M M 0 12 13 140
15 70 36 53 6 12 0 0.00 0.0 0 5.5 18 260 M M 1 23 270
16 69 39 54 7 11 0 0.02 0.0 0 9.6 21 220 M M 6 30 340
17 43 31 37 -10 28 0 0.01 0.0 0 8.6 18 30 M M 5 29 340
18 51 25 38 -9 27 0 0.00 0.0 0 3.4 13 270 M M 0 17 320
19 59 24 42 -6 23 0 0.00 0.0 0 1.4 7 60 M M 0 11 210
20 65 38 52 4 13 0 0.00 0.0 0 1.7 8 280 M M 3 12 270
21 73 36 55 7 10 0 0.00 0.0 0 8.1 18 190 M M 0 8 24 190
22 64 56 60 12 5 0 0.34 0.0 0 11.9 24 340 M M 7 138 39 20
23 68 44 56 7 9 0 0.08 0.0 0 9.0 25 300 M M 2 13 42 280
24 60 37 49 0 16 0 0.00 0.0 0 8.6 23 290 M M 1 30 350
25 72 31 52 3 13 0 0.00 0.0 0 8.6 20 200 M M 1 26 210
26 76 48 62 13 3 0 0.00 0.0 0 10.4 20 180 M M 1 28 200
27 78 64 71 21 0 6 0.00 0.0 0 15.0 24 220 M M 3 36 200
28 73 39 56 6 9 0 0.21 0.0 0 12.5 36 300 M M 5 13 60 290
29 49 36 43 -7 22 0 0.00 0.0 0 7.1 15 80 M M 2 23 60
================================================================================
SM 1871 1149 375 6 4.87 0.0 202.4 M 91
================================================================================
AV 64.5 39.6 7.0 FASTST M M 3 MAX(MPH)
MISC ----> 36 300 60 290
================================================================================
NOTES:
# LAST OF SEVERAL OCCURRENCES
COLUMN 17 PEAK WIND IN M.P.H.
PRELIMINARY LOCAL CLIMATOLOGICAL DATA (WS FORM: F-6) , PAGE 2
STATION: MUSCLE SHOALS
MONTH: FEBRUARY
YEAR: 2024
LATITUDE: 34 45 N
LONGITUDE: 87 37 W
[TEMPERATURE DATA] [PRECIPITATION DATA] SYMBOLS USED IN COLUMN 16
AVERAGE MONTHLY: 52.1 TOTAL FOR MONTH: 4.87 1 = FOG OR MIST
DPTR FM NORMAL: 5.4 DPTR FM NORMAL: 0.08 2 = FOG REDUCING VISIBILITY
HIGHEST: 78 ON 27 GRTST 24HR 2.26 ON 10-11 TO 1/4 MILE OR LESS
LOWEST: 24 ON 19 3 = THUNDER
SNOW, ICE PELLETS, HAIL 4 = ICE PELLETS
TOTAL MONTH: 0.0 INCH 5 = HAIL
GRTST 24HR 0.0 6 = FREEZING RAIN OR DRIZZLE
GRTST DEPTH: 0 7 = DUSTSTORM OR SANDSTORM:
VSBY 1/2 MILE OR LESS
8 = SMOKE OR HAZE
[NO. OF DAYS WITH] [WEATHER - DAYS WITH] 9 = BLOWING SNOW
X = TORNADO
MAX 32 OR BELOW: 0 0.01 INCH OR MORE: 10
MAX 90 OR ABOVE: 0 0.10 INCH OR MORE: 6
MIN 32 OR BELOW: 7 0.50 INCH OR MORE: 3
MIN 0 OR BELOW: 0 1.00 INCH OR MORE: 2
[HDD (BASE 65) ]
TOTAL THIS MO. 375 CLEAR (SCALE 0-3) 18
DPTR FM NORMAL -139 PTCLDY (SCALE 4-7) 8
TOTAL FM JUL 1 2143 CLOUDY (SCALE 8-10) 3
DPTR FM NORMAL -211
[CDD (BASE 65) ]
TOTAL THIS MO. 6
DPTR FM NORMAL 4 [PRESSURE DATA]
TOTAL FM JAN 1 6 HIGHEST SLP 30.52 ON 29
DPTR FM NORMAL 3 LOWEST SLP 29.51 ON 12
[REMARKS]
#FINAL-02-24#