000
CXUS54 KHUN 010910
CF6MSL
PRELIMINARY LOCAL CLIMATOLOGICAL DATA (WS FORM: F-6)
STATION: MUSCLE SHOALS
MONTH: NOVEMBER
YEAR: 2021
LATITUDE: 34 45 N
LONGITUDE: 87 37 W
TEMPERATURE IN F: :PCPN: SNOW: WIND :SUNSHINE: SKY :PK WND
================================================================================
1 2 3 4 5 6A 6B 7 8 9 10 11 12 13 14 15 16 17 18
12Z AVG MX 2MIN
DY MAX MIN AVG DEP HDD CDD WTR SNW DPTH SPD SPD DIR MIN PSBL S-S WX SPD DR
================================================================================
1 68 49 59 2 6 0 0.00 0.0 0 5.9 14 30 M M 0 22 40
2 61 48 55 -2 10 0 0.00 0.0 0 7.9 16 30 M M 3 20 30
3 52 44 48 -8 17 0 0.02 0.0 0 7.8 15 40 M M 8 18 40
4 57 39 48 -8 17 0 0.00 0.0 0 5.6 10 100 M M 4 18 14 120
5 55 38 47 -9 18 0 0.00 0.0 0 2.3 12 90 M M 7 18 14 110
6 64 37 51 -4 14 0 0.00 0.0 0 1.7 10 30 M M 4 128 14 60
7 69 36 53 -2 12 0 0.00 0.0 0 0.7 8 320 M M 0 18 10 310
8 76 37 57 2 8 0 0.00 0.0 0 1.0 7 100 M M 2 128 10 40
9 77 38 58 4 7 0 0.00 0.0 0 1.9 12 240 M M 0 18 13 230
10 74 42 58 4 7 0 0.00 0.0 0 3.6 12 200 M M 0 128 15 210
11 67 45 56 2 9 0 0.44 0.0 0 7.4 22 190 M M 4 128 27 180
12 69 37 53 0 12 0 0.00 0.0 0 6.4 21 260 M M 4 128 27 260
13 51 32 42 -11 23 0 0.00 0.0 0 6.0 15 290 M M 1 8 19 300
14 64 32 48 -5 17 0 0.00 0.0 0 6.0 21 290 M M 0 27 290
15 66 34 50 -2 15 0 0.00 0.0 0 3.8 12 230 M M 0 18 14 220
16 76 50 63 11 2 0 0.00 0.0 0 7.4 18 220 M M 3 22 220
17 76 58 67 15 0 2 0.00 0.0 0 9.3 20 210 M M 5 25 210
18 67 41 54 2 11 0 0.32 0.0 0 8.1 16 10 M M 5 1 25 310
19 56 34 45 -6 20 0 0.00 0.0 0 5.8 18 50 M M 0 25 60
20 63 31 47 -4 18 0 0.00 0.0 0 5.5 15 150 M M 0 20 150
21 67 42 55 4 10 0 0.42 0.0 0 6.2 17 220 M M 6 13 22 220
22 58 37 48 -2 17 0 0.00 0.0 0 7.4 16 340 M M 1 1 24 320
23 53 29 41 -9 24 0 0.00 0.0 0 2.8 10 80 M M 0 13 120
24 62 32 47 -3 18 0 0.00 0.0 0 6.8 15 180 M M 0 19 200
25 57 41 49 -1 16 0 0.30 0.0 0 6.8 18 310 M M 6 1 24 300
26 49 30 40 -9 25 0 0.00 0.0 0 5.1 14 340 M M 2 19 350
27 59 27 43 -6 22 0 0.00 0.0 0 4.7 14 240 M M 0 18 220
28 63 36 50 1 15 0 0.00 0.0 0 3.2 14 290 M M 0 18 340
29 53 31 42 -7 23 0 0.00 0.0 0 3.9 13 40 M M 0 18 50
30 70 33 52 4 13 0 0.00 0.0 0 2.7 13 240 M M 0 19 240
================================================================================
SM 1899 1140 426 2 1.50 0.0 153.7 M 65
================================================================================
AV 63.3 38.0 5.1 FASTST M M 2 MAX(MPH)
MISC ----> 22 190 # 27 180
================================================================================
NOTES:
# LAST OF SEVERAL OCCURRENCES
COLUMN 17 PEAK WIND IN M.P.H.
PRELIMINARY LOCAL CLIMATOLOGICAL DATA (WS FORM: F-6) , PAGE 2
STATION: MUSCLE SHOALS
MONTH: NOVEMBER
YEAR: 2021
LATITUDE: 34 45 N
LONGITUDE: 87 37 W
[TEMPERATURE DATA] [PRECIPITATION DATA] SYMBOLS USED IN COLUMN 16
AVERAGE MONTHLY: 50.7 TOTAL FOR MONTH: 1.50 1 = FOG OR MIST
DPTR FM NORMAL: -1.8 DPTR FM NORMAL: -2.65 2 = FOG REDUCING VISIBILITY
HIGHEST: 77 ON 9 GRTST 24HR 0.44 ON 11-11 TO 1/4 MILE OR LESS
LOWEST: 27 ON 27 3 = THUNDER
SNOW, ICE PELLETS, HAIL 4 = ICE PELLETS
TOTAL MONTH: 0.0 INCH 5 = HAIL
GRTST 24HR 0.0 6 = FREEZING RAIN OR DRIZZLE
GRTST DEPTH: 0 7 = DUSTSTORM OR SANDSTORM:
VSBY 1/2 MILE OR LESS
8 = SMOKE OR HAZE
[NO. OF DAYS WITH] [WEATHER - DAYS WITH] 9 = BLOWING SNOW
X = TORNADO
MAX 32 OR BELOW: 0 0.01 INCH OR MORE: 5
MAX 90 OR ABOVE: 0 0.10 INCH OR MORE: 4
MIN 32 OR BELOW: 8 0.50 INCH OR MORE: 0
MIN 0 OR BELOW: 0 1.00 INCH OR MORE: 0
[HDD (BASE 65) ]
TOTAL THIS MO. 426 CLEAR (SCALE 0-3) 20
DPTR FM NORMAL 42 PTCLDY (SCALE 4-7) 9
TOTAL FM JUL 1 487 CLOUDY (SCALE 8-10) 1
DPTR FM NORMAL -31
[CDD (BASE 65) ]
TOTAL THIS MO. 2
DPTR FM NORMAL -7 [PRESSURE DATA]
TOTAL FM JAN 1 2170 HIGHEST SLP 30.51 ON 19
DPTR FM NORMAL 77 LOWEST SLP 29.85 ON 11
[REMARKS]
#FINAL-11-21#