000
CXUS54 KHUN 111836
CLMMSL
CLIMATE REPORT
NATIONAL WEATHER SERVICE HUNTSVILLE AL
1236 PM CST MON DEC 11 2023
...................................
...THE MUSCLE SHOALS CLIMATE SUMMARY FOR THE MONTH OF NOVEMBER 2023...
CLIMATE NORMAL PERIOD 1991 TO 2020
CLIMATE RECORD PERIOD 1893 TO 2023
WEATHER OBSERVED NORMAL DEPART LAST YEAR`S
VALUE DATE(S) VALUE FROM VALUE
NORMAL
..............................................................
TEMPERATURE (F)
RECORD
HIGH 89 11/01/2016
LOW 2 11/25/1950
HIGHEST 83 11/07 MM MM 83
11/08
LOWEST 22 11/02 MM MM 20
11/29
AVG. MAXIMUM 66.6 63.8 2.8 64.9
AVG. MINIMUM 40.5 41.2 -0.7 41.6
MEAN 53.6 52.5 1.1 53.3
DAYS MAX >= 90 0 0.0 0.0 0
DAYS MAX <= 32 0 0.0 0.0 0
DAYS MIN <= 32 9 7.2 1.8 9
DAYS MIN <= 0 0 0.0 0.0 0
PRECIPITATION (INCHES)
RECORD
MAXIMUM 11.39 1948
MINIMUM 0.16 1949
TOTALS 2.36 4.15 -1.79 4.19
DAILY AVG. 0.08 0.14 -0.06
DAYS >= .01 4 8.8 -4.8 12
DAYS >= .10 3 5.7 -2.7 7
DAYS >= .50 2 2.8 -0.8 1
DAYS >= 1.00 1 1.2 -0.2 1
GREATEST
24 HR. TOTAL 2.14 11/20 TO 11/21 2.85
SNOWFALL (INCHES)
RECORDS
TOTAL 5.5 1929
24 HR TOTAL 4.0 11/24/1950 TO 11/24/1950
TOTALS 0.0 MM MM T
SINCE 7/1 0.0 MM MM MM
DAYS >= TRACE 0 MM MM
DAYS >= 1.0 0 MM MM
GREATEST
24 HR TOTAL 0.0 T
DEGREE DAYS
HEATING TOTAL 341 384 -43 369
SINCE 7/1 430 518 -88 MM
COOLING TOTAL 6 9 -3 24
SINCE 1/1 2130 2093 37 MM
FREEZE DATES
RECORD
EARLIEST 10/03/1908
LATEST 05/02/1909
EARLIEST 11/01 11/08
LATEST 03/21 03/20
..............................................................
WIND (MPH)
AVERAGE WIND SPEED 5.2
HIGHEST WIND SPEED/DIRECTION 21/140 DATE 11/15
21/160 11/20
21/300 11/26
HIGHEST GUST SPEED/DIRECTION 32/110 DATE 11/15
32/330 11/26
SKY COVER
POSSIBLE SUNSHINE (PERCENT) MM
WEATHER CONDITIONS. NUMBER OF DAYS WITH
THUNDERSTORM 1 MIXED PRECIP 0
HEAVY RAIN 2 RAIN 3
LIGHT RAIN 7 FREEZING RAIN 0
LT FREEZING RAIN 0 HAIL 0
HEAVY SNOW 0 SNOW 0
LIGHT SNOW 0 SLEET 0
FOG 8 FOG W/VIS <= 1/4 MILE 2
- INDICATES NEGATIVE NUMBERS.
R INDICATES RECORD WAS SET OR TIED.
MM INDICATES DATA IS MISSING.
T INDICATES TRACE AMOUNT.
$$