000
CXUS51 KBTV 010700
CF6MSS
PRELIMINARY LOCAL CLIMATOLOGICAL DATA (WS FORM: F-6)
STATION: MASSENA NY
MONTH: MARCH
YEAR: 2020
LATITUDE: 44 55 N
LONGITUDE: 74 51 W
TEMPERATURE IN F: :PCPN: SNOW: WIND :SUNSHINE: SKY :PK WND
================================================================================
1 2 3 4 5 6A 6B 7 8 9 10 11 12 13 14 15 16 17 18
12Z AVG MX 2MIN
DY MAX MIN AVG DEP HDD CDD WTR SNW DPTH SPD SPD DIR MIN PSBL S-S WX SPD DR
================================================================================
1 26 5 16 -6 49 0 0.00 M M 5.5 16 290 M M 3 19 260
2 45 20 33 11 32 0 0.24 M M 9.7 22 210 M M 10 1 32 220
3 43 31 37 15 28 0 0.45 M M 7.5 35 220 M M 8 1 43 220
4 41 34 38 15 27 0 0.01 M M 13.3 24 260 M M 9 1 32 250
5 37 27 32 9 33 0 0.00 M M 6.9 16 220 M M 6 20 240
6 32 25 29 5 36 0 T M M 15.5 28 60 M M 10 1 35 50
7 32 16 24 0 41 0 0.00 M M 8.4 18 210 M M 1 24 210
8 47 29 38 14 27 0 0.00 M M 10.7 22 200 M M 5 27 210
9 58 41 50 25 15 0 0.03 M M 11.2 15 220 M M 5 25 230
10 53 30 42 17 23 0 0.24 M M 10.2 21 210 M M 10 1 29 200
11 30 22 26 0 39 0 0.00 M M 5.2 14 300 M M 7 19 300
12 39 28 34 8 31 0 0.00 M M 11.4 16 30 M M 8 21 60
13 51 33 42 16 23 0 0.31 M M 18.4 36 260 M M 9 1 47 260
14 43 30 37 10 28 0 T M M 14.2 28 270 M M 5 36 270
15 30 19 25 -2 40 0 0.00 M M 6.9 14 290 M M 0 17 290
16 34 17 26 -2 39 0 0.00 M M 7.8 14 60 M M 0 22 30
17 43 33 38 10 27 0 0.13 M M 13.4 24 210 M M 9 1 32 190
18 44 21 33 4 32 0 0.00 M M 6.4 14 60 M M 1 16 60
19 48 33 41 12 24 0 0.00 M M 8.4 15 60 M M 8 19 60
20 65 29 47 17 18 0 0.56 M M 16.0 36 250 M M 10 1 59 260
21 29 17 23 -7 42 0 0.00 M M 8.7 25 310 M M 0 32 330
22 33 15 24 -7 41 0 0.00 M M 9.2 17 50 M M 0 22 60
23 37 23 30 -1 35 0 0.04 M M 7.1 15 150 M M 8 1 19 140
24 44 24 34 2 31 0 T M M 3.1 10 280 M M 6 1 13 290
25 50 22 36 4 29 0 T M M 2.0 15 270 M M 4 12 18 260
26 60 28 44 11 21 0 0.10 M M 6.9 22 310 M M 7 1 30 300
27 49 24 37 4 28 0 0.00 M M 6.9 16 270 M M 4 21 260
28 49 20 35 1 30 0 0.00 M M 6.2 16 40 M M 3 20 30
29 51 40 46 12 19 0 0.84 M M 9.2 15 210 M M 10 13 21 210
30 50 37 44 9 21 0 0.18 M M 6.8 18 210 M M 10 1 26 210
31 47 29 38 2 27 0 T M M 13.7 22 50 M M 5 1 26 50
================================================================================
SM 1340 802 936 0 3.13 M 286.8 M 181
================================================================================
AV 43.2 25.9 9.3 FASTST M M 6 MAX(MPH)
MISC ----> 36 260 59 260
================================================================================
NOTES:
# LAST OF SEVERAL OCCURRENCES
COLUMN 17 PEAK WIND IN M.P.H.
PRELIMINARY LOCAL CLIMATOLOGICAL DATA (WS FORM: F-6) , PAGE 2
STATION: MASSENA NY
MONTH: MARCH
YEAR: 2020
LATITUDE: 44 55 N
LONGITUDE: 74 51 W
[TEMPERATURE DATA] [PRECIPITATION DATA] SYMBOLS USED IN COLUMN 16
AVERAGE MONTHLY: 34.5 TOTAL FOR MONTH: 3.13 1 = FOG OR MIST
DPTR FM NORMAL: 6.4 DPTR FM NORMAL: 1.04 2 = FOG REDUCING VISIBILITY
HIGHEST: 65 ON 20 GRTST 24HR 0.85 ON 29-30 TO 1/4 MILE OR LESS
LOWEST: 5 ON 1 3 = THUNDER
SNOW, ICE PELLETS, HAIL 4 = ICE PELLETS
TOTAL MONTH: M 5 = HAIL
GRTST 24HR M ON M 6 = FREEZING RAIN OR DRIZZLE
GRTST DEPTH: M ON M 7 = DUSTSTORM OR SANDSTORM:
VSBY 1/2 MILE OR LESS
8 = SMOKE OR HAZE
[NO. OF DAYS WITH] [WEATHER - DAYS WITH] 9 = BLOWING SNOW
X = TORNADO
MAX 32 OR BELOW: 6 0.01 INCH OR MORE: 12
MAX 90 OR ABOVE: 0 0.10 INCH OR MORE: 9
MIN 32 OR BELOW: 24 0.50 INCH OR MORE: 2
MIN 0 OR BELOW: 0 1.00 INCH OR MORE: 0
[HDD (BASE 65) ]
TOTAL THIS MO. 936 CLEAR (SCALE 0-3) 6
DPTR FM NORMAL -208 PTCLDY (SCALE 4-7) 14
TOTAL FM JUL 1 6559 CLOUDY (SCALE 8-10) 11
DPTR FM NORMAL -573
[CDD (BASE 65) ]
TOTAL THIS MO. 0
DPTR FM NORMAL 0 [PRESSURE DATA]
TOTAL FM JAN 1 0 HIGHEST SLP M ON M
DPTR FM NORMAL 0 LOWEST SLP 29.26 ON 3
[REMARKS]
#FINAL-03-20#