000
CXUS55 KBOI 171002
CF6MUO
PRELIMINARY LOCAL CLIMATOLOGICAL DATA (WS FORM: F-6)
STATION: MOUNTAIN HOME AFB
MONTH: APRIL
YEAR: 2024
LATITUDE: 43 2 N
LONGITUDE: 115 52 W
TEMPERATURE IN F: :PCPN: SNOW: WIND :SUNSHINE: SKY :PK WND
================================================================================
1 2 3 4 5 6A 6B 7 8 9 10 11 12 13 14 15 16 17 18
12Z AVG MX 2MIN
DY MAX MIN AVG DEP HDD CDD WTR SNW DPTH SPD SPD DIR MIN PSBL S-S WX SPD DR
================================================================================
1 62 34 48 2 17 0 0.00 M M 17.4 32 300 M M 0 40 310
2 68 33 51 4 14 0 0.00 M M 5.7 15 300 M M 0 M M
3 72 43 58 11 7 0 0.09 M M 13.8 25 320 M M 3 3 38 300
4 54 37 46 -1 19 0 0.23 M M 12.0 30 240 M M 9 13 52 220
5 43 33 38 -9 27 0 0.17 M M 8.9 16 280 M M 10 1 M M
6 47 32 40 -7 25 0 0.09 M M 11.0 22 280 M M 9 28 280
7 53 32 43 -4 22 0 T M M 11.7 20 300 M M 6 24 310
8 54 31 43 -5 22 0 0.00 M M 10.7 16 310 M M 0 23 300
9 64 32 48 0 17 0 0.00 M M 5.3 12 310 M M 3 16 300
10 62 36 49 1 16 0 0.00 M M 8.3 15 310 M M 0 17 300
11 74 31 53 5 12 0 0.00 M M 11.1 20 100 M M 1 25 80
12 78 42 60 11 5 0 T M M 12.8 28 170 M M 2 51 180
13 81 41 61 12 4 0 0.00 M M 10.4 21 80 M M 1 M M
14 67 40 54 5 11 0 T M M 10.8 17 180 M M 4 31 140
15 64 35 50 1 15 0 0.00 M M 16.9 32 300 M M 4 41 300
16 59 39 49 0 16 0 0.00 M M 12.7 18 320 M M 4 22 310
================================================================================
SM 1002 571 249 0 0.58 M 179.5 M 56
================================================================================
AV 62.6 35.7 11.2 FASTST M M 4 MAX(MPH)
MISC ----> # 32 300 52 220
================================================================================
NOTES:
# LAST OF SEVERAL OCCURRENCES
COLUMN 17 PEAK WIND IN M.P.H.
PRELIMINARY LOCAL CLIMATOLOGICAL DATA (WS FORM: F-6) , PAGE 2
STATION: MOUNTAIN HOME AFB
MONTH: APRIL
YEAR: 2024
LATITUDE: 43 2 N
LONGITUDE: 115 52 W
[TEMPERATURE DATA] [PRECIPITATION DATA] SYMBOLS USED IN COLUMN 16
AVERAGE MONTHLY: 49.2 TOTAL FOR MONTH: 0.58 1 = FOG OR MIST
DPTR FM NORMAL: 1.4 DPTR FM NORMAL: 0.01 2 = FOG REDUCING VISIBILITY
HIGHEST: 81 ON 13 GRTST 24HR 0.23 ON 4- 4 TO 1/4 MILE OR LESS
LOWEST: 31 ON 11, 8 3 = THUNDER
SNOW, ICE PELLETS, HAIL 4 = ICE PELLETS
TOTAL MONTH: M 5 = HAIL
GRTST 24HR M ON M 6 = FREEZING RAIN OR DRIZZLE
GRTST DEPTH: M ON M 7 = DUSTSTORM OR SANDSTORM:
VSBY 1/2 MILE OR LESS
8 = SMOKE OR HAZE
[NO. OF DAYS WITH] [WEATHER - DAYS WITH] 9 = BLOWING SNOW
X = TORNADO
MAX 32 OR BELOW: 0 0.01 INCH OR MORE: 4
MAX 90 OR ABOVE: 0 0.10 INCH OR MORE: 2
MIN 32 OR BELOW: 5 0.50 INCH OR MORE: 0
MIN 0 OR BELOW: 0 1.00 INCH OR MORE: 0
[HDD (BASE 65) ]
TOTAL THIS MO. 249 CLEAR (SCALE 0-3) 9
DPTR FM NORMAL -31 PTCLDY (SCALE 4-7) 4
TOTAL FM JUL 1 4861 CLOUDY (SCALE 8-10) 3
DPTR FM NORMAL -452
[CDD (BASE 65) ]
TOTAL THIS MO. 0
DPTR FM NORMAL 0 [PRESSURE DATA]
TOTAL FM JAN 1 0 HIGHEST SLP M ON M
DPTR FM NORMAL 0 LOWEST SLP M ON M
[REMARKS]