919
CXUS55 KBOI 011002
CF6MUO
PRELIMINARY LOCAL CLIMATOLOGICAL DATA (WS FORM: F-6)
STATION: MOUNTAIN HOME AFB
MONTH: AUGUST
YEAR: 2020
LATITUDE: 43 2 N
LONGITUDE: 115 52 W
TEMPERATURE IN F: :PCPN: SNOW: WIND :SUNSHINE: SKY :PK WND
================================================================================
1 2 3 4 5 6A 6B 7 8 9 10 11 12 13 14 15 16 17 18
12Z AVG MX 2MIN
DY MAX MIN AVG DEP HDD CDD WTR SNW DPTH SPD SPD DIR MIN PSBL S-S WX SPD DR
================================================================================
1 102 66 84 6 0 19 0.00 M M 8.5 17 330 M M 1 M M
2 102 63 83 6 0 18 0.00 M M 8.1 16 320 M M 0 21 320
3 94 67 81 4 0 16 0.00 M M 18.0 24 300 M M 1 33 330
4 94 63 79 2 0 14 0.00 M M 11.9 18 310 M M 0 32 330
5 100 54 77 0 0 12 T M M 5.9 20 330 M M 2 22 340
6 93 67 80 3 0 15 T M M 13.9 20 300 M M 1 33 300
7 83 56 70 -7 0 5 0.00 M M 16.4 21 310 M M 0 30 310
8 90 47 69 -8 0 4 0.00 M M 6.1 14 320 M M 0 23 340
9 89 57 73 -4 0 8 0.00 M M 12.9 24 320 M M 0 33 320
10 90 59 75 -1 0 10 0.00 M M 12.0 18 300 M M 0 21 320
11 98 53 76 0 0 11 0.00 M M 5.7 16 270 M M 3 24 270
12 89 64 77 1 0 12 0.00 M M 9.4 18 310 M M 3 22 320
13 91 53 72 -4 0 7 0.00 M M 8.2 18 360 M M 0 30 350
14 90 53 72 -3 0 7 0.00 M M 9.5 17 320 M M 0 25 310
15 98 49 74 -1 0 9 0.00 M M 2.6 9 330 M M 0 17 320
16 100 62 81 6 0 16 T M M 9.7 25 300 M M 3 8 38 340
17 106 66 86 11 0 21 0.00 M M 8.0 29 320 M M 4 78 40 320
18 106 72 89 15 0 24 0.00 M M 8.2 14 320 M M 5 38 25 350
19 97 72 85 11 0 20 0.00 M M 8.6 25 250 M M 7 38 37 250
20 93 64 79 5 0 14 0.00 M M 6.5 14 350 M M 6 8 17 350
21 98 63 81 8 0 16 0.00 M M 8.7 18 110 M M 6 8 M M
22 90 55 73 0 0 8 0.00 M M 6.9 12 300 M M 1 8 M M
23 95 58 77 4 0 12 0.00 M M 6.2 13 110 M M 2 M M
24 93 63 78 6 0 13 T M M 10.3 20 340 M M 3 8 24 340
25 90 64 77 5 0 12 T M M 8.9 17 110 M M 3 38 20 100
26 90 58 74 2 0 9 T M M 6.7 20 230 M M 2 3 24 230
27 88 65 77 6 0 12 0.00 M M 8.8 17 250 M M 3 29 250
28 91 56 74 3 0 9 0.00 M M 7.2 13 350 M M 0 M M
29 95 52 74 3 0 9 0.00 M M 4.8 16 350 M M 0 25 350
30 78 54 66 -4 0 1 0.00 M M 18.6 28 310 M M 0 36 310
31 75 51 63 -7 2 0 0.00 M M 14.9 27 340 M M 4 38 320
================================================================================
SM 2888 1846 2 363 T M 292.1 M 60
================================================================================
AV 93.2 59.5 9.4 FASTST M M 2 MAX(MPH)
MISC ----> 29 320 40 320
================================================================================
NOTES:
# LAST OF SEVERAL OCCURRENCES
COLUMN 17 PEAK WIND IN M.P.H.
PRELIMINARY LOCAL CLIMATOLOGICAL DATA (WS FORM: F-6) , PAGE 2
STATION: MOUNTAIN HOME AFB
MONTH: AUGUST
YEAR: 2020
LATITUDE: 43 2 N
LONGITUDE: 115 52 W
[TEMPERATURE DATA] [PRECIPITATION DATA] SYMBOLS USED IN COLUMN 16
AVERAGE MONTHLY: 76.4 TOTAL FOR MONTH: T 1 = FOG OR MIST
DPTR FM NORMAL: 2.0 DPTR FM NORMAL: -0.13 2 = FOG REDUCING VISIBILITY
HIGHEST: 106 ON 18,17 GRTST 24HR T ON 5- 5 TO 1/4 MILE OR LESS
LOWEST: 47 ON 8 3 = THUNDER
SNOW, ICE PELLETS, HAIL 4 = ICE PELLETS
TOTAL MONTH: M 5 = HAIL
GRTST 24HR M ON M 6 = FREEZING RAIN OR DRIZZLE
GRTST DEPTH: M ON M 7 = DUSTSTORM OR SANDSTORM:
VSBY 1/2 MILE OR LESS
8 = SMOKE OR HAZE
[NO. OF DAYS WITH] [WEATHER - DAYS WITH] 9 = BLOWING SNOW
X = TORNADO
MAX 32 OR BELOW: 0 0.01 INCH OR MORE: 0
MAX 90 OR ABOVE: 25 0.10 INCH OR MORE: 0
MIN 32 OR BELOW: 0 0.50 INCH OR MORE: 0
MIN 0 OR BELOW: 0 1.00 INCH OR MORE: 0
[HDD (BASE 65) ]
TOTAL THIS MO. 2 CLEAR (SCALE 0-3) 21
DPTR FM NORMAL -6 PTCLDY (SCALE 4-7) 10
TOTAL FM JUL 1 4 CLOUDY (SCALE 8-10) 0
DPTR FM NORMAL -10
[CDD (BASE 65) ]
TOTAL THIS MO. 363
DPTR FM NORMAL 53 [PRESSURE DATA]
TOTAL FM JAN 1 856 HIGHEST SLP M ON M
DPTR FM NORMAL 35 LOWEST SLP M ON M
[REMARKS]
#FINAL-08-20#