000
CXUS51 KBTV 010700
CF6MVL
PRELIMINARY LOCAL CLIMATOLOGICAL DATA (WS FORM: F-6)
STATION: MORRISVILLE VT
MONTH: APRIL
YEAR: 2023
LATITUDE: 44 31 N
LONGITUDE: 72 37 W
TEMPERATURE IN F: :PCPN: SNOW: WIND :SUNSHINE: SKY :PK WND
================================================================================
1 2 3 4 5 6A 6B 7 8 9 10 11 12 13 14 15 16 17 18
12Z AVG MX 2MIN
DY MAX MIN AVG DEP HDD CDD WTR SNW DPTH SPD SPD DIR MIN PSBL S-S WX SPD DR
================================================================================
1 65 33 49 15 16 0 0.24 M M 5.2 23 340 M M 7 1 34 350
2 38 18 28 -6 37 0 T M M 9.5 24 340 M M 4 39 330
3 50 16 33 -2 32 0 0.13 M M 6.6 25 160 M M 4 1 33 170
4 50 30 40 5 25 0 0.00 M M 2.2 12 40 M M 7 12 15 30
5 44 32 38 2 27 0 0.67 M M 8.9 20 170 M M 10 13 29 180
6 65 36 51 15 14 0 T M M 4.6 13 200 M M 7 1 20 220
7 44 30 37 0 28 0 0.00 M M 8.9 22 340 M M 5 36 330
8 42 20 31 -6 34 0 T M M 5.4 17 320 M M 0 8 24 320
9 51 18 35 -3 30 0 0.00 M M 2.6 16 320 M M 0 21 350
10 65 21 43 5 22 0 0.00 M M 2.9 13 210 M M 0 18 210
11 69 35 52 13 13 0 T M M 9.8 23 320 M M 4 36 340
12 60 36 48 9 17 0 T M M 8.2 23 320 M M 1 35 320
13 85 36 61 21 4 0 0.00 M M 3.1 15 210 M M 2 20 200
14 81 45 63 23 2 0 0.00 M M 3.2 10 360 M M 0 14 210
15 81 41 61 21 4 0 0.00 M M 5.2 17 160 M M 0 22 210
16 78 43 61 20 4 0 0.00 M M 7.5 18 170 M M 1 22 170
17 63 40 52 10 13 0 0.44 M M 7.2 17 160 M M 10 12 23 130
18 48 36 42 0 23 0 0.15 M M 4.2 13 210 M M 9 12 19 220
19 44 34 39 -3 26 0 0.01 M M 4.6 17 320 M M 10 1 25 330
20 50 33 42 -1 23 0 T M M 7.3 17 310 M M 6 24 320
21 71 34 53 10 12 0 T M M 5.6 17 160 M M 4 21 170
22 60 46 53 9 12 0 T M M 9.7 22 160 M M 6 31 150
23 50 41 46 2 19 0 1.98 M M 3.3 14 130 M M 10 1 20 150
24 51 41 46 1 19 0 0.37 M M 1.7 8 20 M M 10 1 12 150
25 52 36 44 -1 21 0 0.12 M M 1.8 14 210 M M 9 12 21 210
26 54 35 45 -1 20 0 0.02 M M 2.5 15 210 M M 9 12 23 200
27 56 32 44 -2 21 0 0.03 M M 3.0 14 360 M M 6 1 16 360
28 66 28 47 0 18 0 0.00 M M 3.5 17 170 M M 0 1 21 160
29 57 43 50 3 15 0 0.03 M M 8.6 22 170 M M 5 30 170
30 55 43 49 1 16 0 0.10 M M 5.2 15 150 M M 10 1 23 30
================================================================================
SM 1745 1012 567 0 4.29 M 162.0 M 156
================================================================================
AV 58.2 33.7 5.4 FASTST M M 5 MAX(MPH)
MISC ----> 25 160 39 330
================================================================================
NOTES:
# LAST OF SEVERAL OCCURRENCES
COLUMN 17 PEAK WIND IN M.P.H.
PRELIMINARY LOCAL CLIMATOLOGICAL DATA (WS FORM: F-6) , PAGE 2
STATION: MORRISVILLE VT
MONTH: APRIL
YEAR: 2023
LATITUDE: 44 31 N
LONGITUDE: 72 37 W
[TEMPERATURE DATA] [PRECIPITATION DATA] SYMBOLS USED IN COLUMN 16
AVERAGE MONTHLY: 46.0 TOTAL FOR MONTH: 4.29 1 = FOG OR MIST
DPTR FM NORMAL: 5.2 DPTR FM NORMAL: 1.49 2 = FOG REDUCING VISIBILITY
HIGHEST: 85 ON 13 GRTST 24HR 1.98 ON 22-23 TO 1/4 MILE OR LESS
LOWEST: 16 ON 3 3 = THUNDER
SNOW, ICE PELLETS, HAIL 4 = ICE PELLETS
TOTAL MONTH: M 5 = HAIL
GRTST 24HR M ON M 6 = FREEZING RAIN OR DRIZZLE
GRTST DEPTH: M ON M 7 = DUSTSTORM OR SANDSTORM:
VSBY 1/2 MILE OR LESS
8 = SMOKE OR HAZE
[NO. OF DAYS WITH] [WEATHER - DAYS WITH] 9 = BLOWING SNOW
X = TORNADO
MAX 32 OR BELOW: 0 0.01 INCH OR MORE: 13
MAX 90 OR ABOVE: 0 0.10 INCH OR MORE: 9
MIN 32 OR BELOW: 10 0.50 INCH OR MORE: 2
MIN 0 OR BELOW: 0 1.00 INCH OR MORE: 1
[HDD (BASE 65) ]
TOTAL THIS MO. 567 CLEAR (SCALE 0-3) 9
DPTR FM NORMAL -161 PTCLDY (SCALE 4-7) 12
TOTAL FM JUL 1 6689 CLOUDY (SCALE 8-10) 9
DPTR FM NORMAL -1225
[CDD (BASE 65) ]
TOTAL THIS MO. 0
DPTR FM NORMAL -1 [PRESSURE DATA]
TOTAL FM JAN 1 0 HIGHEST SLP M ON M
DPTR FM NORMAL -1 LOWEST SLP 29.19 ON 1
[REMARKS]
#FINAL-04-23#