000
CXHW50 PHFO 011250
CF6NGF
PRELIMINARY LOCAL CLIMATOLOGICAL DATA (WS FORM: F-6)
STATION: KANEOHE BAY MCAS HI
MONTH: FEBRUARY
YEAR: 2024
LATITUDE: 21 25 N
LONGITUDE: 157 46 W
TEMPERATURE IN F: :PCPN: SNOW: WIND :SUNSHINE: SKY :PK WND
================================================================================
1 2 3 4 5 6A 6B 7 8 9 10 11 12 13 14 15 16 17 18
12Z AVG MX 2MIN
DY MAX MIN AVG DEP HDD CDD WTR SNW DPTH SPD SPD DIR MIN PSBL S-S WX SPD DR
================================================================================
1 79 70 75 2 0 10 0.22 M M 5.9 15 340 M M 9 18 20 10
2 80 69 75 2 0 10 0.12 M M 15.8 24 20 M M 8 1 35 20
3 80 71 76 3 0 11 0.00 M M 20.5 25 40 M M 9 39 40
4 82 70 76 3 0 11 T M M 16.6 22 60 M M 8 39 70
5 82 73 78 5 0 13 T M M 14.7 22 70 M M 8 40 60
6 83 75 79 6 0 14 0.00 M M 14.0 20 90 M M 6 36 120
7 82 75 79 6 0 14 T M M 12.7 18 90 M M 4 35 90
8 84 75 80 7 0 15 0.00 M M 10.5 17 100 M M 4 31 130
9 83 72 78 5 0 13 0.05 M M 9.2 14 90 M M 7 31 110
10 81 71 76 3 0 11 0.03 M M 4.7 13 90 M M 8 21 90
11 83 67 75 2 0 10 T M M 3.9 10 40 M M 2 M M
12 84 65 75 2 0 10 T M M 3.5 9 80 M M 2 M M
13 85 69 77 4 0 12 0.00 M M 3.2 9 100 M M 3 M M
14 84 71 78 5 0 13 0.03 M M 7.7 17 230 M M 4 31 230
15 79 71 75 2 0 10 0.06 M M 12.3 16 330 M M 10 1 32 230
16 80 70 75 2 0 10 0.09 M M 12.7 20 40 M M 8 26 340
17 81 72 77 4 0 12 0.00 M M 15.8 20 50 M M 7 35 20
18 80 73 77 4 0 12 0.00 M M 16.6 21 50 M M 6 30 40
19 81 72 77 4 0 12 0.00 M M 12.9 20 60 M M 9 30 60
20 83 74 79 6 0 14 T M M 8.7 13 90 M M 6 22 80
21 82 71 77 4 0 12 0.10 M M 10.7 17 120 M M 7 31 100
22 83 75 79 6 0 14 0.08 M M 11.1 22 100 M M 7 28 90
23 83 75 79 6 0 14 0.00 M M 11.8 17 90 M M 6 31 90
24 80 71 76 3 0 11 0.13 M M 11.7 23 80 M M 7 35 70
25 81 72 77 4 0 12 0.01 M M 14.2 17 70 M M 6 37 70
26 81 74 78 5 0 13 0.01 M M 16.5 23 80 M M 6 38 60
27 82 75 79 6 0 14 0.00 M M 14.4 18 70 M M 7 35 80
28 81 71 76 3 0 11 0.38 M M 13.9 20 60 M M 7 8 38 70
29 82 70 76 3 0 11 0.10 M M 12.6 18 80 M M 6 18 32 80
================================================================================
SM 2371 2079 0 349 1.41 M 339.0 M 187
================================================================================
AV 81.8 71.7 11.7 FASTST M M 6 MAX(MPH)
MISC ----> 25 40 40 60
================================================================================
NOTES:
# LAST OF SEVERAL OCCURRENCES
COLUMN 17 PEAK WIND IN M.P.H.
PRELIMINARY LOCAL CLIMATOLOGICAL DATA (WS FORM: F-6) , PAGE 2
STATION: KANEOHE BAY MCAS HI
MONTH: FEBRUARY
YEAR: 2024
LATITUDE: 21 25 N
LONGITUDE: 157 46 W
[TEMPERATURE DATA] [PRECIPITATION DATA] SYMBOLS USED IN COLUMN 16
AVERAGE MONTHLY: 76.7 TOTAL FOR MONTH: 1.41 1 = FOG OR MIST
DPTR FM NORMAL: 3.5 DPTR FM NORMAL: -1.75 2 = FOG REDUCING VISIBILITY
HIGHEST: 85 ON 13 GRTST 24HR 0.38 ON 28-28 TO 1/4 MILE OR LESS
LOWEST: 65 ON 12 3 = THUNDER
SNOW, ICE PELLETS, HAIL 4 = ICE PELLETS
TOTAL MONTH: M 5 = HAIL
GRTST 24HR M ON M 6 = FREEZING RAIN OR DRIZZLE
GRTST DEPTH: M ON M 7 = DUSTSTORM OR SANDSTORM:
VSBY 1/2 MILE OR LESS
8 = SMOKE OR HAZE
[NO. OF DAYS WITH] [WEATHER - DAYS WITH] 9 = BLOWING SNOW
X = TORNADO
MAX 32 OR BELOW: 0 0.01 INCH OR MORE: 14
MAX 90 OR ABOVE: 0 0.10 INCH OR MORE: 4
MIN 32 OR BELOW: 0 0.50 INCH OR MORE: 0
MIN 0 OR BELOW: 0 1.00 INCH OR MORE: 0
[HDD (BASE 65) ]
TOTAL THIS MO. 0 CLEAR (SCALE 0-3) 3
DPTR FM NORMAL 0 PTCLDY (SCALE 4-7) 20
TOTAL FM JUL 1 0 CLOUDY (SCALE 8-10) 6
DPTR FM NORMAL 0
[CDD (BASE 65) ]
TOTAL THIS MO. 349
DPTR FM NORMAL 118 [PRESSURE DATA]
TOTAL FM JAN 1 758 HIGHEST SLP M ON M
DPTR FM NORMAL 270 LOWEST SLP 31.99 ON 1
[REMARKS]
#FINAL-02-24#