000
CXUS53 KOAX 221704
CF6OAX
PRELIMINARY LOCAL CLIMATOLOGICAL DATA (WS FORM: F-6)
STATION: VALLEY NWS NE
MONTH: JUNE
YEAR: 2023
LATITUDE: 41 19 N
LONGITUDE: 96 22 W
TEMPERATURE IN F: :PCPN: SNOW: WIND :SUNSHINE: SKY :PK WND
================================================================================
1 2 3 4 5 6A 6B 7 8 9 10 11 12 13 14 15 16 17 18
12Z AVG MX 2MIN
DY MAX MIN AVG DEP HDD CDD WTR SNW DPTH SPD SPD DIR MIN PSBL S-S WX SPD DR
================================================================================
1 83 69 76 7 0 11 0.93 0.0 0 M M M M M M 3 37 M
2 91 71 81 11 0 16 0.01 0.0 0 M M M M M M 3 29 M
3 92 67 80 10 0 15 0.00 0.0 0 M M M M M M 24 M
4 89 65 77 7 0 12 0.01 0.0 0 M M M M M M 3 21 M
5 89 62 76 5 0 11 0.00 0.0 0 M M M M M M 15 M
6 91 64 78 7 0 13 0.00 0.0 0 M M M M M M 10 M
7 93 66 80 9 0 15 T 0.0 0 M M M M M M 3 23 M
8 84 69 77 5 0 12 0.00 0.0 0 M M M M M M 20 M
9 80 64 72 0 0 7 0.10 0.0 0 M M M M M M 21 M
10 82 64 73 1 0 8 0.63 0.0 0 M M M M M M 23 M
11 72 54 63 -10 2 0 0.17 0.0 0 M M M M M M 25 M
12 77 49 63 -10 2 0 0.00 0.0 0 M M M M M M 23 M
13 84 58 71 -2 0 6 0.00 0.0 0 M M M M M M 18 M
14 86 58 72 -1 0 7 0.00 0.0 0 M M M M M M 13 M
15 90 61 76 2 0 11 0.00 0.0 0 M M M M M M 15 M
16 89 68 79 5 0 14 T 0.0 0 M M M M M M 18 M
17 82 61 72 -2 0 7 T 0.0 0 M M M M M M 23 M
18 87 58 73 -1 0 8 0.00 0.0 0 M M M M M M 14 M
19 95 67 81 6 0 16 0.00 0.0 0 M M M M M M 24 M
20 91 69 80 5 0 15 0.00 0.0 0 M M M M M M 26 M
21 91 67 79 4 0 14 0.00 0.0 0 M M M M M M 21 M
22 91 69 80 5 0 15 0.00 0.0 0 M M M M M M 16 M
23 92 64 78 3 0 13 0.00 0.0 0 M M M M M M 29 M
24 92 67 80 4 0 15 0.03 0.0 0 M M M M M M 3 22 M
25 83 64 74 -2 0 9 0.00 0.0 0 M M M M M M 8 39 M
26 84 60 72 -4 0 7 0.00 0.0 0 M M M M M M 8 32 M
27 87 61 74 -2 0 9 T 0.0 0 M M M M M M 8 38 M
28 94 69 82 6 0 17 0.03 0.0 0 M M M M M M 8 29 M
29 92 67 80 4 0 15 0.73 0.0 0 M M M M M M 3 44 M
30 82 67 75 -1 0 10 0.51 0.0 0 M M M M M M 3 20 M
================================================================================
SM 2615 1919 4 328 3.15 0.0 M M M
================================================================================
AV 87.2 64.0 M FASTST M M M MAX(MPH)
MISC ----> M M 44 9999
================================================================================
NOTES:
# LAST OF SEVERAL OCCURRENCES
COLUMN 17 PEAK WIND IN M.P.H.
PRELIMINARY LOCAL CLIMATOLOGICAL DATA (WS FORM: F-6) , PAGE 2
STATION: VALLEY NWS NE
MONTH: JUNE
YEAR: 2023
LATITUDE: 41 19 N
LONGITUDE: 96 22 W
[TEMPERATURE DATA] [PRECIPITATION DATA] SYMBOLS USED IN COLUMN 16
AVERAGE MONTHLY: 75.6 TOTAL FOR MONTH: 3.15 1 = FOG OR MIST
DPTR FM NORMAL: 2.1 DPTR FM NORMAL: -2.14 2 = FOG REDUCING VISIBILITY
HIGHEST: 95 ON 19 GRTST 24HR 0.93 ON 1- 1 TO 1/4 MILE OR LESS
LOWEST: 49 ON 12 3 = THUNDER
SNOW, ICE PELLETS, HAIL 4 = ICE PELLETS
TOTAL MONTH: 0.0 INCH 5 = HAIL
GRTST 24HR 0.0 6 = FREEZING RAIN OR DRIZZLE
GRTST DEPTH: 0 7 = DUSTSTORM OR SANDSTORM:
VSBY 1/2 MILE OR LESS
8 = SMOKE OR HAZE
[NO. OF DAYS WITH] [WEATHER - DAYS WITH] 9 = BLOWING SNOW
X = TORNADO
MAX 32 OR BELOW: 0 0.01 INCH OR MORE: 10
MAX 90 OR ABOVE: 13 0.10 INCH OR MORE: 6
MIN 32 OR BELOW: 0 0.50 INCH OR MORE: 4
MIN 0 OR BELOW: 0 1.00 INCH OR MORE: 0
[HDD (BASE 65) ]
TOTAL THIS MO. 4 CLEAR (SCALE 0-3) 0
DPTR FM NORMAL -8 PTCLDY (SCALE 4-7) 0
TOTAL FM JUL 1 5821 CLOUDY (SCALE 8-10) 30
DPTR FM NORMAL -119
[CDD (BASE 65) ]
TOTAL THIS MO. 328
DPTR FM NORMAL 62 [PRESSURE DATA]
TOTAL FM JAN 1 505 HIGHEST SLP M ON M
DPTR FM NORMAL 147 LOWEST SLP M ON M
[REMARKS]
#FINAL-06-23#