000
CXUS54 KMAF 011110
CF6ODO
PRELIMINARY LOCAL CLIMATOLOGICAL DATA (WS FORM: F-6)
STATION: ODESSA SCHLEYMEYER
MONTH: MARCH
YEAR: 2020
LATITUDE: 31 55 N
LONGITUDE: 102 23 W
TEMPERATURE IN F: :PCPN: SNOW: WIND :SUNSHINE: SKY :PK WND
================================================================================
1 2 3 4 5 6A 6B 7 8 9 10 11 12 13 14 15 16 17 18
12Z AVG MX 2MIN
DY MAX MIN AVG DEP HDD CDD WTR SNW DPTH SPD SPD DIR MIN PSBL S-S WX SPD DR
================================================================================
1 72 48 60 7 5 0 0.00 M M 12.7 25 270 M M 0 33 270
2 71 56 64 11 1 0 0.00 0.0 0 9.1 16 230 M M 1 20 220
3 61 47 54 0 11 0 0.33 0.0 0 10.4 22 290 M M 9 1 31 300
4 51 38 45 -9 20 0 1.67 0.0 0 10.9 26 50 M M 8 1 33 50
5 71 37 54 0 11 0 M M M 9.0 17 50 M M 0 1 22 50
6 66 37 52 -2 13 0 0.00 M M 12.8 23 140 M M 0 29 150
7 71 42 57 2 8 0 0.00 M M 14.9 23 170 M M 1 31 170
8 63 52 58 3 7 0 0.02 M M 17.4 25 170 M M 5 33 170
9 73 51 62 7 3 0 0.07 M M 9.1 20 300 M M 3 1 24 290
10 78 51 65 9 0 0 0.00 M M 9.6 17 210 M M 3 18 21 210
11 81 58 70 14 0 5 0.00 M M 8.1 15 210 M M 2 128 18 250
12 78 57 68 12 0 3 0.08 M M 6.6 31 320 M M 5 13 38 320
13 60 51 56 0 9 0 0.18 0.0 0 10.2 17 70 M M 10 128 21 90
14 71 51 61 4 4 0 0.00 0.0 0 7.9 16 100 M M 5 12 20 90
15 53 47 50 -7 15 0 0.15 M M 14.3 30 120 M M 10 123 36 110
16 69 45 57 0 8 0 T M M 7.1 15 30 M M 7 18 18 30
17 76 56 66 8 0 1 0.00 M M 9.8 22 270 M M 5 1 27 280
18 78 54 66 8 0 1 0.34 M M 10.1 33 250 M M 3 13 41 250
19 70 52 61 3 4 0 0.00 M M 12.6 25 310 M M 1 32 310
20 57 40 49 -9 16 0 0.00 M M 12.6 24 50 M M 1 29 40
21 44 38 41 -17 24 0 T M M 10.4 17 70 M M 8 18 21 110
22 70 44 57 -2 8 0 0.00 M M 5.5 12 150 M M 5 1 13 210
23 84 50 67 8 0 2 0.00 M M 8.9 17 210 M M 0 21 210
24 79 52 66 7 0 1 0.00 M M 10.3 24 270 M M 0 1 35 270
25 90 48 69 9 0 4 0.00 M M 9.4 24 260 M M 0 30 280
26 93 60 77 17 0 12 0.00 M M 7.8 21 240 M M 0 18 24 240
27 79 62 71 11 0 6 0.00 M M 10.8 21 280 M M 1 18 25 270
28 70 45 58 -2 7 0 0.00 M M 14.0 29 290 M M 0 8 36 290
29 73 41 57 -3 8 0 0.00 M M 9.8 21 130 M M 0 27 130
30 80 49 65 4 0 0 0.00 M M 12.4 31 280 M M 0 8 39 270
31 77 42 60 -1 5 0 0.00 M M 9.6 20 160 M M 0 24 160
================================================================================
SM 2209 1501 187 35 2.84 0.0 324.1 M 93
================================================================================
AV 71.3 48.4 10.5 FASTST M M 3 MAX(MPH)
MISC ----> 33 250 41 250
================================================================================
NOTES:
# LAST OF SEVERAL OCCURRENCES
COLUMN 17 PEAK WIND IN M.P.H.
PRELIMINARY LOCAL CLIMATOLOGICAL DATA (WS FORM: F-6) , PAGE 2
STATION: ODESSA SCHLEYMEYER
MONTH: MARCH
YEAR: 2020
LATITUDE: 31 55 N
LONGITUDE: 102 23 W
[TEMPERATURE DATA] [PRECIPITATION DATA] SYMBOLS USED IN COLUMN 16
AVERAGE MONTHLY: 59.8 TOTAL FOR MONTH: 2.84 1 = FOG OR MIST
DPTR FM NORMAL: 2.6 DPTR FM NORMAL: 2.21 2 = FOG REDUCING VISIBILITY
HIGHEST: 93 ON 26 GRTST 24HR 1.91 ON 3- 4 TO 1/4 MILE OR LESS
LOWEST: 37 ON 6, 5 3 = THUNDER
SNOW, ICE PELLETS, HAIL 4 = ICE PELLETS
TOTAL MONTH: 0.0 INCH 5 = HAIL
GRTST 24HR 0.0 6 = FREEZING RAIN OR DRIZZLE
GRTST DEPTH: 0 7 = DUSTSTORM OR SANDSTORM:
VSBY 1/2 MILE OR LESS
8 = SMOKE OR HAZE
[NO. OF DAYS WITH] [WEATHER - DAYS WITH] 9 = BLOWING SNOW
X = TORNADO
MAX 32 OR BELOW: 0 0.01 INCH OR MORE: 8
MAX 90 OR ABOVE: 2 0.10 INCH OR MORE: 5
MIN 32 OR BELOW: 0 0.50 INCH OR MORE: 1
MIN 0 OR BELOW: 0 1.00 INCH OR MORE: 1
[HDD (BASE 65) ]
TOTAL THIS MO. 187 CLEAR (SCALE 0-3) 20
DPTR FM NORMAL -81 PTCLDY (SCALE 4-7) 8
TOTAL FM JUL 1 2305 CLOUDY (SCALE 8-10) 3
DPTR FM NORMAL -69
[CDD (BASE 65) ]
TOTAL THIS MO. 35
DPTR FM NORMAL 11 [PRESSURE DATA]
TOTAL FM JAN 1 35 HIGHEST SLP 30.49 ON 6
DPTR FM NORMAL 8 LOWEST SLP 29.58 ON 26
[REMARKS]
#FINAL-03-20#