000
CXUS53 KOAX 010930
CF6OFK
PRELIMINARY LOCAL CLIMATOLOGICAL DATA (WS FORM: F-6)
STATION: NORFOLK NE
MONTH: JUNE
YEAR: 2023
LATITUDE: 41 58 N
LONGITUDE: 97 26 W
TEMPERATURE IN F: :PCPN: SNOW: WIND :SUNSHINE: SKY :PK WND
================================================================================
1 2 3 4 5 6A 6B 7 8 9 10 11 12 13 14 15 16 17 18
12Z AVG MX 2MIN
DY MAX MIN AVG DEP HDD CDD WTR SNW DPTH SPD SPD DIR MIN PSBL S-S WX SPD DR
================================================================================
1 87 64 76 10 0 11 0.00 0.0 0 11.1 23 150 M M 0 3 33 150
2 89 65 77 10 0 12 T 0.0 0 9.9 35 170 M M 0 13 46 170
3 91 59 75 8 0 10 0.00 0.0 0 8.1 22 120 M M 0 18 29 140
4 89 58 74 7 0 9 0.02 0.0 0 4.4 20 160 M M 0 138 27 130
5 89 57 73 5 0 8 0.47 0.0 0 3.2 22 220 M M 0 138 31 220
6 92 58 75 7 0 10 0.00 0.0 0 2.7 10 240 M M 0 18 15 220
7 96 60 78 10 0 13 0.00 0.0 0 5.0 18 120 M M 0 25 110
8 90 70 80 12 0 15 0.00 0.0 0 8.6 16 360 M M 0 8 21 10
9 82 65 74 5 0 9 T 0.0 0 9.3 22 170 M M 0 3 29 180
10 79 62 71 2 0 6 2.12 0.0 0 5.6 22 20 M M 0 138 29 10
11 73 51 62 -7 3 0 0.00 0.0 0 11.3 20 10 M M 0 1 26 20
12 79 46 63 -7 2 0 0.00 0.0 0 3.7 12 310 M M 0 8 17 320
13 84 52 68 -2 0 3 0.00 0.0 0 4.4 14 280 M M 0 16 280
14 87 52 70 0 0 5 0.00 0.0 0 4.3 10 160 M M 0 16 220
15 90 54 72 2 0 7 0.00 0.0 0 3.8 12 80 M M 1 16 80
16 88 61 75 4 0 10 T 0.0 0 3.8 21 280 M M 3 3 29 290
17 72 58 65 -6 0 0 0.00 0.0 0 6.6 16 290 M M 6 18 22 280
18 88 53 71 0 0 6 0.00 0.0 0 3.9 14 250 M M 0 18 19 230
19 95 60 78 6 0 13 0.00 0.0 0 10.3 24 170 M M 0 18 31 160
20 92 70 81 9 0 16 0.00 0.0 0 13.9 23 120 M M 0 34 150
21 86 63 75 3 0 10 0.00 0.0 0 6.8 20 130 M M 2 8 27 130
22 90 61 76 4 0 11 0.00 0.0 0 5.9 15 120 M M 1 20 150
23 92 62 77 5 0 12 0.05 0.0 0 9.0 20 140 M M 3 3 25 150
24 88 63 76 3 0 11 0.65 0.0 0 12.0 37 290 M M 2 13 49 300
25 82 62 72 -1 0 7 0.00 0.0 0 18.6 33 330 M M 1 8 47 340
26 82 55 69 -4 0 4 0.00 0.0 0 8.2 23 340 M M 0 31 320
27 87 59 73 0 0 8 0.00 0.0 0 9.5 23 150 M M 1 18 30 150
28 92 68 80 7 0 15 0.02 0.0 0 8.3 18 110 M M 1 38 25 110
29 94 65 80 6 0 15 0.00 0.0 0 4.8 12 40 M M 0 8 16 310
30 86 68 77 3 0 12 T 0.0 0 5.6 18 320 M M 3 3 25 300
================================================================================
SM 2611 1801 5 268 3.33 0.0 222.6 M 24
================================================================================
AV 87.0 60.0 7.4 FASTST M M 1 MAX(MPH)
MISC ----> 37 290 49 300
================================================================================
NOTES:
# LAST OF SEVERAL OCCURRENCES
COLUMN 17 PEAK WIND IN M.P.H.
PRELIMINARY LOCAL CLIMATOLOGICAL DATA (WS FORM: F-6) , PAGE 2
STATION: NORFOLK NE
MONTH: JUNE
YEAR: 2023
LATITUDE: 41 58 N
LONGITUDE: 97 26 W
[TEMPERATURE DATA] [PRECIPITATION DATA] SYMBOLS USED IN COLUMN 16
AVERAGE MONTHLY: 73.5 TOTAL FOR MONTH: 3.33 1 = FOG OR MIST
DPTR FM NORMAL: 3.1 DPTR FM NORMAL: -1.04 2 = FOG REDUCING VISIBILITY
HIGHEST: 96 ON 7 GRTST 24HR 2.12 ON 10-10 TO 1/4 MILE OR LESS
LOWEST: 46 ON 12 3 = THUNDER
SNOW, ICE PELLETS, HAIL 4 = ICE PELLETS
TOTAL MONTH: 0.0 INCH 5 = HAIL
GRTST 24HR 0.0 6 = FREEZING RAIN OR DRIZZLE
GRTST DEPTH: 0 7 = DUSTSTORM OR SANDSTORM:
VSBY 1/2 MILE OR LESS
8 = SMOKE OR HAZE
[NO. OF DAYS WITH] [WEATHER - DAYS WITH] 9 = BLOWING SNOW
X = TORNADO
MAX 32 OR BELOW: 0 0.01 INCH OR MORE: 6
MAX 90 OR ABOVE: 11 0.10 INCH OR MORE: 3
MIN 32 OR BELOW: 0 0.50 INCH OR MORE: 2
MIN 0 OR BELOW: 0 1.00 INCH OR MORE: 1
[HDD (BASE 65) ]
TOTAL THIS MO. 5 CLEAR (SCALE 0-3) 28
DPTR FM NORMAL -24 PTCLDY (SCALE 4-7) 2
TOTAL FM JUL 1 6457 CLOUDY (SCALE 8-10) 0
DPTR FM NORMAL -161
[CDD (BASE 65) ]
TOTAL THIS MO. 268
DPTR FM NORMAL 77 [PRESSURE DATA]
TOTAL FM JAN 1 407 HIGHEST SLP 30.11 ON 5
DPTR FM NORMAL 154 LOWEST SLP 29.62 ON 18
[REMARKS]
#FINAL-06-23#