000
CXUS52 KCAE 011400
CF6OGB
PRELIMINARY LOCAL CLIMATOLOGICAL DATA (WS FORM: F-6)
STATION: ORANGEBURG AIRPORT SC
MONTH: APRIL
YEAR: 2022
LATITUDE: 33 27 N
LONGITUDE: 80 51 W
TEMPERATURE IN F: :PCPN: SNOW: WIND :SUNSHINE: SKY :PK WND
================================================================================
1 2 3 4 5 6A 6B 7 8 9 10 11 12 13 14 15 16 17 18
12Z AVG MX 2MIN
DY MAX MIN AVG DEP HDD CDD WTR SNW DPTH SPD SPD DIR MIN PSBL S-S WX SPD DR
================================================================================
1 77 49 63 2 2 0 0.00 M M 9.6 22 260 M M 0 30 280
2 71 46 59 -2 6 0 0.00 M M 4.5 16 60 M M 0 1 21 60
3 76 48 62 0 3 0 0.00 M M 5.4 16 10 M M 0 1 21 20
4 78 45 62 0 3 0 0.00 M M 6.3 16 250 M M 0 21 210
5 75 50 63 1 2 0 1.16 M M 8.4 38 210 M M 5 13 48 210
6 80 62 71 9 0 6 1.29 M M 6.3 20 240 M M 8 13 28 240
7 79 52 66 4 0 1 0.50 M M 10.6 25 260 M M 6 13 33 240
8 67 50 59 -4 6 0 0.00 M M 11.5 25 230 M M 5 34 230
9 55 37 46 -17 19 0 0.00 M M 11.1 23 250 M M 5 30 270
10 72 34 53 -10 12 0 0.00 M M 3.0 15 270 M M 0 20 270
11 81 43 62 -1 3 0 0.00 M M 6.9 17 230 M M 0 21 190
12 83 58 71 7 0 6 0.00 M M 6.4 16 220 M M 1 20 190
13 83 59 71 7 0 6 0.00 M M 8.5 17 160 M M 2 1 23 160
14 81 63 72 8 0 7 0.00 M M 9.0 20 220 M M 1 27 240
15 76 54 65 1 0 0 0.00 M M 7.4 20 40 M M 0 27 40
16 75 53 64 -1 1 0 0.70 M M 4.0 12 230 M M 6 123 15 240
17 83 62 73 8 0 8 0.20 M M 5.0 20 140 M M 4 1 25 150
18 65 M M M M M 0.49 M M 7.1 13 20 M M M 1 18 120
19 66 45 56 -9 9 0 0.00 M M 4.6 15 270 M M 0 20 290
20 71 41 56 -10 9 0 0.00 M M 5.3 15 150 M M 0 20 150
21 78 50 64 -2 1 0 0.00 M M 3.4 13 170 M M 2 18 170
22 82 51 67 1 0 2 0.00 M M 2.8 12 170 M M 0 15 170
23 81 54 68 2 0 3 0.00 M M 3.6 12 140 M M 1 16 180
24 82 55 69 3 0 4 0.00 M M 2.9 12 180 M M 0 1 17 150
25 84 55 70 3 0 5 0.00 M M 3.5 12 250 M M 1 1 15 250
26 87 61 74 7 0 9 0.09 M M 4.4 25 290 M M 2 13 31 290
27 78 52 65 -2 0 0 0.00 M M 7.4 20 20 M M M 26 20
28 78 47 63 -5 2 0 0.00 M M 3.6 14 10 M M 0 19 20
29 81 50 66 -2 0 1 0.00 M M 4.7 15 170 M M 2 18 18 170
30 83 53 68 0 0 3 0.00 M M 6.0 15 240 M M 0 1 19 150
================================================================================
SM 2308 1479 78 61 4.43 M 183.2 M 51
================================================================================
AV 76.9 51.0 6.1 FASTST M M 2 MAX(MPH)
MISC ----> 38 210 48 210
================================================================================
NOTES:
# LAST OF SEVERAL OCCURRENCES
COLUMN 17 PEAK WIND IN M.P.H.
PRELIMINARY LOCAL CLIMATOLOGICAL DATA (WS FORM: F-6) , PAGE 2
STATION: ORANGEBURG AIRPORT SC
MONTH: APRIL
YEAR: 2022
LATITUDE: 33 27 N
LONGITUDE: 80 51 W
[TEMPERATURE DATA] [PRECIPITATION DATA] SYMBOLS USED IN COLUMN 16
AVERAGE MONTHLY: 64.0 TOTAL FOR MONTH: 4.43 1 = FOG OR MIST
DPTR FM NORMAL: -0.5 DPTR FM NORMAL: 1.58 2 = FOG REDUCING VISIBILITY
HIGHEST: 87 ON 26 GRTST 24HR 1.79 ON 6- 7 TO 1/4 MILE OR LESS
LOWEST: 34 ON 10 3 = THUNDER
SNOW, ICE PELLETS, HAIL 4 = ICE PELLETS
TOTAL MONTH: M 5 = HAIL
GRTST 24HR M ON M 6 = FREEZING RAIN OR DRIZZLE
GRTST DEPTH: M ON M 7 = DUSTSTORM OR SANDSTORM:
VSBY 1/2 MILE OR LESS
8 = SMOKE OR HAZE
[NO. OF DAYS WITH] [WEATHER - DAYS WITH] 9 = BLOWING SNOW
X = TORNADO
MAX 32 OR BELOW: 0 0.01 INCH OR MORE: 7
MAX 90 OR ABOVE: 0 0.10 INCH OR MORE: 6
MIN 32 OR BELOW: 0 0.50 INCH OR MORE: 4
MIN 0 OR BELOW: 0 1.00 INCH OR MORE: 2
[HDD (BASE 65) ]
TOTAL THIS MO. 78 CLEAR (SCALE 0-3) 21
DPTR FM NORMAL -16 PTCLDY (SCALE 4-7) 6
TOTAL FM JUL 1 1892 CLOUDY (SCALE 8-10) 3
DPTR FM NORMAL -290
[CDD (BASE 65) ]
TOTAL THIS MO. 61
DPTR FM NORMAL -18 [PRESSURE DATA]
TOTAL FM JAN 1 131 HIGHEST SLP 30.48 ON 21
DPTR FM NORMAL 19 LOWEST SLP 29.58 ON 5
[REMARKS]
#FINAL-04-22#