000
CXUS52 KCAE 011400
CF6OGB
PRELIMINARY LOCAL CLIMATOLOGICAL DATA (WS FORM: F-6)
STATION: ORANGEBURG AIRPORT SC
MONTH: JUNE
YEAR: 2021
LATITUDE: 33 27 N
LONGITUDE: 80 51 W
TEMPERATURE IN F: :PCPN: SNOW: WIND :SUNSHINE: SKY :PK WND
================================================================================
1 2 3 4 5 6A 6B 7 8 9 10 11 12 13 14 15 16 17 18
12Z AVG MX 2MIN
DY MAX MIN AVG DEP HDD CDD WTR SNW DPTH SPD SPD DIR MIN PSBL S-S WX SPD DR
================================================================================
1 81 54 68 -8 0 3 0.00 M M 3.2 10 50 M M 5 15 40
2 83 63 73 -3 0 8 1.19 M M 4.2 17 140 M M 7 1 22 140
3 82 71 77 1 0 12 0.19 M M 6.8 16 170 M M 8 12 20 180
4 91 71 81 4 0 16 T M M 5.3 18 30 M M 5 13 23 50
5 90 71 81 4 0 16 0.22 M M 2.5 15 140 M M 1 13 22 150
6 89 72 81 4 0 16 T M M 3.9 20 140 M M 6 13 26 150
7 90 72 81 4 0 16 0.11 M M 5.0 16 140 M M 8 13 22 140
8 84 72 78 0 0 13 0.89 M M 2.6 18 210 M M 7 123 22 210
9 91 71 81 3 0 16 0.32 M M 5.9 15 140 M M 3 13 19 100
10 92 72 82 4 0 17 0.00 M M 5.1 18 220 M M 3 1 23 210
11 89 72 81 3 0 16 0.30 M M 8.3 23 240 M M 2 138 30 240
12 87 70 79 1 0 14 1.70 M M 5.6 24 20 M M 7 13 35 280
13 84 71 78 -1 0 13 0.23 M M 6.0 14 40 M M 7 1 20 20
14 90 68 79 0 0 14 0.00 M M 4.3 10 210 M M 1 1 13 170
15 94 72 83 4 0 18 T M M 5.0 25 20 M M 1 13 33 20
16 88 69 79 0 0 14 0.00 M M 5.0 15 30 M M 1 20 30
17 88 67 78 -1 0 13 0.00 M M 4.0 14 30 M M 0 18 40
18 90 65 78 -1 0 13 0.00 M M 4.3 13 220 M M 1 16 180
19 87 70 79 -1 0 14 0.14 M M 4.8 26 260 M M 3 128 37 260
20 86 73 80 0 0 15 0.54 M M 11.9 31 200 M M 9 1 42 200
21 89 73 81 1 0 16 T M M 11.4 21 240 M M 5 26 240
22 82 72 77 -3 0 12 0.24 M M 9.2 21 220 M M 6 1 26 220
23 86 68 77 -3 0 12 0.00 M M 6.1 14 40 M M 4 19 40
24 83 64 74 -6 0 9 0.00 M M 5.4 15 40 M M 1 19 70
25 86 59 73 -7 0 8 0.00 M M 3.9 12 40 M M 1 15 10
26 89 72 81 0 0 16 T M M 5.2 20 150 M M 4 1 26 150
27 90 72 81 0 0 16 0.00 M M 4.4 14 140 M M 4 1 19 150
28 88 68 78 -3 0 13 0.02 M M 7.9 21 40 M M 4 1 28 40
29 91 74 83 2 0 18 0.03 M M 6.4 13 140 M M 6 19 120
30 91 71 81 0 0 16 0.00 M M 3.4 16 190 M M 4 123 20 190
================================================================================
SM 2631 2079 0 413 6.12 M 167.0 M 124
================================================================================
AV 87.7 69.3 5.6 FASTST M M 4 MAX(MPH)
MISC ----> 31 200 42 200
================================================================================
NOTES:
# LAST OF SEVERAL OCCURRENCES
COLUMN 17 PEAK WIND IN M.P.H.
PRELIMINARY LOCAL CLIMATOLOGICAL DATA (WS FORM: F-6) , PAGE 2
STATION: ORANGEBURG AIRPORT SC
MONTH: JUNE
YEAR: 2021
LATITUDE: 33 27 N
LONGITUDE: 80 51 W
[TEMPERATURE DATA] [PRECIPITATION DATA] SYMBOLS USED IN COLUMN 16
AVERAGE MONTHLY: 78.5 TOTAL FOR MONTH: 6.12 1 = FOG OR MIST
DPTR FM NORMAL: -0.4 DPTR FM NORMAL: 1.45 2 = FOG REDUCING VISIBILITY
HIGHEST: 94 ON 15 GRTST 24HR 1.93 ON 12-13 TO 1/4 MILE OR LESS
LOWEST: 54 ON 1 3 = THUNDER
SNOW, ICE PELLETS, HAIL 4 = ICE PELLETS
TOTAL MONTH: M 5 = HAIL
GRTST 24HR M ON M 6 = FREEZING RAIN OR DRIZZLE
GRTST DEPTH: M ON M 7 = DUSTSTORM OR SANDSTORM:
VSBY 1/2 MILE OR LESS
8 = SMOKE OR HAZE
[NO. OF DAYS WITH] [WEATHER - DAYS WITH] 9 = BLOWING SNOW
X = TORNADO
MAX 32 OR BELOW: 0 0.01 INCH OR MORE: 14
MAX 90 OR ABOVE: 11 0.10 INCH OR MORE: 12
MIN 32 OR BELOW: 0 0.50 INCH OR MORE: 4
MIN 0 OR BELOW: 0 1.00 INCH OR MORE: 2
[HDD (BASE 65) ]
TOTAL THIS MO. 0 CLEAR (SCALE 0-3) 12
DPTR FM NORMAL 0 PTCLDY (SCALE 4-7) 17
TOTAL FM JUL 1 2058 CLOUDY (SCALE 8-10) 1
DPTR FM NORMAL -138
[CDD (BASE 65) ]
TOTAL THIS MO. 413
DPTR FM NORMAL -3 [PRESSURE DATA]
TOTAL FM JAN 1 758 HIGHEST SLP 30.29 ON 1
DPTR FM NORMAL -4 LOWEST SLP 29.71 ON 12
[REMARKS]
#FINAL-06-21#