058
CXHW52 PHFO 011250
CF6OGG
PRELIMINARY LOCAL CLIMATOLOGICAL DATA (WS FORM: F-6)
STATION: KAHULUI HI
MONTH: OCTOBER
YEAR: 2020
LATITUDE: 20 53 N
LONGITUDE: 156 26 W
TEMPERATURE IN F: :PCPN: SNOW: WIND :SUNSHINE: SKY :PK WND
================================================================================
1 2 3 4 5 6A 6B 7 8 9 10 11 12 13 14 15 16 17 18
12Z AVG MX 2MIN
DY MAX MIN AVG DEP HDD CDD WTR SNW DPTH SPD SPD DIR MIN PSBL S-S WX SPD DR
================================================================================
1 86 73 80 1 0 15 0.11 0.0 M 9.0 17 210 M M M 18 22 200
2 94 78 86 7 0 21 0.00 0.0 M 8.7 17 30 M M M 22 200
3 96 71 84 5 0 19 0.00 0.0 M 11.7 26 30 M M M 8 31 40
4 92 66 79 0 0 14 0.00 0.0 M 14.9 32 40 M M M 37 40
5 91 75 83 4 0 18 0.00 0.0 M 13.3 29 30 M M M 33 30
6 93 71 82 3 0 17 0.00 0.0 M 9.7 23 40 M M M 32 30
7 94 75 85 6 0 20 0.00 0.0 M 13.4 25 40 M M M 32 60
8 91 68 80 1 0 15 T 0.0 M 11.5 28 40 M M M 32 40
9 94 69 82 3 0 17 0.00 0.0 M 7.2 20 20 M M M 26 70
10 92 68 80 1 0 15 0.00 0.0 M 12.9 29 40 M M M 34 40
11 90 71 81 3 0 16 0.00 0.0 M 12.2 25 30 M M M 30 30
12 93 72 83 5 0 18 0.00 0.0 M 9.3 22 60 M M M 29 50
13 94 71 83 5 0 18 0.00 0.0 M 8.7 25 40 M M M 32 70
14 94 69 82 4 0 17 0.00 0.0 M 5.7 13 360 M M M 8 19 10
15 92 67 80 2 0 15 0.00 0.0 M 5.8 13 10 M M M 8 17 10
16 93 70 82 4 0 17 0.00 0.0 M 5.5 14 10 M M M 19 10
17 94 71 83 5 0 18 0.00 0.0 M 5.5 16 40 M M M 22 40
18 92 75 84 6 0 19 0.00 0.0 M 5.1 14 10 M M M 18 30
19 94 70 82 4 0 17 0.00 0.0 M 5.9 17 30 M M M 21 30
20 93 69 81 3 0 16 0.00 0.0 M 6.4 14 40 M M M 20 50
21 93 70 82 4 0 17 0.00 0.0 M 5.2 14 30 M M M 18 40
22 90 64 77 -1 0 12 0.00 0.0 M 6.5 13 350 M M M 17 350
23 91 70 81 3 0 16 0.00 0.0 M 5.5 14 50 M M M 18 20
24 94 68 81 3 0 16 0.00 0.0 M 7.2 18 30 M M M 22 80
25 96 72 84 6 0 19 0.00 0.0 M 6.6 18 30 M M M 26 30
26 91 71 81 3 0 16 0.00 0.0 M 4.9 12 20 M M M 15 10
27 90 73 82 4 0 17 0.02 0.0 M 4.6 16 360 M M M 20 10
28 92 74 83 5 0 18 T 0.0 M 10.9 23 200 M M M 29 200
29 89 73 81 3 0 16 0.12 0.0 M 5.4 15 190 M M M 1 20 200
30 90 72 81 4 0 16 0.01 0.0 M 14.2 29 190 M M M 35 180
31 90 73 82 5 0 17 0.00 0.0 M 7.1 16 180 M M M 18 180
================================================================================
SM 2858 2199 0 522 0.26 0.0 260.5 M M
================================================================================
AV 92.2 70.9 8.4 FASTST M M 0 MAX(MPH)
MISC ----> # 32 40 # 37 40
================================================================================
NOTES:
# LAST OF SEVERAL OCCURRENCES
COLUMN 17 PEAK WIND IN M.P.H.
PRELIMINARY LOCAL CLIMATOLOGICAL DATA (WS FORM: F-6) , PAGE 2
STATION: KAHULUI HI
MONTH: OCTOBER
YEAR: 2020
LATITUDE: 20 53 N
LONGITUDE: 156 26 W
[TEMPERATURE DATA] [PRECIPITATION DATA] SYMBOLS USED IN COLUMN 16
AVERAGE MONTHLY: 81.6 TOTAL FOR MONTH: 0.26 1 = FOG OR MIST
DPTR FM NORMAL: 3.4 DPTR FM NORMAL: -0.94 2 = FOG REDUCING VISIBILITY
HIGHEST: 96 ON 25, 3 GRTST 24HR 0.12 ON 29-29 TO 1/4 MILE OR LESS
LOWEST: 64 ON 22 3 = THUNDER
SNOW, ICE PELLETS, HAIL 4 = ICE PELLETS
TOTAL MONTH: 0.0 INCH 5 = HAIL
GRTST 24HR 0.0 6 = FREEZING RAIN OR DRIZZLE
GRTST DEPTH: M ON M 7 = DUSTSTORM OR SANDSTORM:
VSBY 1/2 MILE OR LESS
8 = SMOKE OR HAZE
[NO. OF DAYS WITH] [WEATHER - DAYS WITH] 9 = BLOWING SNOW
X = TORNADO
MAX 32 OR BELOW: 0 0.01 INCH OR MORE: 4
MAX 90 OR ABOVE: 29 0.10 INCH OR MORE: 2
MIN 32 OR BELOW: 0 0.50 INCH OR MORE: 0
MIN 0 OR BELOW: 0 1.00 INCH OR MORE: 0
[HDD (BASE 65) ]
TOTAL THIS MO. 0 CLEAR (SCALE 0-3) 0
DPTR FM NORMAL 0 PTCLDY (SCALE 4-7) 0
TOTAL FM JUL 1 0 CLOUDY (SCALE 8-10) 0
DPTR FM NORMAL 0
[CDD (BASE 65) ]
TOTAL THIS MO. 522
DPTR FM NORMAL 114 [PRESSURE DATA]
TOTAL FM JAN 1 4187 HIGHEST SLP 30.06 ON 11
DPTR FM NORMAL 811 LOWEST SLP 29.81 ON 29
[REMARKS]
#FINAL-10-20#