000
CXUS53 KEAX 051006
CLAOJC
CLIMATE REPORT
NATIONAL WEATHER SERVICE
355 AM CST TUE JAN 05 2021
...................................
...THE JOHNSON COUNTY EXECUTIVE KS CLIMATE SUMMARY FOR THE YEAR OF 2020...
CLIMATE NORMAL PERIOD: 1981 TO 2010
CLIMATE RECORD PERIOD: 9999 TO 9999
WEATHER OBSERVED NORMAL DEPART LAST YEAR`S
VALUE DATE(S) VALUE FROM VALUE
NORMAL
..............................................................
TEMPERATURE (F)
HIGHEST 94 08/25 98 -4
08/28
LOWEST 0 02/14 2 -2
AVG. MAXIMUM 65.2 64.8 0.4
AVG. MINIMUM 45.9 45.5 0.4
MEAN 55.5 55.2 0.3
DAYS MAX >= 90 28 33.2 -5.2
DAYS MAX <= 32 14 22.5 -8.5
DAYS MIN <= 32 108 98.5 9.5
DAYS MIN <= 0 1 3.1 -2.1
PRECIPITATION (INCHES)
TOTALS 31.96R 40.04 -8.08
DAILY AVG. 0.09 0.11 -0.02
DAYS >= .01 76 100.3 -24.3
DAYS >= .10 49 65.0 -16.0
DAYS >= .50 18 25.7 -7.7
DAYS >= 1.00 9 11.4 -2.4
GREATEST
24 HR. TOTAL 3.30 05/27 TO 05/28
DEGREE DAYS
HEATING TOTAL 4671 4935 -264
COOLING TOTAL 1320 1348 -28
..............................................................
WIND (MPH)
AVERAGE WIND SPEED 8.2
HIGHEST WIND SPEED/DIRECTION 35/350 DATE 04/12
HIGHEST GUST SPEED/DIRECTION 58/240 DATE 05/04
SKY COVER
POSSIBLE SUNSHINE (PERCENT) MM
AVERAGE SKY COVER 0.36
NUMBER OF DAYS FAIR 216
NUMBER OF DAYS PC 76
NUMBER OF DAYS CLOUDY 74
AVERAGE RH (PERCENT) 72
WEATHER CONDITIONS. NUMBER OF DAYS WITH
THUNDERSTORM 45 MIXED PRECIP 0
HEAVY RAIN 27 RAIN 48
LIGHT RAIN 90 FREEZING RAIN 3
LT FREEZING RAIN 7 HAIL 0
HEAVY SNOW 0 SNOW 3
LIGHT SNOW 20 SLEET 1
FOG 140 FOG W/VIS <= 1/4 MILE 18
HAZE 16
- INDICATES NEGATIVE NUMBERS.
R INDICATES RECORD WAS SET OR TIED.
MM INDICATES DATA IS MISSING.
T INDICATES TRACE AMOUNT.
$$