000
CXUS54 KOUN 011413
CF6OKC
PRELIMINARY LOCAL CLIMATOLOGICAL DATA (WS FORM: F-6)
STATION: OKLAHOMA CITY
MONTH: DECEMBER
YEAR: 2023
LATITUDE: 35 24 N
LONGITUDE: 97 36 W
TEMPERATURE IN F: :PCPN: SNOW: WIND :SUNSHINE: SKY :PK WND
================================================================================
1 2 3 4 5 6A 6B 7 8 9 10 11 12 13 14 15 16 17 18
12Z AVG MX 2MIN
DY MAX MIN AVG DEP HDD CDD WTR SNW DPTH SPD SPD DIR MIN PSBL S-S WX SPD DR
================================================================================
1 46 36 41 -3 24 0 T 0.0 0 9.5 20 320 M M 10 1 27 300
2 57 32 45 2 20 0 0.00 0.0 0 8.2 20 340 M M 6 12 23 340
3 62 25 44 1 21 0 0.00 0.0 0 9.8 25 340 M M 2 1 32 350
4 56 31 44 1 21 0 0.00 0.0 0 7.3 16 330 M M 3 21 320
5 58 33 46 4 19 0 0.00 0.0 0 8.1 20 350 M M 1 25 350
6 64 30 47 5 18 0 0.00 0.0 0 9.9 21 200 M M 1 27 190
7 68 43 56 14 9 0 0.00 0.0 0 17.0 32 190 M M 3 41 190
8 67 47 57 16 8 0 0.00 0.0 0 14.0 23 230 M M 3 32 180
9 50 35 43 2 22 0 0.00 0.0 0 15.1 26 340 M M 2 36 350
10 49 23 36 -5 29 0 0.00 0.0 0 7.8 16 340 M M 3 21 340
11 60 28 44 3 21 0 0.00 0.0 0 5.6 10 50 M M 4 13 180
12 59 33 46 6 19 0 0.00 0.0 0 7.4 14 130 M M 6 18 160
13 59 45 52 12 13 0 0.00 0.0 0 8.8 18 110 M M 9 25 140
14 59 43 51 11 14 0 0.01 0.0 0 11.2 18 140 M M 9 27 130
15 53 40 47 7 18 0 0.95 0.0 0 9.7 22 120 M M 9 13 32 120
16 53 34 44 4 21 0 0.00 0.0 0 8.4 18 320 M M 0 24 310
17 66 30 48 9 17 0 0.00 0.0 0 6.2 14 340 M M 1 18 350
18 53 32 43 4 22 0 0.00 0.0 0 7.9 17 20 M M 1 23 10
19 57 28 43 4 22 0 0.00 0.0 0 14.3 26 180 M M 5 37 180
20 56 39 48 9 17 0 0.00 0.0 0 13.7 24 180 M M 9 1 33 190
21 61 51 56 17 9 0 0.01 0.0 0 12.9 18 180 M M 10 1 26 170
22 65 47 56 17 9 0 0.01 0.0 0 7.8 15 190 M M 7 12 19 180
23 65 51 58 20 7 0 0.11 0.0 0 14.4 23 150 M M 10 12 33 140
24 64 38 51 13 14 0 0.67 0.0 0 16.0 33 320 M M 10 1 43 330
25 44 27 36 -2 29 0 0.00 0.0 0 17.4 32 330 M M 6 42 320
26 50 24 37 -1 28 0 0.00 0.0 0 11.5 24 270 M M 7 33 270
27 41 33 37 -1 28 0 0.00 0.0 0 15.1 29 340 M M 7 37 340
28 40 29 35 -3 30 0 0.00 0.0 0 12.1 18 350 M M 7 26 350
29 51 25 38 0 27 0 0.00 0.0 0 10.3 22 320 M M 2 29 340
30 60 26 43 5 22 0 0.00 0.0 0 3.6 14 220 M M 1 18 210
31 49 32 41 3 24 0 0.00 0.0 0 11.9 22 350 M M 7 27 10
================================================================================
SM 1742 1070 602 0 1.76 0.0 332.9 M 161
================================================================================
AV 56.2 34.5 10.7 FASTST M M 5 MAX(MPH)
MISC ----> 33 320 43 330
================================================================================
NOTES:
# LAST OF SEVERAL OCCURRENCES
COLUMN 17 PEAK WIND IN M.P.H.
PRELIMINARY LOCAL CLIMATOLOGICAL DATA (WS FORM: F-6) , PAGE 2
STATION: OKLAHOMA CITY
MONTH: DECEMBER
YEAR: 2023
LATITUDE: 35 24 N
LONGITUDE: 97 36 W
[TEMPERATURE DATA] [PRECIPITATION DATA] SYMBOLS USED IN COLUMN 16
AVERAGE MONTHLY: 45.4 TOTAL FOR MONTH: 1.76 1 = FOG OR MIST
DPTR FM NORMAL: 5.4 DPTR FM NORMAL: -0.03 2 = FOG REDUCING VISIBILITY
HIGHEST: 68 ON 7 GRTST 24HR 0.95 ON 14-15 TO 1/4 MILE OR LESS
LOWEST: 23 ON 10 3 = THUNDER
SNOW, ICE PELLETS, HAIL 4 = ICE PELLETS
TOTAL MONTH: 0.0 INCH 5 = HAIL
GRTST 24HR 0.0 6 = FREEZING RAIN OR DRIZZLE
GRTST DEPTH: 0 7 = DUSTSTORM OR SANDSTORM:
VSBY 1/2 MILE OR LESS
8 = SMOKE OR HAZE
[NO. OF DAYS WITH] [WEATHER - DAYS WITH] 9 = BLOWING SNOW
X = TORNADO
MAX 32 OR BELOW: 0 0.01 INCH OR MORE: 6
MAX 90 OR ABOVE: 0 0.10 INCH OR MORE: 3
MIN 32 OR BELOW: 15 0.50 INCH OR MORE: 2
MIN 0 OR BELOW: 0 1.00 INCH OR MORE: 0
[HDD (BASE 65) ]
TOTAL THIS MO. 602 CLEAR (SCALE 0-3) 10
DPTR FM NORMAL -174 PTCLDY (SCALE 4-7) 13
TOTAL FM JUL 1 1180 CLOUDY (SCALE 8-10) 8
DPTR FM NORMAL -271
[CDD (BASE 65) ]
TOTAL THIS MO. 0
DPTR FM NORMAL 0 [PRESSURE DATA]
TOTAL FM JAN 1 2177 HIGHEST SLP 30.53 ON 14
DPTR FM NORMAL 311 LOWEST SLP 29.58 ON 8
[REMARKS]
#FINAL-12-23#