000
CXUS55 KGGW 010810
CF6OLF
PRELIMINARY LOCAL CLIMATOLOGICAL DATA (WS FORM: F-6)
STATION: WOLF POINT MT
MONTH: JULY
YEAR: 2023
LATITUDE: 48 5 N
LONGITUDE: 105 35 W
TEMPERATURE IN F: :PCPN: SNOW: WIND :SUNSHINE: SKY :PK WND
================================================================================
1 2 3 4 5 6A 6B 7 8 9 10 11 12 13 14 15 16 17 18
12Z AVG MX 2MIN
DY MAX MIN AVG DEP HDD CDD WTR SNW DPTH SPD SPD DIR MIN PSBL S-S WX SPD DR
================================================================================
1 97 56 77 9 0 12 T M M 4.4 21 200 M M 1 3 29 200
2 88 58 73 5 0 8 0.00 M M 12.4 25 270 M M 2 34 270
3 72 53 63 -6 2 0 0.22 M M 6.5 14 220 M M 6 138 19 220
4 64 42 53 -16 12 0 0.00 M M 8.5 23 330 M M 3 32 320
5 79 38 59 -10 6 0 0.00 M M 4.3 16 250 M M 3 23 230
6 86 45 66 -3 0 1 0.00 M M 4.3 17 10 M M 2 24 20
7 82 51 67 -3 0 2 0.00 M M 4.2 16 70 M M 1 20 70
8 89 47 68 -2 0 3 T M M 5.9 20 340 M M 2 8 27 350
9 95 50 73 3 0 8 0.00 M M 7.5 21 260 M M 0 8 30 270
10 86 53 70 0 0 5 0.00 M M 11.9 22 60 M M 0 18 31 50
11 74 52 63 -8 2 0 0.04 M M 11.7 24 60 M M 7 3 31 60
12 84 50 67 -4 0 2 0.00 M M 6.0 17 300 M M 4 12 24 270
13 88 53 71 0 0 6 0.00 M M 10.8 29 300 M M 1 38 38 290
14 84 56 70 -1 0 5 0.04 M M 13.1 28 310 M M 9 18 38 310
15 79 47 63 -9 2 0 0.00 M M 6.3 18 270 M M 8 18 27 310
16 79 54 67 -5 0 2 0.00 M M 5.7 15 340 M M 3 18 20 340
17 83 50 67 -5 0 2 0.00 M M 8.2 18 110 M M 0 8 26 90
18 87 53 70 -2 0 5 0.00 M M 12.4 25 310 M M 0 39 300
19 79 51 65 -7 0 0 0.00 M M 12.1 24 290 M M 4 8 32 310
20 85 46 66 -6 0 1 0.00 M M 2.6 13 50 M M 1 8 17 20
21 93 50 72 0 0 7 0.01 M M 2.6 24 290 M M 2 38 29 290
22 95 58 77 5 0 12 0.07 M M 6.4 18 50 M M 1 3 27 40
23 101 64 83 10 0 18 0.00 M M 6.4 15 40 M M 0 21 30
24 106 58 82 9 0 17 0.00 M M 6.7 15 180 M M 0 26 230
25 101 66 84 11 0 19 T M M 11.0 29 330 M M 0 39 340
26 93 64 79 6 0 14 T M M 9.5 21 310 M M 1 3 27 260
27 94 50 72 -1 0 7 0.00 M M 6.7 20 300 M M 1 26 300
28 86 58 72 -1 0 7 0.00 M M 10.1 18 70 M M 3 25 60
29 88 61 75 2 0 10 0.00 M M 12.2 20 70 M M 1 29 60
30 94 60 77 4 0 12 0.21 M M 10.2 69 300 M M 0 138 91 300
31 93 62 78 5 0 13 0.24 M M 5.1 10 70 M M 1 13 17 100
================================================================================
SM 2704 1656 24 198 0.83 M 245.7 M 67
================================================================================
AV 87.2 53.4 7.9 FASTST M M 2 MAX(MPH)
MISC ----> 69 300 91 300
================================================================================
NOTES:
# LAST OF SEVERAL OCCURRENCES
COLUMN 17 PEAK WIND IN M.P.H.
PRELIMINARY LOCAL CLIMATOLOGICAL DATA (WS FORM: F-6) , PAGE 2
STATION: WOLF POINT MT
MONTH: JULY
YEAR: 2023
LATITUDE: 48 5 N
LONGITUDE: 105 35 W
[TEMPERATURE DATA] [PRECIPITATION DATA] SYMBOLS USED IN COLUMN 16
AVERAGE MONTHLY: 70.3 TOTAL FOR MONTH: 0.83 1 = FOG OR MIST
DPTR FM NORMAL: -1.0 DPTR FM NORMAL: -0.96 2 = FOG REDUCING VISIBILITY
HIGHEST: 106 ON 24 GRTST 24HR 0.45 ON 30-31 TO 1/4 MILE OR LESS
LOWEST: 38 ON 5 3 = THUNDER
SNOW, ICE PELLETS, HAIL 4 = ICE PELLETS
TOTAL MONTH: M 5 = HAIL
GRTST 24HR M ON M 6 = FREEZING RAIN OR DRIZZLE
GRTST DEPTH: M ON M 7 = DUSTSTORM OR SANDSTORM:
VSBY 1/2 MILE OR LESS
8 = SMOKE OR HAZE
[NO. OF DAYS WITH] [WEATHER - DAYS WITH] 9 = BLOWING SNOW
X = TORNADO
MAX 32 OR BELOW: 0 0.01 INCH OR MORE: 7
MAX 90 OR ABOVE: 11 0.10 INCH OR MORE: 3
MIN 32 OR BELOW: 0 0.50 INCH OR MORE: 0
MIN 0 OR BELOW: 0 1.00 INCH OR MORE: 0
[HDD (BASE 65) ]
TOTAL THIS MO. 24 CLEAR (SCALE 0-3) 23
DPTR FM NORMAL 10 PTCLDY (SCALE 4-7) 7
TOTAL FM JUL 1 24 CLOUDY (SCALE 8-10) 1
DPTR FM NORMAL 15
[CDD (BASE 65) ]
TOTAL THIS MO. 198
DPTR FM NORMAL -9 [PRESSURE DATA]
TOTAL FM JAN 1 360 HIGHEST SLP M ON M
DPTR FM NORMAL 74 LOWEST SLP 29.65 ON 25
[REMARKS]
#FINAL-07-23#