000
CXUS55 KTWC 011653
CF6OLS
PRELIMINARY LOCAL CLIMATOLOGICAL DATA (WS FORM: F-6)
STATION: NOGALES AZ AIRPORT
MONTH: JUNE
YEAR: 2020
LATITUDE: 31 25 N
LONGITUDE: 110 51 W
TEMPERATURE IN F: :PCPN: SNOW: WIND :SUNSHINE: SKY :PK WND
================================================================================
1 2 3 4 5 6A 6B 7 8 9 10 11 12 13 14 15 16 17 18
12Z AVG MX 2MIN
DY MAX MIN AVG DEP HDD CDD WTR SNW DPTH SPD SPD DIR MIN PSBL S-S WX SPD DR
================================================================================
1 98 64 81 6 0 16 0.00 M M 5.3 26 90 M M 0 3 41 350
2 96 63 80 5 0 15 0.02 M M 7.4 29 10 M M 2 3 43 240
3 100 59 80 5 0 15 0.00 M M 4.5 16 220 M M 0 21 240
4 102 63 83 7 0 18 0.00 M M 6.1 20 220 M M 0 24 210
5 101 64 83 7 0 18 0.00 M M 6.9 21 200 M M 0 31 200
6 94 58 76 0 0 11 0.00 M M 8.0 20 230 M M 0 26 220
7 89 56 73 -3 0 8 0.00 M M 9.2 22 260 M M 0 32 210
8 87 57 72 -5 0 7 0.00 M M 8.7 18 260 M M 0 27 230
9 90 48 69 -8 0 4 0.00 M M 3.9 12 260 M M 0 16 250
10 99 51 75 -2 0 10 0.00 M M 5.2 16 220 M M 0 23 180
11 101 60 81 3 0 16 0.00 M M 5.4 24 220 M M 0 31 220
12 103 62 83 5 0 18 0.00 M M 5.4 21 220 M M 0 31 200
13 101 65 83 5 0 18 0.00 M M 8.5 23 220 M M 0 32 230
14 99 64 82 4 0 17 0.00 M M 8.3 23 210 M M 0 29 240
15 99 67 83 4 0 18 0.00 M M 7.8 21 230 M M 1 26 220
16 98 67 83 4 0 18 0.00 M M 8.8 25 200 M M 0 32 220
17 96 60 78 -1 0 13 0.00 M M 9.0 28 190 M M 0 35 190
18 96 56 76 -3 0 11 0.00 M M 7.5 22 200 M M 0 25 200
19 97 53 75 -5 0 10 0.00 M M 6.7 22 220 M M 0 31 200
20 99 57 78 -2 0 13 0.00 M M 5.0 18 200 M M 0 25 200
21 101 59 80 0 0 15 0.00 M M 5.8 15 220 M M 0 24 170
22 101 58 80 0 0 15 0.00 M M 5.3 15 240 M M M 20 220
23 102 60 81 1 0 16 0.00 M M 5.6 15 240 M M M 23 250
24 104 62 83 3 0 18 0.00 M M 5.5 16 260 M M M 23 260
25 104 66 85 5 0 20 0.00 M M 5.1 18 250 M M M 25 240
26 102 64 83 2 0 18 0.00 M M 4.8 15 280 M M M 22 270
27 96 72 84 3 0 19 T M M 7.5 31 180 M M M 44 190
28 94 67 81 0 0 16 0.00 M M 12.7 23 220 M M M 31 230
29 94 65 80 -1 0 15 0.00 M M 14.0 28 220 M M 2 38 200
30 93 66 80 -1 0 15 0.00 M M 9.8 26 220 M M 0 32 230
================================================================================
SM 2936 1833 0 441 0.02 M 213.7 M 5
================================================================================
AV 97.9 61.1 7.1 FASTST M M 0 MAX(MPH)
MISC ----> 31 180 44 190
================================================================================
NOTES:
# LAST OF SEVERAL OCCURRENCES
COLUMN 17 PEAK WIND IN M.P.H.
PRELIMINARY LOCAL CLIMATOLOGICAL DATA (WS FORM: F-6) , PAGE 2
STATION: NOGALES AZ AIRPORT
MONTH: JUNE
YEAR: 2020
LATITUDE: 31 25 N
LONGITUDE: 110 51 W
[TEMPERATURE DATA] [PRECIPITATION DATA] SYMBOLS USED IN COLUMN 16
AVERAGE MONTHLY: 79.5 TOTAL FOR MONTH: 0.02 1 = FOG OR MIST
DPTR FM NORMAL: 1.1 DPTR FM NORMAL: -0.49 2 = FOG REDUCING VISIBILITY
HIGHEST: 104 ON 25,24 GRTST 24HR 0.12 ON 31- 1 TO 1/4 MILE OR LESS
LOWEST: 48 ON 9 3 = THUNDER
SNOW, ICE PELLETS, HAIL 4 = ICE PELLETS
TOTAL MONTH: M 5 = HAIL
GRTST 24HR M ON M 6 = FREEZING RAIN OR DRIZZLE
GRTST DEPTH: M ON M 7 = DUSTSTORM OR SANDSTORM:
VSBY 1/2 MILE OR LESS
8 = SMOKE OR HAZE
[NO. OF DAYS WITH] [WEATHER - DAYS WITH] 9 = BLOWING SNOW
X = TORNADO
MAX 32 OR BELOW: 0 0.01 INCH OR MORE: 1
MAX 90 OR ABOVE: 28 0.10 INCH OR MORE: 0
MIN 32 OR BELOW: 0 0.50 INCH OR MORE: 0
MIN 0 OR BELOW: 0 1.00 INCH OR MORE: 0
[HDD (BASE 65) ]
TOTAL THIS MO. 0 CLEAR (SCALE 0-3) 23
DPTR FM NORMAL 0 PTCLDY (SCALE 4-7) 0
TOTAL FM JUL 1 1923 CLOUDY (SCALE 8-10) 7
DPTR FM NORMAL -223
[CDD (BASE 65) ]
TOTAL THIS MO. 441
DPTR FM NORMAL 38 [PRESSURE DATA]
TOTAL FM JAN 1 746 HIGHEST SLP 29.99 ON 12
DPTR FM NORMAL 131 LOWEST SLP 29.61 ON 5
[REMARKS]
#FINAL-06-20#