000
CXUS53 KOAX 011237 CCA
CF6OMA
PRELIMINARY LOCAL CLIMATOLOGICAL DATA (WS FORM: F-6)
STATION: OMAHA NE
MONTH: JANUARY
YEAR: 2024
LATITUDE: 41 17 N
LONGITUDE: 95 54 W
TEMPERATURE IN F: :PCPN: SNOW: WIND :SUNSHINE: SKY :PK WND
================================================================================
1 2 3 4 5 6A 6B 7 8 9 10 11 12 13 14 15 16 17 18
12Z AVG MX 2MIN
DY MAX MIN AVG DEP HDD CDD WTR SNW DPTH SPD SPD DIR MIN PSBL S-S WX SPD DR
================================================================================
1 36 17 27 2 38 0 0.00 0.0 T 6.2 17 220 M M 2 25 230
2 42 21 32 7 33 0 0.00 0.0 0 5.1 16 300 M M 5 1 19 300
3 30 19 25 0 40 0 0.00 0.0 0 5.2 13 10 M M 7 12 16 10
4 33 26 30 5 35 0 0.00 0.0 0 7.8 13 160 M M 10 15 180
5 34 27 31 7 34 0 0.02 0.2 T 4.9 13 190 M M 10 1 17 180
6 33 26 30 6 35 0 T T T 7.6 20 310 M M 10 18 24 320
7 32 24 28 4 37 0 0.00 0.0 0 9.2 17 130 M M 10 22 130
8 34 29 32 8 33 0 0.23 1.1 0 13.2 21 40 M M 10 14 27 120
9 33 10 22 -2 43 0 0.21 2.6 3 18.1 33 340 M M 8 129 45 330
10 30 12 21 -3 44 0 0.07 1.0 3 9.1 21 170 M M 7 1 26 170
11 24 8 16 -8 49 0 T 0.2 3 15.5 25 360 M M 9 1 32 350
12 11 -1 5 -19 60 0 0.27 6.2 5 24.6 33 340 M M 10 189 45 350
13 1 -15 -7 -31 72 0 T 0.1 9 21.3 31 310 M M 7 189 44 300
14 -8 -16 -12 -36 77 0 0.00 0.0 8 11.2 18 310 M M 3 26 290
15 -1 -11 -6 -30 71 0 0.00 0.0 8 13.2 22 310 M M 7 27 280
16 11 -6 3 -21 62 0 0.00 0.0 8 11.4 17 250 M M 0 24 280
17 27 -3 12 -12 53 0 0.00 0.0 8 5.7 13 170 M M 7 16 130
18 22 3 13 -11 52 0 0.08 2.3 8 11.8 32 340 M M 9 19 41 340
19 5 -6 0 -24 65 0 0.00 0.0 10 13.8 23 330 M M 1 30 320
20 5 -11 -3 -27 68 0 0.00 0.0 10 6.8 16 170 M M 2 128 20 170
21 27 1 14 -10 51 0 0.00 0.0 10 17.7 30 180 M M 7 39 180
22 34 24 29 5 36 0 0.00 0.0 10 9.4 21 180 M M 9 1 28 170
23 34 31 33 9 32 0 T 0.1 8 3.4 10 130 M M 10 1 12 130
24 38 32 35 11 30 0 T 0.0 7 3.9 8 170 M M 10 12 10 190
25 36 32 34 10 31 0 0.00 0.0 5 4.8 9 320 M M 10 1 12 170
26 35 32 34 10 31 0 T 0.0 3 5.7 10 320 M M 10 1 14 260
27 33 21 27 2 38 0 0.00 0.0 2 6.2 13 10 M M 7 12 15 310
28 46 19 33 8 32 0 0.00 0.0 1 5.0 10 150 M M 2 12 11 150
29 52 25 39 14 26 0 0.00 0.0 T 8.1 18 330 M M 2 1 24 330
30 46 26 36 11 29 0 0.00 0.0 0 5.0 18 350 M M 2 1 23 350
31 57 25 41 16 24 0 0.00 0.0 0 8.3 13 190 M M 0 1 17 200
================================================================================
SM 872 421 1361 0 0.88 13.8 299.2 M 203
================================================================================
AV 28.1 13.6 9.7 FASTST M M 7 MAX(MPH)
MISC ----> # 33 340 # 45 330
================================================================================
NOTES:
# LAST OF SEVERAL OCCURRENCES
COLUMN 17 PEAK WIND IN M.P.H.
PRELIMINARY LOCAL CLIMATOLOGICAL DATA (WS FORM: F-6) , PAGE 2
STATION: OMAHA NE
MONTH: JANUARY
YEAR: 2024
LATITUDE: 41 17 N
LONGITUDE: 95 54 W
[TEMPERATURE DATA] [PRECIPITATION DATA] SYMBOLS USED IN COLUMN 16
AVERAGE MONTHLY: 20.9 TOTAL FOR MONTH: 0.88 1 = FOG OR MIST
DPTR FM NORMAL: -3.5 DPTR FM NORMAL: 0.13 2 = FOG REDUCING VISIBILITY
HIGHEST: 57 ON 31 GRTST 24HR 0.42 ON 8- 9 TO 1/4 MILE OR LESS
LOWEST: -16 ON 14 3 = THUNDER
SNOW, ICE PELLETS, HAIL 4 = ICE PELLETS
TOTAL MONTH: 13.8 INCHES 5 = HAIL
GRTST 24HR 6.2 ON 12-12 6 = FREEZING RAIN OR DRIZZLE
GRTST DEPTH: 10 ON 22,21 7 = DUSTSTORM OR SANDSTORM:
VSBY 1/2 MILE OR LESS
8 = SMOKE OR HAZE
[NO. OF DAYS WITH] [WEATHER - DAYS WITH] 9 = BLOWING SNOW
X = TORNADO
MAX 32 OR BELOW: 14 0.01 INCH OR MORE: 6
MAX 90 OR ABOVE: 0 0.10 INCH OR MORE: 3
MIN 32 OR BELOW: 31 0.50 INCH OR MORE: 0
MIN 0 OR BELOW: 8 1.00 INCH OR MORE: 0
[HDD (BASE 65) ]
TOTAL THIS MO. 1361 CLEAR (SCALE 0-3) 9
DPTR FM NORMAL 103 PTCLDY (SCALE 4-7) 8
TOTAL FM JUL 1 3315 CLOUDY (SCALE 8-10) 14
DPTR FM NORMAL -235
[CDD (BASE 65) ]
TOTAL THIS MO. 0
DPTR FM NORMAL 0 [PRESSURE DATA]
TOTAL FM JAN 1 0 HIGHEST SLP 30.78 ON 20
DPTR FM NORMAL 0 LOWEST SLP 29.37 ON 10
[REMARKS]
#FINAL-01-24#