000
CXUS56 KBOI 011002
CF6ONO
PRELIMINARY LOCAL CLIMATOLOGICAL DATA (WS FORM: F-6)
STATION: ONTARIO OR
MONTH: JULY
YEAR: 2022
LATITUDE: 44 1 N
LONGITUDE: 117 1 W
TEMPERATURE IN F: :PCPN: SNOW: WIND :SUNSHINE: SKY :PK WND
================================================================================
1 2 3 4 5 6A 6B 7 8 9 10 11 12 13 14 15 16 17 18
12Z AVG MX 2MIN
DY MAX MIN AVG DEP HDD CDD WTR SNW DPTH SPD SPD DIR MIN PSBL S-S WX SPD DR
================================================================================
1 97 65 81 7 0 16 0.00 M M 6.7 15 330 M M 0 20 340
2 97 64 81 6 0 16 0.00 M M 6.6 36 330 M M 0 47 340
3 90 68 79 4 0 14 T M M 10.2 30 330 M M 2 41 320
4 84 64 74 -1 0 9 0.00 M M 5.1 18 320 M M 2 26 310
5 93 58 76 0 0 11 0.00 M M 2.3 7 50 M M 0 M M
6 95 64 80 4 0 15 0.00 M M 4.3 15 340 M M 2 21 320
7 97 70 84 8 0 19 0.00 M M 8.1 26 340 M M 0 35 340
8 98 69 84 7 0 19 0.00 M M 8.3 24 330 M M 0 33 330
9 97 69 83 6 0 18 0.00 M M 10.9 21 340 M M 0 28 350
10 93 70 82 5 0 17 0.00 M M 14.8 24 330 M M 0 31 320
11 96 65 81 3 0 16 0.00 M M 6.0 17 330 M M 0 23 320
12 100 59 80 2 0 15 0.00 M M 3.0 9 260 M M 0 12 140
13 101 67 84 6 0 19 0.00 M M 7.2 17 330 M M 0 25 350
14 103 70 87 9 0 22 0.00 M M 5.0 15 320 M M 0 19 330
15 101 70 86 7 0 21 0.00 M M 5.0 14 250 M M 0 17 320
16 103 64 84 5 0 19 0.00 M M 2.5 10 340 M M 0 13 350
17 100 69 85 6 0 20 0.00 M M 6.7 30 320 M M 0 8 40 330
18 91 66 79 0 0 14 0.00 M M 7.6 33 320 M M 0 43 320
19 98 55 77 -3 0 12 0.00 M M 2.2 9 320 M M 0 11 160
20 103 60 82 2 0 17 0.00 M M 3.4 9 320 M M 0 14 110
21 105 67 86 6 0 21 0.00 M M 3.2 12 150 M M 0 16 120
22 100 68 84 4 0 19 0.00 M M 7.3 17 320 M M 0 24 320
23 99 66 83 3 0 18 0.00 M M 7.6 25 330 M M 0 35 340
24 99 69 84 4 0 19 0.00 M M 7.3 22 320 M M 0 29 310
25 100 63 82 2 0 17 0.00 M M 4.4 10 290 M M 0 14 250
26 104 63 84 4 0 19 0.00 M M 3.5 8 330 M M 0 11 350
27 107 72 90 10 0 25 0.00 M M 6.7 18 340 M M 0 8 24 350
28 109 75 92 12 0 27 0.00 M M 6.1 15 320 M M 0 22 320
29 111 71 91 11 0 26 0.00 M M 5.5 17 360 M M 0 25 360
30 107 62 85 5 0 20 0.00 0.0 0 3.1 8 250 M M 0 11 150
31 107 64 86 6 0 21 0.00 0.0 0 3.7 20 350 M M 0 28 350
================================================================================
SM 3085 2046 0 561 T 0.0 184.3 M 6
================================================================================
AV 99.5 66.0 5.9 FASTST M M 0 MAX(MPH)
MISC ----> 36 330 47 340
================================================================================
NOTES:
# LAST OF SEVERAL OCCURRENCES
COLUMN 17 PEAK WIND IN M.P.H.
PRELIMINARY LOCAL CLIMATOLOGICAL DATA (WS FORM: F-6) , PAGE 2
STATION: ONTARIO OR
MONTH: JULY
YEAR: 2022
LATITUDE: 44 1 N
LONGITUDE: 117 1 W
[TEMPERATURE DATA] [PRECIPITATION DATA] SYMBOLS USED IN COLUMN 16
AVERAGE MONTHLY: 82.8 TOTAL FOR MONTH: T 1 = FOG OR MIST
DPTR FM NORMAL: 4.5 DPTR FM NORMAL: -0.26 2 = FOG REDUCING VISIBILITY
HIGHEST: 111 ON 29 GRTST 24HR T ON 3- 3 TO 1/4 MILE OR LESS
LOWEST: 55 ON 19 3 = THUNDER
SNOW, ICE PELLETS, HAIL 4 = ICE PELLETS
TOTAL MONTH: 0.0 INCH 5 = HAIL
GRTST 24HR 0.0 6 = FREEZING RAIN OR DRIZZLE
GRTST DEPTH: 0 7 = DUSTSTORM OR SANDSTORM:
VSBY 1/2 MILE OR LESS
8 = SMOKE OR HAZE
[NO. OF DAYS WITH] [WEATHER - DAYS WITH] 9 = BLOWING SNOW
X = TORNADO
MAX 32 OR BELOW: 0 0.01 INCH OR MORE: 0
MAX 90 OR ABOVE: 30 0.10 INCH OR MORE: 0
MIN 32 OR BELOW: 0 0.50 INCH OR MORE: 0
MIN 0 OR BELOW: 0 1.00 INCH OR MORE: 0
[HDD (BASE 65) ]
TOTAL THIS MO. 0 CLEAR (SCALE 0-3) 31
DPTR FM NORMAL -2 PTCLDY (SCALE 4-7) 0
TOTAL FM JUL 1 0 CLOUDY (SCALE 8-10) 0
DPTR FM NORMAL 0
[CDD (BASE 65) ]
TOTAL THIS MO. 561
DPTR FM NORMAL 147 [PRESSURE DATA]
TOTAL FM JAN 1 729 HIGHEST SLP M ON M
DPTR FM NORMAL 80 LOWEST SLP 29.55 ON 2
[REMARKS]
#FINAL-07-22#