000
CXUS51 KAKQ 010710
CF6ORF
PRELIMINARY LOCAL CLIMATOLOGICAL DATA (WS FORM: F-6)
STATION: NORFOLK VA
MONTH: MARCH
YEAR: 2021
LATITUDE: 36 54 N
LONGITUDE: 76 12 W
TEMPERATURE IN F: :PCPN: SNOW: WIND :SUNSHINE: SKY :PK WND
================================================================================
1 2 3 4 5 6A 6B 7 8 9 10 11 12 13 14 15 16 17 18
12Z AVG MX 2MIN
DY MAX MIN AVG DEP HDD CDD WTR SNW DPTH SPD SPD DIR MIN PSBL S-S WX SPD DR
================================================================================
1 69 49 59 14 6 0 0.07 0.0 0 10.6 24 360 M M 4 1 33 360
2 49 35 42 -4 23 0 0.00 0.0 0 9.4 21 350 M M 0 28 350
3 57 32 45 -1 20 0 0.00 0.0 0 5.1 10 30 M M 0 13 20
4 57 37 47 1 18 0 0.00 0.0 0 8.1 24 20 M M 0 34 20
5 47 34 41 -5 24 0 0.00 0.0 0 8.7 24 360 M M 0 30 360
6 53 38 46 0 19 0 0.00 0.0 0 6.6 18 360 M M 0 26 360
7 45 33 39 -8 26 0 0.00 0.0 0 7.7 17 30 M M 0 21 30
8 56 28 42 -5 23 0 0.00 0.0 0 3.9 12 260 M M 0 17 270
9 72 33 53 6 12 0 0.00 0.0 0 6.6 14 220 M M 0 17 230
10 74 43 59 11 6 0 0.00 0.0 0 7.8 17 150 M M 0 23 110
11 78 48 63 15 2 0 0.00 0.0 0 14.4 25 200 M M 0 32 220
12 79 56 68 20 0 3 0.00 0.0 0 9.5 22 210 M M 2 28 220
13 64 44 54 6 11 0 0.00 0.0 0 9.3 21 20 M M 0 26 30
14 67 38 53 4 12 0 0.00 0.0 0 7.1 17 350 M M 0 26 360
15 53 40 47 -2 18 0 0.01 T T 12.9 25 20 M M 2 4 33 20
16 48 37 43 -6 22 0 0.29 T 0 7.4 13 50 M M 10 14 16 40
17 50 45 48 -2 17 0 T 0.0 0 9.3 14 350 M M 10 1 18 350
18 76 48 62 12 3 0 0.43 0.0 0 6.2 22 190 M M 8 123 29 180
19 55 40 48 -2 17 0 0.19 T 0 19.9 40 30 M M 7 13 48 40
20 50 41 46 -4 19 0 0.00 0.0 0 15.0 24 30 M M 0 29 30
21 55 43 49 -2 16 0 0.00 0.0 0 11.5 17 30 M M 0 22 40
22 60 49 55 4 10 0 0.00 0.0 0 12.4 18 40 M M 6 25 40
23 53 50 52 1 13 0 T 0.0 0 11.7 18 70 M M 10 1 24 80
24 77 53 65 13 0 0 0.13 0.0 0 8.3 23 210 M M 8 1 31 200
25 82 54 68 16 0 3 0.00 0.0 0 10.9 20 200 M M 2 12 35 190
26 84 64 74 22 0 9 0.00 0.0 0 17.7 27 220 M M 3 41 230
27 71 57 64 12 1 0 0.06 0.0 0 6.6 18 130 M M 3 23 130
28 85 60 73 20 0 8 0.21 0.0 0 16.1 35 220 M M 6 13 41 210
29 61 48 55 2 10 0 0.00 0.0 0 7.3 13 310 M M 1 27 320
30 69 47 58 5 7 0 0.00 0.0 0 10.4 21 150 M M 0 27 150
31 82 59 71 17 0 6 0.59 0.0 0 10.1 24 190 M M 6 13 29 200
================================================================================
SM 1978 1383 355 29 1.98 T 308.5 M 88
================================================================================
AV 63.8 44.6 10.0 FASTST M M 3 MAX(MPH)
MISC ----> 40 30 48 40
================================================================================
NOTES:
# LAST OF SEVERAL OCCURRENCES
COLUMN 17 PEAK WIND IN M.P.H.
PRELIMINARY LOCAL CLIMATOLOGICAL DATA (WS FORM: F-6) , PAGE 2
STATION: NORFOLK VA
MONTH: MARCH
YEAR: 2021
LATITUDE: 36 54 N
LONGITUDE: 76 12 W
[TEMPERATURE DATA] [PRECIPITATION DATA] SYMBOLS USED IN COLUMN 16
AVERAGE MONTHLY: 54.2 TOTAL FOR MONTH: 1.98 1 = FOG OR MIST
DPTR FM NORMAL: 4.8 DPTR FM NORMAL: -1.70 2 = FOG REDUCING VISIBILITY
HIGHEST: 85 ON 28 GRTST 24HR 0.61 ON 18-19 TO 1/4 MILE OR LESS
LOWEST: 28 ON 8 3 = THUNDER
SNOW, ICE PELLETS, HAIL 4 = ICE PELLETS
TOTAL MONTH: T 5 = HAIL
GRTST 24HR T ON 15-15 6 = FREEZING RAIN OR DRIZZLE
GRTST DEPTH: T 7 = DUSTSTORM OR SANDSTORM:
VSBY 1/2 MILE OR LESS
8 = SMOKE OR HAZE
[NO. OF DAYS WITH] [WEATHER - DAYS WITH] 9 = BLOWING SNOW
X = TORNADO
MAX 32 OR BELOW: 0 0.01 INCH OR MORE: 9
MAX 90 OR ABOVE: 0 0.10 INCH OR MORE: 6
MIN 32 OR BELOW: 2 0.50 INCH OR MORE: 1
MIN 0 OR BELOW: 0 1.00 INCH OR MORE: 0
[HDD (BASE 65) ]
TOTAL THIS MO. 355 CLEAR (SCALE 0-3) 20
DPTR FM NORMAL -137 PTCLDY (SCALE 4-7) 7
TOTAL FM JUL 1 2477 CLOUDY (SCALE 8-10) 4
DPTR FM NORMAL -585
[CDD (BASE 65) ]
TOTAL THIS MO. 29
DPTR FM NORMAL 23 [PRESSURE DATA]
TOTAL FM JAN 1 29 HIGHEST SLP M ON M
DPTR FM NORMAL 22 LOWEST SLP 29.56 ON 18
[REMARKS]
#FINAL-03-21#