000
CXUS52 KMLB 011134
CF6ORL
PRELIMINARY LOCAL CLIMATOLOGICAL DATA (WS FORM: F-6)
STATION: ORLANDO EXEC
MONTH: AUGUST
YEAR: 2020
LATITUDE: 28 32 N
LONGITUDE: 81 20 W
TEMPERATURE IN F: :PCPN: SNOW: WIND :SUNSHINE: SKY :PK WND
================================================================================
1 2 3 4 5 6A 6B 7 8 9 10 11 12 13 14 15 16 17 18
12Z AVG MX 2MIN
DY MAX MIN AVG DEP HDD CDD WTR SNW DPTH SPD SPD DIR MIN PSBL S-S WX SPD DR
================================================================================
1 96 79 88 4 0 23 0.00 0.0 0 6.6 20 70 M M 1 23 70
2 89 79 84 0 0 19 0.47 0.0 0 11.3 22 70 M M 5 138 27 20
3 95 79 87 3 0 22 0.00 0.0 0 9.8 18 280 M M 3 8 24 310
4 95 78 87 3 0 22 0.50 0.0 0 3.8 26 110 M M 3 13 31 130
5 93 75 84 0 0 19 1.11 0.0 0 4.0 24 160 M M 2 13 31 170
6 95 76 86 2 0 21 0.82 0.0 0 3.5 20 90 M M 1 3 25 210
7 97 75 86 2 0 21 0.11 0.0 0 3.5 23 250 M M 2 38 30 280
8 96 75 86 2 0 21 0.05 0.0 0 3.7 18 100 M M 2 38 22 100
9 95 73 84 0 0 19 1.51 0.0 0 4.8 40 350 M M 2 13 51 350
10 96 77 87 3 0 22 0.17 0.0 0 3.4 15 320 M M 2 3 21 100
11 96 78 87 3 0 22 0.02 0.0 0 3.8 26 90 M M 2 3 34 330
12 94 78 86 2 0 21 0.01 0.0 0 3.5 26 140 M M 2 3 33 150
13 94 79 87 3 0 22 0.01 0.0 0 4.8 17 20 M M 2 3 22 340
14 97 78 88 4 0 23 0.00 0.0 0 6.8 17 170 M M 1 3 22 130
15 95 79 87 3 0 22 0.01 0.0 0 5.3 17 120 M M 3 3 21 120
16 94 77 86 2 0 21 1.25 0.0 0 5.6 32 220 M M 2 13 50 230
17 94 75 85 1 0 20 1.00 0.0 0 3.4 38 270 M M 2 13 46 270
18 94 75 85 1 0 20 0.05 0.0 0 4.9 25 170 M M 2 3 30 180
19 89 76 83 -1 0 18 0.00 0.0 0 5.7 15 220 M M 1 19 220
20 92 76 84 1 0 19 0.04 0.0 0 5.3 24 140 M M 1 38 33 130
21 92 75 84 1 0 19 0.08 0.0 0 8.1 29 260 M M 3 138 38 260
22 93 77 85 2 0 20 0.33 0.0 0 5.3 24 80 M M 3 18 34 90
23 95 78 87 4 0 22 0.03 0.0 0 8.8 24 140 M M 2 38 29 150
24 95 81 88 5 0 23 0.05 0.0 0 11.7 24 110 M M 3 13 31 110
25 96 82 89 6 0 24 T 0.0 0 10.3 21 90 M M 2 1 24 130
26 96 81 89 6 0 24 0.00 0.0 0 9.2 20 90 M M 2 24 80
27 91 80 86 3 0 21 0.05 0.0 0 6.5 23 170 M M 3 13 28 120
28 95 79 87 4 0 22 0.01 0.0 0 5.5 18 240 M M 3 3 21 240
29 94 80 87 4 0 22 T 0.0 0 6.8 16 280 M M 1 3 20 280
30 88 77 83 0 0 18 0.46 0.0 0 8.1 25 250 M M 4 138 31 250
31 89 76 83 0 0 18 0.48 0.0 0 7.1 23 240 M M 3 138 33 240
================================================================================
SM 2910 2403 0 650 8.62 0.0 190.9 M 70
================================================================================
AV 93.9 77.5 6.2 FASTST M M 2 MAX(MPH)
MISC ----> 40 350 51 350
================================================================================
NOTES:
# LAST OF SEVERAL OCCURRENCES
COLUMN 17 PEAK WIND IN M.P.H.
PRELIMINARY LOCAL CLIMATOLOGICAL DATA (WS FORM: F-6) , PAGE 2
STATION: ORLANDO EXEC
MONTH: AUGUST
YEAR: 2020
LATITUDE: 28 32 N
LONGITUDE: 81 20 W
[TEMPERATURE DATA] [PRECIPITATION DATA] SYMBOLS USED IN COLUMN 16
AVERAGE MONTHLY: 85.7 TOTAL FOR MONTH: 8.62 1 = FOG OR MIST
DPTR FM NORMAL: 2.1 DPTR FM NORMAL: 0.80 2 = FOG REDUCING VISIBILITY
HIGHEST: 97 ON 14, 7 GRTST 24HR 2.25 ON 16-17 TO 1/4 MILE OR LESS
LOWEST: 73 ON 9 3 = THUNDER
SNOW, ICE PELLETS, HAIL 4 = ICE PELLETS
TOTAL MONTH: 0.0 INCH 5 = HAIL
GRTST 24HR 0.0 6 = FREEZING RAIN OR DRIZZLE
GRTST DEPTH: 0 7 = DUSTSTORM OR SANDSTORM:
VSBY 1/2 MILE OR LESS
8 = SMOKE OR HAZE
[NO. OF DAYS WITH] [WEATHER - DAYS WITH] 9 = BLOWING SNOW
X = TORNADO
MAX 32 OR BELOW: 0 0.01 INCH OR MORE: 24
MAX 90 OR ABOVE: 27 0.10 INCH OR MORE: 12
MIN 32 OR BELOW: 0 0.50 INCH OR MORE: 6
MIN 0 OR BELOW: 0 1.00 INCH OR MORE: 4
[HDD (BASE 65) ]
TOTAL THIS MO. 0 CLEAR (SCALE 0-3) 27
DPTR FM NORMAL 0 PTCLDY (SCALE 4-7) 4
TOTAL FM JUL 1 0 CLOUDY (SCALE 8-10) 0
DPTR FM NORMAL 0
[CDD (BASE 65) ]
TOTAL THIS MO. 650
DPTR FM NORMAL 73 [PRESSURE DATA]
TOTAL FM JAN 1 3205 HIGHEST SLP 30.18 ON 9
DPTR FM NORMAL 704 LOWEST SLP 29.80 ON 3
[REMARKS]
#FINAL-08-20#