000
CXUS52 KMLB 010726
CF6ORL
PRELIMINARY LOCAL CLIMATOLOGICAL DATA (WS FORM: F-6)
STATION: ORLANDO EXEC
MONTH: DECEMBER
YEAR: 2023
LATITUDE: 28 32 N
LONGITUDE: 81 20 W
TEMPERATURE IN F: :PCPN: SNOW: WIND :SUNSHINE: SKY :PK WND
================================================================================
1 2 3 4 5 6A 6B 7 8 9 10 11 12 13 14 15 16 17 18
12Z AVG MX 2MIN
DY MAX MIN AVG DEP HDD CDD WTR SNW DPTH SPD SPD DIR MIN PSBL S-S WX SPD DR
================================================================================
1 84 61 73 7 0 8 0.00 0.0 0 4.9 14 140 M M 3 18 140
2 84 71 78 12 0 13 0.00 0.0 0 5.2 14 190 M M 4 1 18 200
3 85 71 78 12 0 13 T 0.0 0 6.2 15 300 M M 5 1 22 320
4 81 64 73 7 0 8 0.00 0.0 0 8.6 17 300 M M 2 24 280
5 72 58 65 0 0 0 0.00 0.0 0 6.9 15 300 M M 0 19 300
6 64 53 59 -6 6 0 0.00 0.0 0 9.6 20 290 M M 0 28 290
7 70 48 59 -6 6 0 0.00 0.0 0 5.6 13 60 M M 0 19 350
8 75 54 65 0 0 0 T 0.0 0 4.7 12 110 M M 4 14 80
9 81 59 70 5 0 5 0.00 0.0 0 6.3 16 140 M M 2 23 170
10 80 63 72 7 0 7 0.43 0.0 0 8.9 24 270 M M 2 13 36 250
11 66 48 57 -7 8 0 0.00 0.0 0 9.6 25 280 M M 3 31 290
12 73 49 61 -3 4 0 0.00 0.0 0 10.6 18 30 M M 3 26 30
13 77 60 69 5 0 4 0.00 0.0 0 10.3 20 60 M M 3 27 70
14 73 63 68 4 0 3 T 0.0 0 13.4 30 70 M M 4 45 70
15 72 64 68 4 0 3 0.00 0.0 0 13.8 29 70 M M 5 43 70
16 70 66 68 4 0 3 3.52 0.0 0 12.2 25 120 M M 8 1 40 100
17 73 59 66 2 0 1 0.58 0.0 0 17.5 31 200 M M 8 1 42 200
18 69 53 61 -2 4 0 0.00 0.0 0 12.1 20 280 M M 2 30 280
19 61 47 54 -9 11 0 0.00 0.0 0 10.1 16 10 M M 0 23 360
20 66 46 56 -7 9 0 0.00 0.0 0 8.4 16 10 M M 6 21 10
21 71 57 64 1 1 0 0.00 0.0 0 9.8 18 60 M M 5 24 40
22 73 57 65 2 0 0 0.06 0.0 0 6.4 17 60 M M 6 1 22 70
23 75 58 67 4 0 2 0.00 0.0 0 7.8 18 70 M M 3 24 80
24 72 58 65 2 0 0 0.06 0.0 0 6.4 18 70 M M 3 18 23 80
25 71 62 67 5 0 2 0.06 0.0 0 7.1 16 130 M M 6 1 22 130
26 76 62 69 7 0 4 0.00 0.0 0 5.3 15 280 M M 7 1 17 280
27 72 57 65 3 0 0 0.06 0.0 0 8.4 15 300 M M 6 20 280
28 63 56 60 -2 5 0 0.53 0.0 0 4.2 17 130 M M 9 1 23 130
29 60 48 54 -8 11 0 0.00 0.0 0 8.9 20 290 M M 1 1 28 300
30 60 46 53 -9 12 0 0.00 0.0 0 4.6 12 250 M M 3 18 260
31 66 42 54 -8 11 0 0.00 0.0 0 2.5 14 300 M M 1 18 22 320
================================================================================
SM 2235 1760 88 76 5.30 0.0 256.3 M 114
================================================================================
AV 72.1 56.8 8.3 FASTST M M 4 MAX(MPH)
MISC ----> 31 200 45 70
================================================================================
NOTES:
# LAST OF SEVERAL OCCURRENCES
COLUMN 17 PEAK WIND IN M.P.H.
PRELIMINARY LOCAL CLIMATOLOGICAL DATA (WS FORM: F-6) , PAGE 2
STATION: ORLANDO EXEC
MONTH: DECEMBER
YEAR: 2023
LATITUDE: 28 32 N
LONGITUDE: 81 20 W
[TEMPERATURE DATA] [PRECIPITATION DATA] SYMBOLS USED IN COLUMN 16
AVERAGE MONTHLY: 64.4 TOTAL FOR MONTH: 5.30 1 = FOG OR MIST
DPTR FM NORMAL: 0.6 DPTR FM NORMAL: 3.02 2 = FOG REDUCING VISIBILITY
HIGHEST: 85 ON 3 GRTST 24HR 4.09 ON 16-17 TO 1/4 MILE OR LESS
LOWEST: 42 ON 31 3 = THUNDER
SNOW, ICE PELLETS, HAIL 4 = ICE PELLETS
TOTAL MONTH: 0.0 INCH 5 = HAIL
GRTST 24HR 0.0 6 = FREEZING RAIN OR DRIZZLE
GRTST DEPTH: 0 7 = DUSTSTORM OR SANDSTORM:
VSBY 1/2 MILE OR LESS
8 = SMOKE OR HAZE
[NO. OF DAYS WITH] [WEATHER - DAYS WITH] 9 = BLOWING SNOW
X = TORNADO
MAX 32 OR BELOW: 0 0.01 INCH OR MORE: 8
MAX 90 OR ABOVE: 0 0.10 INCH OR MORE: 4
MIN 32 OR BELOW: 0 0.50 INCH OR MORE: 3
MIN 0 OR BELOW: 0 1.00 INCH OR MORE: 1
[HDD (BASE 65) ]
TOTAL THIS MO. 88 CLEAR (SCALE 0-3) 16
DPTR FM NORMAL -32 PTCLDY (SCALE 4-7) 13
TOTAL FM JUL 1 116 CLOUDY (SCALE 8-10) 2
DPTR FM NORMAL -43
[CDD (BASE 65) ]
TOTAL THIS MO. 76
DPTR FM NORMAL -7 [PRESSURE DATA]
TOTAL FM JAN 1 4296 HIGHEST SLP 30.40 ON 21
DPTR FM NORMAL 603 LOWEST SLP 29.47 ON 17
[REMARKS]
#FINAL-12-23#