000
CXUS53 KGRB 031643
CF6OSH
PRELIMINARY LOCAL CLIMATOLOGICAL DATA (WS FORM: F-6)
STATION: OSHKOSH WI
MONTH: DECEMBER
YEAR: 2022
LATITUDE: 44 0 N
LONGITUDE: 88 34 W
TEMPERATURE IN F: :PCPN: SNOW: WIND :SUNSHINE: SKY :PK WND
================================================================================
1 2 3 4 5 6A 6B 7 8 9 10 11 12 13 14 15 16 17 18
12Z AVG MX 2MIN
DY MAX MIN AVG DEP HDD CDD WTR SNW DPTH SPD SPD DIR MIN PSBL S-S WX SPD DR
================================================================================
1 34 13 24 -6 41 0 0.00 0.0 0 9.4 22 180 M M 2 31 190
2 47 29 38 8 27 0 0.00 0.0 0 13.5 24 180 M M 6 34 200
3 42 13 28 -1 37 0 0.01 T 0 11.9 31 290 M M 3 1 52 290
4 37 14 26 -3 39 0 0.00 0.0 0 10.0 17 210 M M 0 27 210
5 39 28 34 6 31 0 0.00 0.0 0 7.1 17 200 M M 6 27 200
6 35 28 32 4 33 0 0.00 0.0 0 6.1 14 40 M M 9 1 20 50
7 34 26 30 2 35 0 0.00 0.0 0 5.6 16 30 M M 10 18 21 40
8 34 25 30 3 35 0 0.00 0.0 0 7.1 14 110 M M 6 19 130
9 34 30 32 5 33 0 0.00 0.0 0 9.7 17 70 M M 10 8 25 90
10 36 32 34 8 31 0 0.01 T 0 5.1 10 100 M M 10 1 14 90
11 36 32 34 8 31 0 0.00 0.0 0 5.6 9 40 M M 10 18 12 30
12 36 31 34 8 31 0 0.00 0.0 0 5.0 14 110 M M 10 19 100
13 36 34 35 9 30 0 0.00 0.0 0 13.8 23 100 M M 10 8 37 100
14 38 33 36 11 29 0 0.64 M M 16.1 29 100 M M 10 18 39 110
15 34 28 31 6 34 0 0.43 3.8 4 11.9 20 190 M M 10 1268 28 180
16 28 22 25 0 40 0 0.03 T 3 13.0 21 200 M M 10 18 29 220
17 26 22 24 0 41 0 0.08 0.6 3 7.5 13 270 M M 10 18 23 250
18 22 9 16 -8 49 0 0.03 0.4 4 9.5 17 290 M M 8 25 280
19 21 10 16 -8 49 0 T T 4 3.8 12 180 M M 8 18 15 180
20 24 0 12 -11 53 0 0.05 1.0 5 7.9 17 290 M M 4 18 24 290
21 24 -5 10 -13 55 0 T T 5 5.0 12 310 M M 5 18 16 310
22 30 -6 12 -11 53 0 0.20 2.7 7 13.8 26 300 M M 10 18 38 300
23 2 -10 -4 -26 69 0 0.03 0.5 7 18.3 28 290 M M 8 8 46 300
24 8 2 5 -17 60 0 0.00 0.0 7 18.1 28 290 M M 1 8 41 260
25 7 -1 3 -19 62 0 0.00 0.0 7 8.2 23 290 M M 0 34 290
26 18 5 12 -10 53 0 0.00 0.0 7 6.0 14 340 M M 3 18 18 340
27 24 7 16 -6 49 0 0.00 0.0 6 11.9 23 180 M M 2 31 190
28 39 23 31 10 34 0 0.00 0.0 6 15.7 24 180 M M 0 32 200
29 53 36 45 24 20 0 0.00 0.0 6 11.6 23 190 M M 6 1 34 180
30 52 23 38 17 27 0 0.00 0.0 0 8.1 21 210 M M 8 18 31 220
31 34 22 28 7 37 0 0.02 0.0 0 4.2 13 150 M M 9 168 17 150
================================================================================
SM 964 555 1248 0 1.53 9.0 300.5 M 204
================================================================================
AV 31.1 17.9 9.7 FASTST M M 7 MAX(MPH)
MISC ----> 31 290 52 290
================================================================================
NOTES:
# LAST OF SEVERAL OCCURRENCES
COLUMN 17 PEAK WIND IN M.P.H.
PRELIMINARY LOCAL CLIMATOLOGICAL DATA (WS FORM: F-6) , PAGE 2
STATION: OSHKOSH WI
MONTH: DECEMBER
YEAR: 2022
LATITUDE: 44 0 N
LONGITUDE: 88 34 W
[TEMPERATURE DATA] [PRECIPITATION DATA] SYMBOLS USED IN COLUMN 16
AVERAGE MONTHLY: 24.5 TOTAL FOR MONTH: 1.53 1 = FOG OR MIST
DPTR FM NORMAL: -0.3 DPTR FM NORMAL: 0.26 2 = FOG REDUCING VISIBILITY
HIGHEST: 53 ON 29 GRTST 24HR 1.06 ON 14-15 TO 1/4 MILE OR LESS
LOWEST: -10 ON 23 3 = THUNDER
SNOW, ICE PELLETS, HAIL 4 = ICE PELLETS
TOTAL MONTH: 9.0 INCHES 5 = HAIL
GRTST 24HR 3.8 ON 15-15 6 = FREEZING RAIN OR DRIZZLE
GRTST DEPTH: 7 ON 26,25 7 = DUSTSTORM OR SANDSTORM:
VSBY 1/2 MILE OR LESS
8 = SMOKE OR HAZE
[NO. OF DAYS WITH] [WEATHER - DAYS WITH] 9 = BLOWING SNOW
X = TORNADO
MAX 32 OR BELOW: 12 0.01 INCH OR MORE: 11
MAX 90 OR ABOVE: 0 0.10 INCH OR MORE: 3
MIN 32 OR BELOW: 28 0.50 INCH OR MORE: 1
MIN 0 OR BELOW: 5 1.00 INCH OR MORE: 0
[HDD (BASE 65) ]
TOTAL THIS MO. 1248 CLEAR (SCALE 0-3) 8
DPTR FM NORMAL 2 PTCLDY (SCALE 4-7) 7
TOTAL FM JUL 1 2679 CLOUDY (SCALE 8-10) 16
DPTR FM NORMAL -101
[CDD (BASE 65) ]
TOTAL THIS MO. 0
DPTR FM NORMAL 0 [PRESSURE DATA]
TOTAL FM JAN 1 644 HIGHEST SLP 30.59 ON 21
DPTR FM NORMAL 77 LOWEST SLP 29.37 ON 15
[REMARKS]
#FINAL-12-22#