000
CXUS56 KMFR 010930
CF6OTH
PRELIMINARY LOCAL CLIMATOLOGICAL DATA (WS FORM: F-6)
STATION: NORTH BEND OR
MONTH: MARCH
YEAR: 2024
LATITUDE: 43 25 N
LONGITUDE: 124 15 W
TEMPERATURE IN F: :PCPN: SNOW: WIND :SUNSHINE: SKY :PK WND
================================================================================
1 2 3 4 5 6A 6B 7 8 9 10 11 12 13 14 15 16 17 18
12Z AVG MX 2MIN
DY MAX MIN AVG DEP HDD CDD WTR SNW DPTH SPD SPD DIR MIN PSBL S-S WX SPD DR
================================================================================
1 48 38 43 -5 22 0 0.69 M M 10.9 29 230 M M 9 13 35 240
2 44 34 39 -9 26 0 0.54 M M 10.0 26 280 M M 8 1 31 280
3 48 36 42 -6 23 0 0.53 M M 10.7 18 150 M M 8 1 21 170
4 48 36 42 -6 23 0 0.55 M M 9.0 20 150 M M 9 1 23 140
5 49 34 42 -6 23 0 0.05 M M 6.8 17 360 M M 8 22 10
6 50 30 40 -8 25 0 0.00 M M 6.3 18 360 M M 3 12 22 10
7 52 32 42 -6 23 0 0.00 M M 6.4 12 140 M M 1 13 360
8 54 36 45 -3 20 0 0.00 M M 8.4 18 260 M M 0 21 260
9 54 43 49 1 16 0 0.35 M M 14.1 33 240 M M 9 1 44 190
10 54 42 48 0 17 0 1.88 M M 13.3 33 180 M M 9 1 45 160
11 52 44 48 0 17 0 0.45 M M 11.1 29 200 M M 10 1 40 210
12 53 42 48 0 17 0 0.10 M M 9.7 28 240 M M 9 33 240
13 54 41 48 0 17 0 0.03 M M 8.0 17 360 M M 5 20 10
14 62 35 49 1 16 0 0.00 M M 5.8 20 360 M M 0 22 360
15 74 48 61 13 4 0 0.00 M M 9.8 16 70 M M 0 20 110
16 67 44 56 8 9 0 0.00 M M 7.9 16 270 M M 0 20 260
17 55 44 50 1 15 0 0.00 M M 8.5 21 340 M M 5 24 340
18 55 46 51 2 14 0 0.00 M M 4.5 10 350 M M 10 12 14 330
19 51 48 50 1 15 0 0.00 M M 3.3 8 290 M M 10 1 9 290
20 57 48 53 4 12 0 T M M 8.5 18 230 M M 10 24 230
21 61 48 55 6 10 0 T M M 7.1 20 240 M M 7 23 250
22 57 47 52 3 13 0 0.51 M M 8.3 16 160 M M 9 1 21 140
23 54 43 49 0 16 0 1.48 M M 11.9 23 140 M M 10 1 28 140
24 54 41 48 -1 17 0 0.16 M M 5.8 16 120 M M 8 12 18 120
25 53 46 50 1 15 0 0.14 M M 9.1 21 210 M M 10 1 28 220
26 54 45 50 1 15 0 0.04 M M 6.4 14 250 M M 9 1 16 260
27 57 44 51 2 14 0 0.59 M M 12.5 28 220 M M 9 1 39 220
28 52 44 48 -1 17 0 0.42 M M 12.4 22 200 M M 10 1 37 220
29 63 40 52 3 13 0 T M M 7.4 18 350 M M 4 8 24 350
30 60 43 52 3 13 0 0.00 M M 13.7 27 360 M M 2 39 360
31 56 43 50 1 15 0 0.00 M M 15.0 25 360 M M 6 31 350
================================================================================
SM 1702 1285 512 0 8.51 M 282.6 M 207
================================================================================
AV 54.9 41.5 9.1 FASTST M M 7 MAX(MPH)
MISC ----> # 33 240 45 160
================================================================================
NOTES:
# LAST OF SEVERAL OCCURRENCES
COLUMN 17 PEAK WIND IN M.P.H.
PRELIMINARY LOCAL CLIMATOLOGICAL DATA (WS FORM: F-6) , PAGE 2
STATION: NORTH BEND OR
MONTH: MARCH
YEAR: 2024
LATITUDE: 43 25 N
LONGITUDE: 124 15 W
[TEMPERATURE DATA] [PRECIPITATION DATA] SYMBOLS USED IN COLUMN 16
AVERAGE MONTHLY: 48.2 TOTAL FOR MONTH: 8.51 1 = FOG OR MIST
DPTR FM NORMAL: -0.3 DPTR FM NORMAL: 1.02 2 = FOG REDUCING VISIBILITY
HIGHEST: 74 ON 15 GRTST 24HR 1.88 ON 10-10 TO 1/4 MILE OR LESS
LOWEST: 30 ON 6 3 = THUNDER
SNOW, ICE PELLETS, HAIL 4 = ICE PELLETS
TOTAL MONTH: M 5 = HAIL
GRTST 24HR M ON M 6 = FREEZING RAIN OR DRIZZLE
GRTST DEPTH: M ON M 7 = DUSTSTORM OR SANDSTORM:
VSBY 1/2 MILE OR LESS
8 = SMOKE OR HAZE
[NO. OF DAYS WITH] [WEATHER - DAYS WITH] 9 = BLOWING SNOW
X = TORNADO
MAX 32 OR BELOW: 0 0.01 INCH OR MORE: 17
MAX 90 OR ABOVE: 0 0.10 INCH OR MORE: 13
MIN 32 OR BELOW: 2 0.50 INCH OR MORE: 8
MIN 0 OR BELOW: 0 1.00 INCH OR MORE: 2
[HDD (BASE 65) ]
TOTAL THIS MO. 512 CLEAR (SCALE 0-3) 7
DPTR FM NORMAL 0 PTCLDY (SCALE 4-7) 7
TOTAL FM JUL 1 2860 CLOUDY (SCALE 8-10) 17
DPTR FM NORMAL -505
[CDD (BASE 65) ]
TOTAL THIS MO. 0
DPTR FM NORMAL 0 [PRESSURE DATA]
TOTAL FM JAN 1 0 HIGHEST SLP 30.45 ON 14
DPTR FM NORMAL 0 LOWEST SLP 29.35 ON 1
[REMARKS]
#FINAL-03-24#