000
CXUS53 KDDC 011508
CF6P28
PRELIMINARY LOCAL CLIMATOLOGICAL DATA (WS FORM: F-6)
STATION: MEDICINE LODGE KS
MONTH: NOVEMBER
YEAR: 2023
LATITUDE: 37 17 N
LONGITUDE: 98 35 W
TEMPERATURE IN F: :PCPN: SNOW: WIND :SUNSHINE: SKY :PK WND
================================================================================
1 2 3 4 5 6A 6B 7 8 9 10 11 12 13 14 15 16 17 18
12Z AVG MX 2MIN
DY MAX MIN AVG DEP HDD CDD WTR SNW DPTH SPD SPD DIR MIN PSBL S-S WX SPD DR
================================================================================
1 60 24 42 -10 23 0 0.00 0.0 0 9.8 20 170 M M 0 28 170
2 68 32 50 -1 15 0 0.00 0.0 0 8.7 18 180 M M 0 25 170
3 76 37 57 6 8 0 0.00 0.0 0 5.8 14 180 M M 0 21 170
4 70 41 56 6 9 0 0.00 0.0 0 5.4 13 70 M M 0 18 90
5 75 39 57 7 8 0 0.00 0.0 0 6.2 20 180 M M 0 26 170
6 74 45 60 10 5 0 0.01 0.0 0 4.5 13 350 M M 0 18 350
7 76 42 59 10 6 0 0.00 0.0 0 5.1 16 170 M M 0 21 170
8 64 45 55 6 10 0 0.00 0.0 0 9.1 20 340 M M 0 27 360
9 63 38 51 3 14 0 0.00 0.0 0 7.0 17 20 M M 0 24 20
10 64 29 47 -1 18 0 0.00 0.0 0 5.1 13 190 M M 0 20 170
11 63 44 54 6 11 0 0.00 0.0 0 7.9 21 180 M M 0 30 190
12 73 32 53 6 12 0 0.00 0.0 0 3.8 13 170 M M 0 16 160
13 71 33 52 5 13 0 0.00 0.0 0 4.9 16 170 M M 0 22 170
14 72 34 53 7 12 0 0.00 0.0 0 8.1 24 180 M M 0 34 180
15 73 39 56 10 9 0 0.00 0.0 0 6.0 14 180 M M 0 19 190
16 70 48 59 14 6 0 0.00 0.0 0 9.9 23 190 M M 0 33 200
17 66 38 52 7 13 0 0.00 0.0 0 9.2 22 20 M M 0 32 360
18 70 32 51 7 14 0 0.00 0.0 0 6.3 15 170 M M 0 21 170
19 59 54 57 13 8 0 0.67 0.0 0 9.6 17 170 M M 0 32 140
20 56 46 51 7 14 0 0.38 0.0 0 12.2 25 360 M M 0 38 340
21 54 30 42 -1 23 0 0.00 0.0 0 15.0 28 340 M M 0 42 340
22 66 26 46 3 19 0 0.00 0.0 0 5.5 14 210 M M 0 19 200
23 61 30 46 4 19 0 0.00 0.0 0 8.5 25 30 M M 0 36 30
24 42 27 35 -7 30 0 0.00 0.0 0 12.7 21 20 M M 0 30 10
25 32 26 29 -13 36 0 0.79 7.5 0 7.7 13 330 M M 0 19 340
26 44 15 30 -11 35 0 0.00 0.0 7 7.7 21 330 M M 0 29 340
27 53 15 34 -7 31 0 0.00 0.0 5 4.4 10 300 M M 0 15 270
28 55 20 38 -2 27 0 0.00 0.0 3 4.7 14 200 M M 0 18 200
29 57 24 41 1 24 0 0.00 0.0 1 5.2 12 160 M M 0 16 170
30 49 37 43 3 22 0 0.51 0.0 0 8.8 25 20 M M 0 35 10
================================================================================
SM 1876 1022 494 0 2.36 7.5 224.8 M 0
================================================================================
AV 62.5 34.1 7.5 FASTST M M 0 MAX(MPH)
MISC ----> 28 340 42 340
================================================================================
NOTES:
# LAST OF SEVERAL OCCURRENCES
COLUMN 17 PEAK WIND IN M.P.H.
PRELIMINARY LOCAL CLIMATOLOGICAL DATA (WS FORM: F-6) , PAGE 2
STATION: MEDICINE LODGE KS
MONTH: NOVEMBER
YEAR: 2023
LATITUDE: 37 17 N
LONGITUDE: 98 35 W
[TEMPERATURE DATA] [PRECIPITATION DATA] SYMBOLS USED IN COLUMN 16
AVERAGE MONTHLY: 48.3 TOTAL FOR MONTH: 2.36 1 = FOG OR MIST
DPTR FM NORMAL: 2.7 DPTR FM NORMAL: 1.26 2 = FOG REDUCING VISIBILITY
HIGHEST: 76 ON 7, 3 GRTST 24HR 0.89 ON 19-20 TO 1/4 MILE OR LESS
LOWEST: 15 ON 27,26 3 = THUNDER
SNOW, ICE PELLETS, HAIL 4 = ICE PELLETS
TOTAL MONTH: 7.5 INCHES 5 = HAIL
GRTST 24HR 7.5 ON 25-25 6 = FREEZING RAIN OR DRIZZLE
GRTST DEPTH: 7 ON 26 7 = DUSTSTORM OR SANDSTORM:
VSBY 1/2 MILE OR LESS
8 = SMOKE OR HAZE
[NO. OF DAYS WITH] [WEATHER - DAYS WITH] 9 = BLOWING SNOW
X = TORNADO
MAX 32 OR BELOW: 1 0.01 INCH OR MORE: 5
MAX 90 OR ABOVE: 0 0.10 INCH OR MORE: 4
MIN 32 OR BELOW: 14 0.50 INCH OR MORE: 3
MIN 0 OR BELOW: 0 1.00 INCH OR MORE: 0
[HDD (BASE 65) ]
TOTAL THIS MO. 494
DPTR FM NORMAL -89
TOTAL FM JUL 1 711
DPTR FM NORMAL -146
[CDD (BASE 65) ]
TOTAL THIS MO. 0
DPTR FM NORMAL -1 [PRESSURE DATA]
TOTAL FM JAN 1 1885 HIGHEST SLP 30.48 ON 1
DPTR FM NORMAL 64 LOWEST SLP 29.54 ON 8
[REMARKS]
#FINAL-11-23#