000
CXUS56 KLKN 011210
CF6P68
PRELIMINARY LOCAL CLIMATOLOGICAL DATA (WS FORM: F-6)
STATION: EUREKA AIRPORT NV
MONTH: OCTOBER
YEAR: 2023
LATITUDE: 39 30 N
LONGITUDE: 115 58 W
TEMPERATURE IN F: :PCPN: SNOW: WIND :SUNSHINE: SKY :PK WND
================================================================================
1 2 3 4 5 6A 6B 7 8 9 10 11 12 13 14 15 16 17 18
12Z AVG MX 2MIN
DY MAX MIN AVG DEP HDD CDD WTR SNW DPTH SPD SPD DIR MIN PSBL S-S WX SPD DR
================================================================================
1 51 40 46 -7 19 0 0.24 M M 4.4 16 260 M M M 21 260
2 49 40 45 -7 20 0 0.09 M M 3.1 13 280 M M M 17 280
3 56 33 45 -7 20 0 0.00 M M 3.4 9 20 M M M 12 30
4 66 37 52 1 13 0 0.00 M M 4.5 14 360 M M M 17 40
5 72 33 53 2 12 0 0.00 M M 4.7 12 10 M M M 14 10
6 76 34 55 5 10 0 0.00 M M 4.1 10 350 M M M 14 340
7 78 36 57 7 8 0 0.00 M M 3.9 10 210 M M M 14 200
8 80 38 59 9 6 0 0.00 M M 5.1 12 200 M M M 16 210
9 79 40 60 11 5 0 0.00 M M 9.9 32 190 M M M 48 240
10 74 36 55 6 10 0 0.00 M M 6.7 23 280 M M M 33 290
11 52 30 41 -7 24 0 0.06 M M 7.5 24 280 M M M 36 310
12 52 25 39 -9 26 0 0.00 M M 5.0 18 30 M M M 22 30
13 59 23 41 -7 24 0 0.00 M M 7.5 16 150 M M M 23 150
14 68 30 49 2 16 0 0.00 M M 4.3 12 170 M M M 16 220
15 75 30 53 6 12 0 0.00 M M 6.0 15 150 M M M 21 140
16 79 37 58 11 7 0 0.00 M M 5.5 12 190 M M M 16 210
17 76 36 56 10 9 0 0.00 M M 5.8 12 210 M M M 14 210
18 76 32 54 8 11 0 0.00 M M 4.8 9 190 M M M 14 350
19 79 36 58 12 7 0 0.00 M M 4.8 10 200 M M M 14 220
20 79 37 58 13 7 0 0.00 M M 5.7 13 210 M M M 16 210
21 76 38 57 12 8 0 0.00 M M 5.3 12 160 M M M 14 250
22 73 35 54 9 11 0 0.00 M M 8.0 21 190 M M M 29 170
23 64 33 49 5 16 0 0.00 M M 5.8 18 340 M M M 26 350
24 66 32 49 5 16 0 0.00 M M 4.8 12 140 M M M 15 260
25 69 33 51 7 14 0 0.05 M M 8.6 26 290 M M M 37 290
26 46 17 32 -11 33 0 0.00 M M 5.1 23 300 M M M 31 300
27 56 14 35 -8 30 0 0.00 M M 4.0 13 310 M M M 21 290
28 41 9 25 -17 40 0 0.00 M M 7.2 22 360 M M 0 28 20
29 43 3 23 -19 42 0 0.00 M M 4.9 12 350 M M 0 16 30
30 53 9 31 -11 34 0 0.00 M M 4.6 10 320 M M M 12 30
31 62 13 38 -3 27 0 0.00 M M 6.3 15 130 M M M 21 130
================================================================================
SM 2025 919 537 0 0.44 M 171.3 M 0
================================================================================
AV 65.3 29.6 5.5 FASTST M M 0 MAX(MPH)
MISC ----> 32 190 48 240
================================================================================
NOTES:
# LAST OF SEVERAL OCCURRENCES
COLUMN 17 PEAK WIND IN M.P.H.
PRELIMINARY LOCAL CLIMATOLOGICAL DATA (WS FORM: F-6) , PAGE 2
STATION: EUREKA AIRPORT NV
MONTH: OCTOBER
YEAR: 2023
LATITUDE: 39 30 N
LONGITUDE: 115 58 W
[TEMPERATURE DATA] [PRECIPITATION DATA] SYMBOLS USED IN COLUMN 16
AVERAGE MONTHLY: 47.5 TOTAL FOR MONTH: 0.44 1 = FOG OR MIST
DPTR FM NORMAL: 0.7 DPTR FM NORMAL: -0.17 2 = FOG REDUCING VISIBILITY
HIGHEST: 80 ON 8 GRTST 24HR 0.44 ON 30- 1 TO 1/4 MILE OR LESS
LOWEST: 3 ON 29 3 = THUNDER
SNOW, ICE PELLETS, HAIL 4 = ICE PELLETS
TOTAL MONTH: M 5 = HAIL
GRTST 24HR M ON M 6 = FREEZING RAIN OR DRIZZLE
GRTST DEPTH: M ON M 7 = DUSTSTORM OR SANDSTORM:
VSBY 1/2 MILE OR LESS
8 = SMOKE OR HAZE
[NO. OF DAYS WITH] [WEATHER - DAYS WITH] 9 = BLOWING SNOW
X = TORNADO
MAX 32 OR BELOW: 0 0.01 INCH OR MORE: 4
MAX 90 OR ABOVE: 0 0.10 INCH OR MORE: 1
MIN 32 OR BELOW: 13 0.50 INCH OR MORE: 0
MIN 0 OR BELOW: 0 1.00 INCH OR MORE: 0
[HDD (BASE 65) ]
TOTAL THIS MO. 537 CLEAR (SCALE 0-3) 2
DPTR FM NORMAL -27 PTCLDY (SCALE 4-7) 0
TOTAL FM JUL 1 743 CLOUDY (SCALE 8-10) 29
DPTR FM NORMAL -49
[CDD (BASE 65) ]
TOTAL THIS MO. 0
DPTR FM NORMAL 0 [PRESSURE DATA]
TOTAL FM JAN 1 341 HIGHEST SLP 30.58 ON 29
DPTR FM NORMAL -15 LOWEST SLP 29.49 ON 11
[REMARKS]
#FINAL-10-23#