000
CXUS53 KPAH 010800
CF6PAH
PRELIMINARY LOCAL CLIMATOLOGICAL DATA (WS FORM: F-6)
STATION: PADUCAH KY
MONTH: NOVEMBER
YEAR: 2020
LATITUDE: 37 4 N
LONGITUDE: 88 46 W
TEMPERATURE IN F: :PCPN: SNOW: WIND :SUNSHINE: SKY :PK WND
================================================================================
1 2 3 4 5 6A 6B 7 8 9 10 11 12 13 14 15 16 17 18
12Z AVG MX 2MIN
DY MAX MIN AVG DEP HDD CDD WTR SNW DPTH SPD SPD DIR MIN PSBL S-S WX SPD DR
================================================================================
1 58 36 47 -7 18 0 0.00 0.0 0 10.0 23 330 M M 0 8 34 330
2 56 27 42 -12 23 0 0.00 0.0 0 4.2 12 240 M M 0 17 240
3 68 38 53 0 12 0 0.00 0.0 0 5.1 13 220 M M 0 17 210
4 75 47 61 8 4 0 0.00 0.0 0 5.6 13 210 M M 0 8 18 170
5 71 47 59 7 6 0 0.00 0.0 0 3.5 10 220 M M 0 16 200
6 74 41 58 6 7 0 0.00 0.0 0 1.8 10 130 M M 0 1 13 140
7 78 44 61 9 4 0 0.00 0.0 0 4.2 13 110 M M 1 18 18 110
8 81 57 69 18 0 4 0.00 0.0 0 6.4 18 150 M M 4 1 29 160
9 77 63 70 19 0 5 0.00 0.0 0 6.5 16 170 M M 7 24 170
10 77 60 69 18 0 4 T 0.0 0 9.0 17 300 M M 9 30 170
11 61 41 51 1 14 0 0.00 0.0 0 9.0 16 360 M M 5 8 21 350
12 63 36 50 0 15 0 0.00 0.0 0 4.6 13 90 M M 1 17 80
13 56 37 47 -2 18 0 0.00 0.0 0 4.6 15 360 M M 1 22 350
14 71 37 54 5 11 0 0.27 0.0 0 9.2 22 170 M M 7 13 37 200
15 71 41 56 8 9 0 0.39 0.0 0 13.6 32 280 M M 3 13 44 290
16 63 32 48 0 17 0 0.00 0.0 0 7.6 16 260 M M 0 24 240
17 54 31 43 -5 22 0 0.00 0.0 0 6.5 17 350 M M 0 8 25 350
18 60 29 45 -2 20 0 0.00 0.0 0 7.4 15 120 M M 0 26 170
19 69 49 59 12 6 0 0.00 0.0 0 9.7 22 210 M M 0 36 220
20 71 53 62 16 3 0 0.00 0.0 0 6.8 23 240 M M 5 29 230
21 61 54 58 12 7 0 0.03 0.0 0 4.9 9 350 M M 9 18 15 200
22 62 34 48 3 17 0 0.15 0.0 0 7.7 18 260 M M 8 1 24 260
23 56 32 44 -1 21 0 0.00 0.0 0 1.8 7 10 M M 0 1 10 130
24 58 40 49 5 16 0 0.24 0.0 0 6.5 15 170 M M 2 24 180
25 66 47 57 13 8 0 1.31 0.0 0 12.7 30 240 M M 9 13 42 240
26 49 36 43 -1 22 0 0.00 0.0 0 3.5 10 250 M M 9 1 13 250
27 62 33 48 5 17 0 0.00 0.0 0 4.6 16 340 M M 3 12 21 350
28 54 29 42 -1 23 0 0.00 0.0 0 2.4 10 360 M M 0 18 15 350
29 52 29 41 -1 24 0 0.02 0.0 0 3.5 21 330 M M 3 18 32 330
30 41 32 37 -5 28 0 T T 0 13.4 28 340 M M 10 39 340
================================================================================
SM 1915 1212 392 13 2.41 T 196.3 M 96
================================================================================
AV 63.8 40.4 6.5 FASTST M M 3 MAX(MPH)
MISC ----> 32 280 44 290
================================================================================
NOTES:
# LAST OF SEVERAL OCCURRENCES
COLUMN 17 PEAK WIND IN M.P.H.
PRELIMINARY LOCAL CLIMATOLOGICAL DATA (WS FORM: F-6) , PAGE 2
STATION: PADUCAH KY
MONTH: NOVEMBER
YEAR: 2020
LATITUDE: 37 4 N
LONGITUDE: 88 46 W
[TEMPERATURE DATA] [PRECIPITATION DATA] SYMBOLS USED IN COLUMN 16
AVERAGE MONTHLY: 52.1 TOTAL FOR MONTH: 2.41 1 = FOG OR MIST
DPTR FM NORMAL: 4.0 DPTR FM NORMAL: -1.89 2 = FOG REDUCING VISIBILITY
HIGHEST: 81 ON 8 GRTST 24HR 1.55 ON 24-25 TO 1/4 MILE OR LESS
LOWEST: 27 ON 2 3 = THUNDER
SNOW, ICE PELLETS, HAIL 4 = ICE PELLETS
TOTAL MONTH: T 5 = HAIL
GRTST 24HR T ON 30-30 6 = FREEZING RAIN OR DRIZZLE
GRTST DEPTH: 0 7 = DUSTSTORM OR SANDSTORM:
VSBY 1/2 MILE OR LESS
8 = SMOKE OR HAZE
[NO. OF DAYS WITH] [WEATHER - DAYS WITH] 9 = BLOWING SNOW
X = TORNADO
MAX 32 OR BELOW: 0 0.01 INCH OR MORE: 7
MAX 90 OR ABOVE: 0 0.10 INCH OR MORE: 5
MIN 32 OR BELOW: 8 0.50 INCH OR MORE: 1
MIN 0 OR BELOW: 0 1.00 INCH OR MORE: 1
[HDD (BASE 65) ]
TOTAL THIS MO. 392 CLEAR (SCALE 0-3) 17
DPTR FM NORMAL -118 PTCLDY (SCALE 4-7) 7
TOTAL FM JUL 1 663 CLOUDY (SCALE 8-10) 6
DPTR FM NORMAL -114
[CDD (BASE 65) ]
TOTAL THIS MO. 13
DPTR FM NORMAL 9 [PRESSURE DATA]
TOTAL FM JAN 1 1650 HIGHEST SLP M ON M
DPTR FM NORMAL 108 LOWEST SLP 29.57 ON 15
[REMARKS]
#FINAL-11-20#