000
CXUS53 KPAH 011111
CLSPAH
CLIMATE REPORT
NATIONAL WEATHER SERVICE PADUCAH KY
511 AM CST THU DEC 01 2022
...................................
...THE PADUCAH KY CLIMATE SUMMARY FOR THE SEASON, FROM
9/1/2022 TO 11/30/2022...
CLIMATE NORMAL PERIOD 1991 TO 2020
CLIMATE RECORD PERIOD 1937 TO 2022
WEATHER OBSERVED NORMAL DEPART LAST YEAR`S
VALUE DATE(S) VALUE FROM VALUE
NORMAL
..............................................................
TEMPERATURE (F)
RECORD
HIGH 104 09/05/1954
09/09/1939
LOW -3 11/25/1950
HIGHEST 101 09/21 70 31
LOWEST 15 11/19 48 -33
AVG. MAXIMUM 72.7 71.2 1.5
AVG. MINIMUM 45.6 48.0 -2.4
MEAN 59.1 59.6 -0.5
DAYS MAX >= 90 6 6.9 -0.9
DAYS MAX <= 32 0 0.1 -0.1
DAYS MIN <= 32 17 12.6 4.4
DAYS MIN <= 0 0 0.0 0.0
PRECIPITATION (INCHES)
RECORD
MAXIMUM 22.54 2006
MINIMUM 3.10 1963
TOTALS 4.56 11.63 -7.07
DAILY AVG. 0.05 0.13 -0.08
DAYS >= .01 16 24.4 -8.4
DAYS >= .10 10 16.4 -6.4
DAYS >= .50 3 7.6 -4.6
DAYS >= 1.00 1 3.5 -2.5
GREATEST
24 HR. TOTAL 1.17 10/25 TO 10/25
STORM TOTAL 1.17
(MM/DD(HH))
SNOWFALL (INCHES)
RECORDS
TOTAL 2.8 2014
24 HR TOTAL 2.1 MM
TOTALS 2.3 0.3 2.0
LIQUID EQUIV 0.20
SINCE 7/1 2.3 0.3 2.0
LIQUID 7/1 0.23
SNOWDEPTH AVG. 0
DAYS >= TRACE 2
DAYS >= 1.0 1
GREATEST
SNOW DEPTH 1 11/12
24 HR TOTAL MM
STORM TOTAL 2.3
(MM/DD(HH))
DEGREE DAYS
HEATING TOTAL 778 756 22
SINCE 7/1 778 756 22
COOLING TOTAL 270 263 7
SINCE 1/1 1836 1683 153
FREEZE DATES
RECORD
EARLIEST 10/01/1984
LATEST 04/28/1992
EARLIEST 10/18
LATEST 03/20
..............................................................
WIND (MPH)
AVERAGE WIND SPEED 4.3
HIGHEST WIND SPEED/DIRECTION 28/160 DATE 11/05
HIGHEST GUST SPEED/DIRECTION 45/150 DATE 11/05
SKY COVER
POSSIBLE SUNSHINE (PERCENT) MM
AVERAGE SKY COVER 0.25
NUMBER OF DAYS FAIR 64
NUMBER OF DAYS PC 16
NUMBER OF DAYS CLOUDY 11
AVERAGE RH (PERCENT) 63
WEATHER CONDITIONS. NUMBER OF DAYS WITH
THUNDERSTORM 4 MIXED PRECIP 0
HEAVY RAIN 4 RAIN 9
LIGHT RAIN 22 FREEZING RAIN 0
LT FREEZING RAIN 0 HAIL 0
HEAVY SNOW 0 SNOW 0
LIGHT SNOW 2 SLEET 0
FOG 32 FOG W/VIS <= 1/4 MILE 8
HAZE 11
- INDICATES NEGATIVE NUMBERS.
R INDICATES RECORD WAS SET OR TIED.
MM INDICATES DATA IS MISSING.
T INDICATES TRACE AMOUNT.
[REMARKS: 4TH DRIEST AND TIED FOR 3RD SNOWIEST FALL AT PADUCAH.]
$$