000
CXUS51 KBTV 010700
CF6PBG
PRELIMINARY LOCAL CLIMATOLOGICAL DATA (WS FORM: F-6)
STATION: PLATTSBURGH NY
MONTH: MARCH
YEAR: 2024
LATITUDE: 44 39 N
LONGITUDE: 73 28 W
TEMPERATURE IN F: :PCPN: SNOW: WIND :SUNSHINE: SKY :PK WND
================================================================================
1 2 3 4 5 6A 6B 7 8 9 10 11 12 13 14 15 16 17 18
12Z AVG MX 2MIN
DY MAX MIN AVG DEP HDD CDD WTR SNW DPTH SPD SPD DIR MIN PSBL S-S WX SPD DR
================================================================================
1 39 7 23 -2 42 0 0.00 M M 5.8 17 160 M M 5 24 180
2 43 24 34 9 31 0 0.04 M M 3.4 14 150 M M 7 1 19 150
3 50 36 43 17 22 0 0.00 M M 4.0 15 360 M M 10 1 18 360
4 58 37 48 22 17 0 0.00 M M 8.0 21 160 M M 5 1 30 150
5 52 31 42 16 23 0 0.02 M M 9.5 20 140 M M 4 27 140
6 44 38 41 14 24 0 0.91 M M 8.1 17 350 M M 10 1 22 340
7 47 30 39 12 26 0 0.03 M M 15.6 26 350 M M 5 1 34 360
8 46 25 36 9 29 0 0.00 M M 4.2 10 350 M M 0 13 320
9 47 30 39 11 26 0 0.03 M M 15.6 30 160 M M 6 42 160
10 39 28 34 6 31 0 0.53 M M 3.9 15 140 M M 10 1 23 310
11 40 27 34 6 31 0 T M M 12.5 25 300 M M 6 44 300
12 51 27 39 10 26 0 0.00 M M 9.7 22 330 M M 2 32 320
13 50 24 37 8 28 0 T M M 3.5 10 130 M M 3 18 160
14 52 28 40 11 25 0 0.19 M M 2.6 9 70 M M 3 1 13 40
15 50 32 41 11 24 0 0.37 M M 6.9 17 10 M M 8 1 21 10
16 46 32 39 9 26 0 0.04 M M 3.1 9 100 M M 9 1 14 90
17 50 37 44 14 21 0 0.01 M M 4.6 15 250 M M 7 31 280
18 41 32 37 6 28 0 0.00 M M 6.1 14 290 M M 8 24 290
19 39 25 32 1 33 0 0.00 M M 6.2 14 310 M M 8 22 290
20 44 25 35 3 30 0 T M M 6.9 21 150 M M 9 18 31 180
21 28 18 23 -9 42 0 0.00 M M 10.6 22 290 M M 3 38 280
22 28 14 21 -11 44 0 0.00 M M 7.7 17 300 M M 3 29 270
23 26 18 22 -11 43 0 0.41 M M 10.4 22 340 M M 10 1 30 340
24 33 1 17 -16 48 0 0.00 M M 3.3 12 30 M M 1 17 10
25 45 12 29 -5 36 0 0.00 M M 5.5 15 130 M M 0 21 140
26 52 25 39 5 26 0 0.00 M M 7.4 18 170 M M 4 34 180
27 49 37 43 9 22 0 T M M 11.0 20 140 M M 5 30 160
28 46 37 42 7 23 0 0.00 M M 2.5 10 60 M M 8 1 14 50
29 49 30 40 5 25 0 0.00 M M 10.3 23 330 M M 1 34 300
30 48 31 40 4 25 0 0.00 M M 9.2 22 320 M M 3 33 320
31 53 33 43 7 22 0 0.00 M M 5.3 17 330 M M 4 26 330
================================================================================
SM 1385 831 899 0 2.58 M 223.4 M 167
================================================================================
AV 44.7 26.8 7.2 FASTST M M 5 MAX(MPH)
MISC ----> 30 160 44 300
================================================================================
NOTES:
# LAST OF SEVERAL OCCURRENCES
COLUMN 17 PEAK WIND IN M.P.H.
PRELIMINARY LOCAL CLIMATOLOGICAL DATA (WS FORM: F-6) , PAGE 2
STATION: PLATTSBURGH NY
MONTH: MARCH
YEAR: 2024
LATITUDE: 44 39 N
LONGITUDE: 73 28 W
[TEMPERATURE DATA] [PRECIPITATION DATA] SYMBOLS USED IN COLUMN 16
AVERAGE MONTHLY: 35.7 TOTAL FOR MONTH: 2.58 1 = FOG OR MIST
DPTR FM NORMAL: 5.5 DPTR FM NORMAL: 1.25 2 = FOG REDUCING VISIBILITY
HIGHEST: 58 ON 4 GRTST 24HR 0.94 ON 6- 7 TO 1/4 MILE OR LESS
LOWEST: 1 ON 24 3 = THUNDER
SNOW, ICE PELLETS, HAIL 4 = ICE PELLETS
TOTAL MONTH: M 5 = HAIL
GRTST 24HR M ON M 6 = FREEZING RAIN OR DRIZZLE
GRTST DEPTH: M ON M 7 = DUSTSTORM OR SANDSTORM:
VSBY 1/2 MILE OR LESS
8 = SMOKE OR HAZE
[NO. OF DAYS WITH] [WEATHER - DAYS WITH] 9 = BLOWING SNOW
X = TORNADO
MAX 32 OR BELOW: 3 0.01 INCH OR MORE: 11
MAX 90 OR ABOVE: 0 0.10 INCH OR MORE: 5
MIN 32 OR BELOW: 24 0.50 INCH OR MORE: 2
MIN 0 OR BELOW: 0 1.00 INCH OR MORE: 0
[HDD (BASE 65) ]
TOTAL THIS MO. 899 CLEAR (SCALE 0-3) 9
DPTR FM NORMAL -178 PTCLDY (SCALE 4-7) 15
TOTAL FM JUL 1 5549 CLOUDY (SCALE 8-10) 7
DPTR FM NORMAL -975
[CDD (BASE 65) ]
TOTAL THIS MO. 0
DPTR FM NORMAL 0 [PRESSURE DATA]
TOTAL FM JAN 1 0 HIGHEST SLP M ON M
DPTR FM NORMAL 0 LOWEST SLP 29.27 ON 10
[REMARKS]
#FINAL-03-24#