000
CXUS52 KFFC 011110
CF6PDK
PRELIMINARY LOCAL CLIMATOLOGICAL DATA (WS FORM: F-6)
STATION: DEKALB PEACHTREE AIRPORT
MONTH: NOVEMBER
YEAR: 2023
LATITUDE: 33 52 N
LONGITUDE: 84 18 W
TEMPERATURE IN F: :PCPN: SNOW: WIND :SUNSHINE: SKY :PK WND
================================================================================
1 2 3 4 5 6A 6B 7 8 9 10 11 12 13 14 15 16 17 18
12Z AVG MX 2MIN
DY MAX MIN AVG DEP HDD CDD WTR SNW DPTH SPD SPD DIR MIN PSBL S-S WX SPD DR
================================================================================
1 54 31 43 -13 22 0 T M M 9.0 20 330 M M 0 31 350
2 56 28 42 -13 23 0 0.00 M M 2.5 9 150 M M 0 17 80
3 65 29 47 -8 18 0 0.00 M M 0.8 8 170 M M 0 12 150
4 71 33 52 -3 13 0 0.00 M M 2.7 15 330 M M 0 21 320
5 74 39 57 3 8 0 0.00 M M 3.4 13 280 M M 0 19 340
6 76 41 59 5 6 0 0.00 M M 1.5 9 260 M M 0 18 12 230
7 79 43 61 7 4 0 0.00 M M 2.7 12 260 M M 0 1 18 340
8 79 45 62 8 3 0 0.00 M M 2.3 12 180 M M 0 1 22 210
9 78 55 67 14 0 2 0.00 M M 5.2 10 240 M M 1 14 280
10 66 55 61 8 4 0 0.11 M M 4.9 13 330 M M 5 1 16 330
11 55 49 52 -1 13 0 0.54 M M 4.4 10 70 M M 10 1 19 80
12 59 49 54 2 11 0 0.00 M M 2.6 9 50 M M 10 16 40
13 67 47 57 5 8 0 0.00 M M 1.9 9 20 M M 3 16 20
14 69 44 57 5 8 0 0.00 M M 2.4 12 90 M M 0 23 70
15 62 52 57 5 8 0 T M M 4.7 12 90 M M 9 22 60
16 71 54 63 12 2 0 0.00 M M 3.6 10 100 M M 8 20 100
17 71 57 64 13 1 0 T M M 2.6 7 10 M M 7 18 14 70
18 72 49 61 10 4 0 0.00 M M 7.3 17 350 M M 1 1 23 330
19 68 44 56 6 9 0 0.00 M M 3.6 9 70 M M 0 17 80
20 65 54 60 10 5 0 T M M 5.2 13 110 M M 9 22 140
21 66 54 60 10 5 0 0.46 M M 7.5 18 260 M M 10 1 30 270
22 57 44 51 1 14 0 0.00 M M 11.5 21 320 M M 8 1 31 320
23 57 38 48 -2 17 0 0.00 M M 3.5 13 320 M M 2 20 330
24 62 39 51 2 14 0 0.00 M M 3.1 12 310 M M 1 16 250
25 57 37 47 -2 18 0 0.00 M M 3.8 10 160 M M 2 22 50
26 49 43 46 -3 19 0 0.05 M M 3.3 8 170 M M 10 1 14 80
27 49 36 43 -6 22 0 0.00 M M 11.0 23 320 M M 2 1 31 320
28 50 32 41 -7 24 0 0.00 M M 9.2 22 290 M M 0 33 290
29 54 22 38 -10 27 0 0.00 M M 2.2 9 250 M M 0 14 290
30 58 27 43 -5 22 0 0.00 M M 2.7 12 210 M M 0 14 220
================================================================================
SM 1916 1270 352 2 1.16 M 131.1 M 98
================================================================================
AV 63.9 42.3 4.4 FASTST M M 3 MAX(MPH)
MISC ----> 23 320 33 290
================================================================================
NOTES:
# LAST OF SEVERAL OCCURRENCES
COLUMN 17 PEAK WIND IN M.P.H.
PRELIMINARY LOCAL CLIMATOLOGICAL DATA (WS FORM: F-6) , PAGE 2
STATION: DEKALB PEACHTREE AIRPORT
MONTH: NOVEMBER
YEAR: 2023
LATITUDE: 33 52 N
LONGITUDE: 84 18 W
[TEMPERATURE DATA] [PRECIPITATION DATA] SYMBOLS USED IN COLUMN 16
AVERAGE MONTHLY: 53.1 TOTAL FOR MONTH: 1.16 1 = FOG OR MIST
DPTR FM NORMAL: 1.6 DPTR FM NORMAL: -3.05 2 = FOG REDUCING VISIBILITY
HIGHEST: 79 ON 8, 7 GRTST 24HR 0.62 ON 10-11 TO 1/4 MILE OR LESS
LOWEST: 22 ON 29 3 = THUNDER
SNOW, ICE PELLETS, HAIL 4 = ICE PELLETS
TOTAL MONTH: M 5 = HAIL
GRTST 24HR M ON M 6 = FREEZING RAIN OR DRIZZLE
GRTST DEPTH: M ON M 7 = DUSTSTORM OR SANDSTORM:
VSBY 1/2 MILE OR LESS
8 = SMOKE OR HAZE
[NO. OF DAYS WITH] [WEATHER - DAYS WITH] 9 = BLOWING SNOW
X = TORNADO
MAX 32 OR BELOW: 0 0.01 INCH OR MORE: 4
MAX 90 OR ABOVE: 0 0.10 INCH OR MORE: 3
MIN 32 OR BELOW: 6 0.50 INCH OR MORE: 1
MIN 0 OR BELOW: 0 1.00 INCH OR MORE: 0
[HDD (BASE 65) ]
TOTAL THIS MO. 352 CLEAR (SCALE 0-3) 19
DPTR FM NORMAL -54 PTCLDY (SCALE 4-7) 4
TOTAL FM JUL 1 460 CLOUDY (SCALE 8-10) 7
DPTR FM NORMAL -102
[CDD (BASE 65) ]
TOTAL THIS MO. 2
DPTR FM NORMAL -1 [PRESSURE DATA]
TOTAL FM JAN 1 1723 HIGHEST SLP 30.55 ON 2
DPTR FM NORMAL -3 LOWEST SLP 29.78 ON 21
[REMARKS]
#FINAL-11-23#