189
CXUS56 KPQR 011200
CF6PDX
PRELIMINARY LOCAL CLIMATOLOGICAL DATA (WS FORM: F-6)
STATION: PORTLAND OR
MONTH: AUGUST
YEAR: 2020
LATITUDE: 45 35 N
LONGITUDE: 122 36 W
TEMPERATURE IN F: :PCPN: SNOW: WIND :SUNSHINE: SKY :PK WND
================================================================================
1 2 3 4 5 6A 6B 7 8 9 10 11 12 13 14 15 16 17 18
12Z AVG MX 2MIN
DY MAX MIN AVG DEP HDD CDD WTR SNW DPTH SPD SPD DIR MIN PSBL S-S WX SPD DR
================================================================================
1 82 60 71 0 0 6 0.00 0.0 0 6.2 12 300 M M 5 14 310
2 86 61 74 3 0 9 0.00 0.0 0 5.2 15 320 M M 4 21 330
3 84 62 73 2 0 8 0.00 0.0 0 6.2 15 300 M M 2 19 280
4 87 62 75 5 0 10 0.00 0.0 0 7.2 17 300 M M 2 21 300
5 85 62 74 4 0 9 0.00 0.0 0 6.4 15 320 M M 2 21 320
6 74 58 66 -4 0 1 0.19 0.0 0 6.4 17 310 M M 6 1 23 320
7 78 55 67 -3 0 2 0.00 0.0 0 5.7 15 310 M M 3 21 300
8 79 61 70 0 0 5 0.00 0.0 0 8.3 17 310 M M 5 23 320
9 84 56 70 0 0 5 0.00 0.0 0 6.8 18 320 M M 1 26 320
10 90 61 76 6 0 11 0.00 0.0 0 6.3 16 320 M M 0 23 320
11 80 56 68 -2 0 3 0.00 0.0 0 7.4 16 320 M M 2 21 320
12 74 57 66 -4 0 1 T 0.0 0 6.0 14 320 M M 6 19 310
13 78 54 66 -4 0 1 0.00 0.0 0 6.5 13 290 M M 2 19 360
14 88 56 72 2 0 7 0.00 0.0 0 6.9 18 320 M M 0 23 320
15 99 60 80 10 0 15 0.00 0.0 0 4.6 12 290 M M 1 16 280
16 95 68 82 12 0 17 0.00 0.0 0 4.5 16 200 M M 4 21 190
17 93 66 80 10 0 15 0.00 0.0 0 5.2 12 280 M M 2 13 280
18 84 63 74 4 0 9 0.00 0.0 0 7.7 14 290 M M 2 17 320
19 87 61 74 5 0 9 0.00 0.0 0 4.2 13 320 M M 4 17 320
20 84 64 74 5 0 9 0.01 0.0 0 6.6 20 260 M M 8 25 260
21 78 62 70 1 0 5 0.18 0.0 0 7.9 16 180 M M 9 1 22 360
22 79 59 69 0 0 4 0.00 0.0 0 7.6 18 320 M M 5 27 310
23 84 58 71 2 0 6 0.00 0.0 0 7.0 13 320 M M 1 19 350
24 81 57 69 0 0 4 0.00 0.0 0 6.5 15 320 M M 2 20 320
25 82 57 70 1 0 5 0.00 0.0 0 7.7 16 300 M M 2 20 310
26 82 57 70 1 0 5 0.00 0.0 0 7.6 21 310 M M 2 25 310
27 84 58 71 3 0 6 0.00 0.0 0 8.0 20 310 M M 1 23 320
28 84 58 71 3 0 6 0.00 0.0 0 7.3 16 320 M M 2 24 320
29 78 56 67 -1 0 2 0.00 0.0 0 8.1 20 310 M M 3 25 290
30 77 51 64 -4 1 0 0.00 0.0 0 4.6 14 310 M M 5 18 300
31 75 58 67 -1 0 2 T 0.0 0 5.0 13 300 M M 7 17 290
================================================================================
SM 2575 1834 1 197 0.38 0.0 201.6 M 100
================================================================================
AV 83.1 59.2 6.5 FASTST M M 3 MAX(MPH)
MISC ----> # 21 310 # 27 310
================================================================================
NOTES:
# LAST OF SEVERAL OCCURRENCES
COLUMN 17 PEAK WIND IN M.P.H.
PRELIMINARY LOCAL CLIMATOLOGICAL DATA (WS FORM: F-6) , PAGE 2
STATION: PORTLAND OR
MONTH: AUGUST
YEAR: 2020
LATITUDE: 45 35 N
LONGITUDE: 122 36 W
[TEMPERATURE DATA] [PRECIPITATION DATA] SYMBOLS USED IN COLUMN 16
AVERAGE MONTHLY: 71.1 TOTAL FOR MONTH: 0.38 1 = FOG OR MIST
DPTR FM NORMAL: 1.6 DPTR FM NORMAL: -0.29 2 = FOG REDUCING VISIBILITY
HIGHEST: 99 ON 15 GRTST 24HR 0.19 ON 6- 6 TO 1/4 MILE OR LESS
LOWEST: 51 ON 30 3 = THUNDER
SNOW, ICE PELLETS, HAIL 4 = ICE PELLETS
TOTAL MONTH: 0.0 INCH 5 = HAIL
GRTST 24HR 0.0 6 = FREEZING RAIN OR DRIZZLE
GRTST DEPTH: 0 7 = DUSTSTORM OR SANDSTORM:
VSBY 1/2 MILE OR LESS
8 = SMOKE OR HAZE
[NO. OF DAYS WITH] [WEATHER - DAYS WITH] 9 = BLOWING SNOW
X = TORNADO
MAX 32 OR BELOW: 0 0.01 INCH OR MORE: 3
MAX 90 OR ABOVE: 4 0.10 INCH OR MORE: 2
MIN 32 OR BELOW: 0 0.50 INCH OR MORE: 0
MIN 0 OR BELOW: 0 1.00 INCH OR MORE: 0
[HDD (BASE 65) ]
TOTAL THIS MO. 1 CLEAR (SCALE 0-3) 17
DPTR FM NORMAL -9 PTCLDY (SCALE 4-7) 13
TOTAL FM JUL 1 12 CLOUDY (SCALE 8-10) 1
DPTR FM NORMAL -15
[CDD (BASE 65) ]
TOTAL THIS MO. 197
DPTR FM NORMAL 45 [PRESSURE DATA]
TOTAL FM JAN 1 476 HIGHEST SLP 30.25 ON 9
DPTR FM NORMAL 113 LOWEST SLP 29.79 ON 20
[REMARKS]
#FINAL-08-20#