000
CXUS54 KMAF 011210
CF6PEQ
PRELIMINARY LOCAL CLIMATOLOGICAL DATA (WS FORM: F-6)
STATION: PECOS MUNICIPAL AIRPORT
MONTH: DECEMBER
YEAR: 2021
LATITUDE: 31 22 N
LONGITUDE: 103 31 W
TEMPERATURE IN F: :PCPN: SNOW: WIND :SUNSHINE: SKY :PK WND
================================================================================
1 2 3 4 5 6A 6B 7 8 9 10 11 12 13 14 15 16 17 18
12Z AVG MX 2MIN
DY MAX MIN AVG DEP HDD CDD WTR SNW DPTH SPD SPD DIR MIN PSBL S-S WX SPD DR
================================================================================
1 76 37 57 M 8 0 M M M 2.9 10 300 M M 0 M M
2 80 41 61 M 4 0 M M M 3.5 10 320 M M 0 M M
3 83 45 64 M 1 0 M M M 5.9 16 260 M M 0 21 260
4 68 42 55 M 10 0 M M M 3.5 12 320 M M 0 M M
5 78 45 62 M 3 0 M M M 3.1 9 10 M M 0 M M
6 53 31 42 M 23 0 M M M 7.9 20 350 M M 1 28 350
7 77 26 52 M 13 0 M M M 5.7 18 240 M M 0 23 240
8 78 34 56 M 9 0 M M M 3.0 8 200 M M 0 M M
9 79 55 67 M 0 2 M M M 9.7 17 250 M M 0 25 250
10 77 54 66 M 0 1 M M M 13.0 30 250 M M 3 36 250
11 56 29 43 M 22 0 M M M 5.5 21 10 M M 0 30 10
12 69 22 46 M 19 0 M M M 3.9 10 100 M M 0 M M
13 78 29 54 M 11 0 M M M 5.7 20 270 M M 0 25 220
14 79 35 57 M 8 0 M M M 2.6 9 80 M M 0 M M
15 85 41 63 M 2 0 M M M 7.7 28 240 M M 0 35 250
16 68 42 55 M 10 0 M M M 4.8 14 270 M M 0 M M
17 66 38 52 M 13 0 M M M 3.7 10 320 M M 1 M M
18 56 39 48 M 17 0 M M M 11.4 22 320 M M 7 26 320
19 53 34 44 M 21 0 M M M 6.1 10 110 M M 5 M M
20 70 25 48 M 17 0 M M M 8.3 17 250 M M 0 24 260
21 72 27 50 M 15 0 M M M 9.0 18 250 M M 0 25 270
22 80 37 59 M 6 0 0.05 M M 8.4 20 260 M M 0 18 240
23 83 38 61 M 4 0 M M M 5.8 16 250 M M 0 21 230
24 85 46 66 M 0 1 M M M 9.9 30 230 M M 0 39 230
25 82 46 64 M 1 0 M M M 4.6 18 240 M M 0 23 240
26 83 45 64 M 1 0 M M M 10.6 24 240 M M 0 35 230
27 83 44 64 M 1 0 M M M 5.8 20 250 M M 0 26 250
28 73 44 59 M 6 0 M M M 8.4 23 260 M M 0 28 270
29 70 44 57 M 8 0 M M M 10.5 23 270 M M 0 30 270
30 68 31 50 M 15 0 M M M 3.8 8 170 M M 1 M M
31 63 46 55 M 10 0 0.07 M M 5.4 28 290 M M 5 33 290
================================================================================
SM 2271 1192 278 4 0.12 M 200.4 M 23
================================================================================
AV 73.3 38.5 6.5 FASTST M M 1 MAX(MPH)
MISC ----> # 30 250 39 230
================================================================================
NOTES:
# LAST OF SEVERAL OCCURRENCES
COLUMN 17 PEAK WIND IN M.P.H.
PRELIMINARY LOCAL CLIMATOLOGICAL DATA (WS FORM: F-6) , PAGE 2
STATION: PECOS MUNICIPAL AIRPORT
MONTH: DECEMBER
YEAR: 2021
LATITUDE: 31 22 N
LONGITUDE: 103 31 W
[TEMPERATURE DATA] [PRECIPITATION DATA] SYMBOLS USED IN COLUMN 16
AVERAGE MONTHLY: 55.9 TOTAL FOR MONTH: 0.12 1 = FOG OR MIST
DPTR FM NORMAL: 0.0 DPTR FM NORMAL: M 2 = FOG REDUCING VISIBILITY
HIGHEST: 85 ON 24,15 GRTST 24HR 0.07 ON 31-31 TO 1/4 MILE OR LESS
LOWEST: 22 ON 12 3 = THUNDER
SNOW, ICE PELLETS, HAIL 4 = ICE PELLETS
TOTAL MONTH: M 5 = HAIL
GRTST 24HR M ON M 6 = FREEZING RAIN OR DRIZZLE
GRTST DEPTH: M ON M 7 = DUSTSTORM OR SANDSTORM:
VSBY 1/2 MILE OR LESS
8 = SMOKE OR HAZE
[NO. OF DAYS WITH] [WEATHER - DAYS WITH] 9 = BLOWING SNOW
X = TORNADO
MAX 32 OR BELOW: 0 0.01 INCH OR MORE: 2
MAX 90 OR ABOVE: 0 0.10 INCH OR MORE: 0
MIN 32 OR BELOW: 8 0.50 INCH OR MORE: 0
MIN 0 OR BELOW: 0 1.00 INCH OR MORE: 0
[HDD (BASE 65) ]
TOTAL THIS MO. 278 CLEAR (SCALE 0-3) 27
DPTR FM NORMAL M PTCLDY (SCALE 4-7) 4
TOTAL FM JUL 1 572 CLOUDY (SCALE 8-10) 0
DPTR FM NORMAL M
[CDD (BASE 65) ]
TOTAL THIS MO. 4
DPTR FM NORMAL M [PRESSURE DATA]
TOTAL FM JAN 1 2646 HIGHEST SLP M ON M
DPTR FM NORMAL M LOWEST SLP M ON M
[REMARKS]
#FINAL-12-21#