000
CXUS54 KEWX 011010
CF6PEZ
PRELIMINARY LOCAL CLIMATOLOGICAL DATA (WS FORM: F-6)
STATION: PLEASANTON MUNICIPAL AIRPORT
MONTH: AUGUST
YEAR: 2023
LATITUDE: 28 57 N
LONGITUDE: 98 31 W
TEMPERATURE IN F: :PCPN: SNOW: WIND :SUNSHINE: SKY :PK WND
================================================================================
1 2 3 4 5 6A 6B 7 8 9 10 11 12 13 14 15 16 17 18
12Z AVG MX 2MIN
DY MAX MIN AVG DEP HDD CDD WTR SNW DPTH SPD SPD DIR MIN PSBL S-S WX SPD DR
================================================================================
1 104 74 89 M 0 24 0.00 M M 5.0 12 150 M M 1 20 140
2 104 76 90 M 0 25 0.00 M M 5.0 14 130 M M 2 21 130
3 104 77 91 M 0 26 0.00 M M 6.6 16 150 M M 0 23 140
4 107 78 93 M 0 28 0.00 M M 8.4 14 140 M M 0 20 140
5 106 75 91 M 0 26 0.00 M M 7.5 13 140 M M 0 22 140
6 107 76 92 M 0 27 0.00 M M 8.9 17 140 M M 0 25 140
7 108 77 93 M 0 28 0.00 M M 8.7 17 150 M M 0 23 140
8 107 78 93 M 0 28 0.00 M M 9.0 15 140 M M 1 26 140
9 108 79 94 M 0 29 0.00 M M 10.7 21 140 M M 0 31 140
10 107 79 93 M 0 28 0.00 M M 9.4 17 140 M M 2 27 140
11 108 79 94 M 0 29 0.00 M M 9.8 15 140 M M 1 25 140
12 108 81 95 M 0 30 0.00 M M 10.4 21 140 M M 2 31 130
13 106 80 93 M 0 28 0.00 M M 9.3 15 170 M M 2 24 140
14 106 76 91 M 0 26 0.00 M M 5.5 14 150 M M 1 20 80
15 105 78 92 M 0 27 0.00 M M 3.9 9 50 M M 1 16 0
16 106 77 92 M 0 27 0.00 M M 4.2 14 160 M M 0 21 160
17 108 74 91 M 0 26 0.00 M M 3.1 8 100 M M 0 17 0
18 106 74 90 M 0 25 0.00 M M 6.1 13 140 M M 0 21 140
19 105 76 91 M 0 26 0.00 M M 5.8 17 140 M M 0 22 140
20 105 75 90 M 0 25 0.00 M M 3.7 13 100 M M 1 17 90
21 106 77 92 M 0 27 0.00 M M 4.8 13 100 M M 3 23 70
22 89 77 83 M 0 18 0.63 M M 9.8 20 60 M M 6 8 25 60
23 96 77 87 M 0 22 0.86 M M 5.8 13 110 M M 6 23 0
24 99 75 87 M 0 22 0.00 M M 0.9 5 230 M M 1 1 M M
25 103 76 90 M 0 25 0.00 M M 4.3 9 160 M M 1 17 120
26 103 74 89 M 0 24 0.00 M M 2.9 10 100 M M 1 M M
27 104 74 89 M 0 24 0.00 M M 1.8 7 40 M M 0 M M
28 104 77 91 M 0 26 0.00 M M 5.3 14 310 M M 1 24 30
29 M 76 M M M M 0.00 M M 3.6 7 30 M M 0 M M
30 102 71 87 M 0 22 0.00 M M 3.7 9 310 M M 1 18 360
31 103 71 87 M 0 22 0.00 M M 3.4 8 140 M M 1 M M
================================================================================
SM 3134 2364 0 770 1.49 M 187.1 M 35
================================================================================
AV104.5 76.3 6.0 FASTST M M 1 MAX(MPH)
MISC ----> # 21 140 # 31 140
================================================================================
NOTES:
# LAST OF SEVERAL OCCURRENCES
COLUMN 17 PEAK WIND IN M.P.H.
PRELIMINARY LOCAL CLIMATOLOGICAL DATA (WS FORM: F-6) , PAGE 2
STATION: PLEASANTON MUNICIPAL AIRPORT
MONTH: AUGUST
YEAR: 2023
LATITUDE: 28 57 N
LONGITUDE: 98 31 W
[TEMPERATURE DATA] [PRECIPITATION DATA] SYMBOLS USED IN COLUMN 16
AVERAGE MONTHLY: 90.4 TOTAL FOR MONTH: 1.49 1 = FOG OR MIST
DPTR FM NORMAL: 0.0 DPTR FM NORMAL: M 2 = FOG REDUCING VISIBILITY
HIGHEST: 108 ON 17,12 GRTST 24HR 0.86 ON 23-23 TO 1/4 MILE OR LESS
LOWEST: 71 ON 31,30 3 = THUNDER
SNOW, ICE PELLETS, HAIL 4 = ICE PELLETS
TOTAL MONTH: M 5 = HAIL
GRTST 24HR M ON M 6 = FREEZING RAIN OR DRIZZLE
GRTST DEPTH: M ON M 7 = DUSTSTORM OR SANDSTORM:
VSBY 1/2 MILE OR LESS
8 = SMOKE OR HAZE
[NO. OF DAYS WITH] [WEATHER - DAYS WITH] 9 = BLOWING SNOW
X = TORNADO
MAX 32 OR BELOW: 0 0.01 INCH OR MORE: 2
MAX 90 OR ABOVE: 29 0.10 INCH OR MORE: 2
MIN 32 OR BELOW: 0 0.50 INCH OR MORE: 2
MIN 0 OR BELOW: 0 1.00 INCH OR MORE: 0
[HDD (BASE 65) ]
TOTAL THIS MO. 0 CLEAR (SCALE 0-3) 28
DPTR FM NORMAL M PTCLDY (SCALE 4-7) 3
TOTAL FM JUL 1 0 CLOUDY (SCALE 8-10) 0
DPTR FM NORMAL M
[CDD (BASE 65) ]
TOTAL THIS MO. 770
DPTR FM NORMAL M [PRESSURE DATA]
TOTAL FM JAN 1 3004 HIGHEST SLP M ON M
DPTR FM NORMAL M LOWEST SLP M ON M
[REMARKS]
#FINAL-08-23#