000
CXUS52 KTBW 090544
CF6PGD
PRELIMINARY LOCAL CLIMATOLOGICAL DATA (WS FORM: F-6)
STATION: PUNTA GORDA
MONTH: DECEMBER
YEAR: 2022
LATITUDE: 26 55 N
LONGITUDE: 82 0 W
TEMPERATURE IN F: :PCPN: SNOW: WIND :SUNSHINE: SKY :PK WND
================================================================================
1 2 3 4 5 6A 6B 7 8 9 10 11 12 13 14 15 16 17 18
12Z AVG MX 2MIN
DY MAX MIN AVG DEP HDD CDD WTR SNW DPTH SPD SPD DIR MIN PSBL S-S WX SPD DR
================================================================================
1 80 64 72 4 0 7 0.00 0.0 0 12.2 21 50 M M 0 29 60
2 83 59 71 3 0 6 0.00 0.0 0 9.0 20 80 M M 1 27 90
3 82 60 71 3 0 6 0.00 0.0 0 7.2 16 60 M M 1 22 70
4 82 60 71 3 0 6 0.00 0.0 0 4.0 12 360 M M 0 14 360
5 82 59 71 3 0 6 0.00 0.0 0 3.5 9 240 M M 0 12 240
6 84 61 73 6 0 8 0.00 0.0 0 4.5 12 30 M M 2 1 15 30
7 84 62 73 6 0 8 0.00 0.0 0 5.5 14 30 M M 0 1 18 30
8 85 64 75 8 0 10 0.00 0.0 0 4.6 9 40 M M 3 12 13 40
9 83 62 73 6 0 8 0.00 0.0 0 4.7 10 350 M M 1 1 16 20
10 78 59 69 2 0 4 0.00 0.0 0 4.1 9 20 M M 4 128 11 80
11 77 59 68 1 0 3 0.00 0.0 0 5.8 12 330 M M 5 12 15 320
12 76 57 67 1 0 2 0.00 0.0 0 3.3 8 50 M M 5 128 13 10
13 82 58 70 4 0 5 0.00 0.0 0 6.8 13 60 M M 1 18 17 60
14 83 61 72 6 0 7 0.00 0.0 0 7.9 18 200 M M 1 12 25 210
15 81 68 75 9 0 10 0.86 0.0 0 11.9 31 190 M M 5 13 40 180
16 70 60 65 -1 0 0 T 0.0 0 7.5 15 60 M M 10 20 20
17 76 55 66 0 0 1 T 0.0 0 5.8 15 70 M M 5 1 18 70
18 74 53 64 -2 1 0 0.03 0.0 0 8.5 17 10 M M 5 1 22 20
19 75 46 61 -4 4 0 0.00 0.0 0 8.1 15 70 M M 0 8 20 90
20 74 57 66 1 0 1 M 0.0 0 7.8 16 140 M M 4 1 24 130
21 75 60 68 3 0 3 M 0.0 0 8.0 16 350 M M 7 22 360
22 75 61 68 3 0 3 T 0.0 0 4.0 13 190 M M 5 13 15 190
23 80 46 63 -2 2 0 T 0.0 0 11.8 23 340 M M 3 33 340
24 47 37 42 -23 23 0 0.00 0.0 0 10.5 16 350 M M 0 22 10
25 47 37 42 -22 23 0 0.00 0.0 0 9.4 16 350 M M 2 21 10
26 54 41 48 -16 17 0 0.00 0.0 0 8.1 13 10 M M 1 18 360
27 71 45 58 -6 7 0 0.00 0.0 0 8.3 15 40 M M 2 18 50
28 76 45 61 -3 4 0 0.00 0.0 0 7.5 15 80 M M 1 22 80
29 80 53 67 3 0 2 0.00 0.0 0 9.0 18 110 M M 4 8 25 110
30 83 59 71 7 0 6 0.00 0.0 0 6.5 14 100 M M 3 19 100
31 85 62 74 10 0 9 0.00 0.0 0 8.8 16 230 M M 4 12 21 210
================================================================================
SM 2364 1730 81 121 0.89 0.0 224.6 M 85
================================================================================
AV 76.3 55.8 7.2 FASTST M M 3 MAX(MPH)
MISC ----> 31 190 40 180
================================================================================
NOTES:
# LAST OF SEVERAL OCCURRENCES
COLUMN 17 PEAK WIND IN M.P.H.
PRELIMINARY LOCAL CLIMATOLOGICAL DATA (WS FORM: F-6) , PAGE 2
STATION: PUNTA GORDA
MONTH: DECEMBER
YEAR: 2022
LATITUDE: 26 55 N
LONGITUDE: 82 0 W
[TEMPERATURE DATA] [PRECIPITATION DATA] SYMBOLS USED IN COLUMN 16
AVERAGE MONTHLY: 66.0 TOTAL FOR MONTH: 0.89 1 = FOG OR MIST
DPTR FM NORMAL: 0.2 DPTR FM NORMAL: -1.10 2 = FOG REDUCING VISIBILITY
HIGHEST: 85 ON 31, 8 GRTST 24HR 0.86 ON 15-15 TO 1/4 MILE OR LESS
LOWEST: 37 ON 25,24 3 = THUNDER
SNOW, ICE PELLETS, HAIL 4 = ICE PELLETS
TOTAL MONTH: 0.0 INCH 5 = HAIL
GRTST 24HR 0.0 6 = FREEZING RAIN OR DRIZZLE
GRTST DEPTH: 0 7 = DUSTSTORM OR SANDSTORM:
VSBY 1/2 MILE OR LESS
8 = SMOKE OR HAZE
[NO. OF DAYS WITH] [WEATHER - DAYS WITH] 9 = BLOWING SNOW
X = TORNADO
MAX 32 OR BELOW: 0 0.01 INCH OR MORE: 2
MAX 90 OR ABOVE: 0 0.10 INCH OR MORE: 1
MIN 32 OR BELOW: 0 0.50 INCH OR MORE: 1
MIN 0 OR BELOW: 0 1.00 INCH OR MORE: 0
[HDD (BASE 65) ]
TOTAL THIS MO. 81 CLEAR (SCALE 0-3) 18
DPTR FM NORMAL -4 PTCLDY (SCALE 4-7) 12
TOTAL FM JUL 1 89 CLOUDY (SCALE 8-10) 1
DPTR FM NORMAL -21
[CDD (BASE 65) ]
TOTAL THIS MO. 121
DPTR FM NORMAL 9 [PRESSURE DATA]
TOTAL FM JAN 1 4137 HIGHEST SLP 30.38 ON 24
DPTR FM NORMAL 365 LOWEST SLP 29.89 ON 15
[REMARKS]
#FINAL-12-22#