000
CXUS51 KPHI 280815
CF6PHL
PRELIMINARY LOCAL CLIMATOLOGICAL DATA (WS FORM: F-6)
STATION: PHILADELPHIA PA
MONTH: MARCH
YEAR: 2024
LATITUDE: 39 52 N
LONGITUDE: 75 15 W
TEMPERATURE IN F: :PCPN: SNOW: WIND :SUNSHINE: SKY :PK WND
================================================================================
1 2 3 4 5 6A 6B 7 8 9 10 11 12 13 14 15 16 17 18
12Z AVG MX 2MIN
DY MAX MIN AVG DEP HDD CDD WTR SNW DPTH SPD SPD DIR MIN PSBL S-S WX SPD DR
================================================================================
1 50 30 40 1 25 0 T 0.0 0 5.4 15 190 M M 5 18 180
2 56 39 48 9 17 0 1.17 0.0 0 9.0 18 100 M M 10 1 26 210
3 66 42 54 14 11 0 0.00 0.0 0 5.2 13 290 M M 3 1 19 300
4 66 44 55 15 10 0 0.00 0.0 0 6.7 21 110 M M 8 26 120
5 50 43 47 7 18 0 0.26 0.0 0 9.4 17 50 M M 10 1 25 40
6 52 48 50 10 15 0 1.00 0.0 0 6.8 21 50 M M 10 1 27 40
7 57 48 53 12 12 0 0.06 0.0 0 12.0 22 320 M M 9 30 340
8 57 40 49 8 16 0 0.00 0.0 0 8.1 16 180 M M 7 21 30
9 51 40 46 5 19 0 1.16 0.0 0 10.4 20 100 M M 10 13 26 100
10 50 37 44 2 21 0 T 0.0 0 19.5 45 270 M M 8 63 260
11 55 39 47 5 18 0 0.00 0.0 0 21.0 33 300 M M 4 42 280
12 68 41 55 13 10 0 0.00 0.0 0 12.4 22 270 M M 4 28 320
13 73 42 58 16 7 0 0.00 0.0 0 5.8 15 220 M M 5 19 230
14 77 45 61 18 4 0 0.00 0.0 0 5.5 16 230 M M 6 21 200
15 75 49 62 19 3 0 T 0.0 0 13.0 24 280 M M 9 30 280
16 62 45 54 11 11 0 0.00 0.0 0 8.7 20 230 M M 3 23 240
17 64 49 57 13 8 0 0.00 0.0 0 12.5 29 290 M M 8 36 300
18 50 37 44 0 21 0 0.00 0.0 0 16.0 25 300 M M 7 32 290
19 48 34 41 -3 24 0 0.00 0.0 0 12.0 24 270 M M 5 31 280
20 62 36 49 4 16 0 T 0.0 0 16.9 35 320 M M 6 44 310
21 44 29 37 -8 28 0 0.00 0.0 0 12.9 24 290 M M 1 32 300
22 46 29 38 -7 27 0 0.00 0.0 0 7.4 13 200 M M 5 20 160
23 52 32 42 -4 23 0 3.09 0.0 0 16.2 33 320 M M 9 1 42 330
24 49 29 39 -7 26 0 0.00 0.0 0 9.6 24 30 M M 1 30 20
25 55 34 45 -1 20 0 0.00 0.0 0 8.7 17 80 M M 1 26 50
26 60 38 49 2 16 0 0.00 0.0 0 6.7 16 110 M M 7 20 30
27 50 43 47 0 18 0 0.33 0.0 0 4.3 13 260 M M 10 1 18 340
================================================================================
SM 1545 1062 444 0 7.07 0.0 282.1 M 171
================================================================================
AV 57.2 39.3 10.4 FASTST M M 6 MAX(MPH)
MISC ----> 45 270 63 260
================================================================================
NOTES:
# LAST OF SEVERAL OCCURRENCES
COLUMN 17 PEAK WIND IN M.P.H.
PRELIMINARY LOCAL CLIMATOLOGICAL DATA (WS FORM: F-6) , PAGE 2
STATION: PHILADELPHIA PA
MONTH: MARCH
YEAR: 2024
LATITUDE: 39 52 N
LONGITUDE: 75 15 W
[TEMPERATURE DATA] [PRECIPITATION DATA] SYMBOLS USED IN COLUMN 16
AVERAGE MONTHLY: 48.3 TOTAL FOR MONTH: 7.07 1 = FOG OR MIST
DPTR FM NORMAL: 5.4 DPTR FM NORMAL: 3.61 2 = FOG REDUCING VISIBILITY
HIGHEST: 77 ON 14 GRTST 24HR 3.09 ON 23-23 TO 1/4 MILE OR LESS
LOWEST: 29 ON 24,22 3 = THUNDER
SNOW, ICE PELLETS, HAIL 4 = ICE PELLETS
TOTAL MONTH: 0.0 INCH 5 = HAIL
GRTST 24HR 0.0 6 = FREEZING RAIN OR DRIZZLE
GRTST DEPTH: 0 7 = DUSTSTORM OR SANDSTORM:
VSBY 1/2 MILE OR LESS
8 = SMOKE OR HAZE
[NO. OF DAYS WITH] [WEATHER - DAYS WITH] 9 = BLOWING SNOW
X = TORNADO
MAX 32 OR BELOW: 0 0.01 INCH OR MORE: 7
MAX 90 OR ABOVE: 0 0.10 INCH OR MORE: 6
MIN 32 OR BELOW: 5 0.50 INCH OR MORE: 4
MIN 0 OR BELOW: 0 1.00 INCH OR MORE: 4
[HDD (BASE 65) ]
TOTAL THIS MO. 444 CLEAR (SCALE 0-3) 4
DPTR FM NORMAL -154 PTCLDY (SCALE 4-7) 15
TOTAL FM JUL 1 3399 CLOUDY (SCALE 8-10) 8
DPTR FM NORMAL -599
[CDD (BASE 65) ]
TOTAL THIS MO. 0
DPTR FM NORMAL 0 [PRESSURE DATA]
TOTAL FM JAN 1 0 HIGHEST SLP M ON M
DPTR FM NORMAL 0 LOWEST SLP 29.44 ON 9
[REMARKS]