000
CXUS51 KPHI 010815
CF6PHL
PRELIMINARY LOCAL CLIMATOLOGICAL DATA (WS FORM: F-6)
STATION: PHILADELPHIA PA
MONTH: MARCH
YEAR: 2020
LATITUDE: 39 52 N
LONGITUDE: 75 15 W
TEMPERATURE IN F: :PCPN: SNOW: WIND :SUNSHINE: SKY :PK WND
================================================================================
1 2 3 4 5 6A 6B 7 8 9 10 11 12 13 14 15 16 17 18
12Z AVG MX 2MIN
DY MAX MIN AVG DEP HDD CDD WTR SNW DPTH SPD SPD DIR MIN PSBL S-S WX SPD DR
================================================================================
1 45 25 35 -4 30 0 0.00 0.0 0 11.1 22 270 M M 2 30 270
2 63 30 47 8 18 0 0.04 0.0 0 9.9 23 220 M M 7 30 210
3 60 41 51 11 14 0 0.12 0.0 0 7.1 35 310 M M 8 1 43 290
4 59 43 51 11 14 0 0.00 0.0 0 14.5 24 250 M M 3 30 250
5 53 38 46 6 19 0 0.00 0.0 0 8.2 23 330 M M 6 31 320
6 45 33 39 -1 26 0 0.35 0.0 0 9.2 17 320 M M 8 1 24 330
7 47 35 41 0 24 0 T 0.0 0 15.4 31 330 M M 4 45 350
8 60 30 45 4 20 0 0.00 0.0 0 9.5 18 220 M M 1 23 220
9 71 39 55 14 10 0 0.00 0.0 M 10.1 18 240 M M 4 23 200
10 68 48 58 16 7 0 T 0.0 0 12.7 24 230 M M 8 31 220
11 59 43 51 9 14 0 T 0.0 0 6.8 17 310 M M 7 23 320
12 60 40 50 8 15 0 T 0.0 0 7.0 15 80 M M 9 1 18 80
13 74 49 62 20 3 0 0.37 0.0 0 13.1 32 270 M M 8 12 40 260
14 58 43 51 8 14 0 T 0.0 0 11.5 24 330 M M 7 28 340
15 55 40 48 5 17 0 0.01 0.0 0 6.0 17 20 M M 6 23 360
16 52 36 44 1 21 0 0.00 0.0 0 11.1 18 120 M M 5 25 70
17 57 41 49 5 16 0 0.03 0.0 0 7.0 12 320 M M 9 M M
18 59 40 50 6 15 0 0.08 0.0 0 7.4 17 330 M M 7 1 21 330
19 56 43 50 6 15 0 0.93 0.0 0 5.8 10 110 M M 10 18 13 70
20 79 49 64 19 1 0 T 0.0 0 10.4 32 230 M M 9 12 39 220
21 67 41 54 9 11 0 T 0.0 0 11.4 23 10 M M 5 27 20
22 47 35 41 -4 24 0 0.00 0.0 0 12.7 18 80 M M 7 25 50
23 45 38 42 -4 23 0 0.80 0.0 0 12.2 21 30 M M 10 1 27 10
24 58 39 49 3 16 0 0.00 0.0 0 6.7 16 320 M M 8 20 320
25 49 41 45 -1 20 0 0.01 0.0 0 13.1 23 80 M M 10 8 31 80
26 59 35 47 0 18 0 0.00 0.0 0 7.5 17 250 M M 3 21 250
27 69 49 59 12 6 0 T 0.0 0 6.8 16 350 M M 7 20 320
28 54 47 51 3 14 0 1.14 0.0 0 9.0 17 110 M M 10 13 22 360
29 53 47 50 2 15 0 T 0.0 0 8.5 15 80 M M 10 13 21 10
30 60 45 53 5 12 0 0.06 0.0 0 5.0 18 320 M M 9 13 23 320
31 48 41 45 -3 20 0 T 0.0 M 8.9 16 80 M M 10 18 19 70
================================================================================
SM 1789 1244 492 0 3.94 0.0 295.6 M 217
================================================================================
AV 57.7 40.1 9.5 FASTST M M 7 MAX(MPH)
MISC ----> 35 310 45 350
================================================================================
NOTES:
# LAST OF SEVERAL OCCURRENCES
COLUMN 17 PEAK WIND IN M.P.H.
PRELIMINARY LOCAL CLIMATOLOGICAL DATA (WS FORM: F-6) , PAGE 2
STATION: PHILADELPHIA PA
MONTH: MARCH
YEAR: 2020
LATITUDE: 39 52 N
LONGITUDE: 75 15 W
[TEMPERATURE DATA] [PRECIPITATION DATA] SYMBOLS USED IN COLUMN 16
AVERAGE MONTHLY: 48.9 TOTAL FOR MONTH: 3.94 1 = FOG OR MIST
DPTR FM NORMAL: 5.4 DPTR FM NORMAL: 0.15 2 = FOG REDUCING VISIBILITY
HIGHEST: 79 ON 20 GRTST 24HR 1.14 ON 28-28 TO 1/4 MILE OR LESS
LOWEST: 25 ON 1 3 = THUNDER
SNOW, ICE PELLETS, HAIL 4 = ICE PELLETS
TOTAL MONTH: 0.0 INCH 5 = HAIL
GRTST 24HR 0.0 6 = FREEZING RAIN OR DRIZZLE
GRTST DEPTH: 0 7 = DUSTSTORM OR SANDSTORM:
VSBY 1/2 MILE OR LESS
8 = SMOKE OR HAZE
[NO. OF DAYS WITH] [WEATHER - DAYS WITH] 9 = BLOWING SNOW
X = TORNADO
MAX 32 OR BELOW: 0 0.01 INCH OR MORE: 12
MAX 90 OR ABOVE: 0 0.10 INCH OR MORE: 6
MIN 32 OR BELOW: 3 0.50 INCH OR MORE: 3
MIN 0 OR BELOW: 0 1.00 INCH OR MORE: 1
[HDD (BASE 65) ]
TOTAL THIS MO. 492 CLEAR (SCALE 0-3) 2
DPTR FM NORMAL -173 PTCLDY (SCALE 4-7) 17
TOTAL FM JUL 1 3594 CLOUDY (SCALE 8-10) 12
DPTR FM NORMAL -555
[CDD (BASE 65) ]
TOTAL THIS MO. 0
DPTR FM NORMAL -1 [PRESSURE DATA]
TOTAL FM JAN 1 0 HIGHEST SLP 30.65 ON 22
DPTR FM NORMAL -1 LOWEST SLP 29.48 ON 3
[REMARKS]
#FINAL-03-20#