000
CXUS53 KUNR 071514
CF6PHP
PRELIMINARY LOCAL CLIMATOLOGICAL DATA (WS FORM: F-6)
STATION: PHILIP SD
MONTH: JULY
YEAR: 2022
LATITUDE: 44 3 N
LONGITUDE: 101 36 W
TEMPERATURE IN F: :PCPN: SNOW: WIND :SUNSHINE: SKY :PK WND
================================================================================
1 2 3 4 5 6A 6B 7 8 9 10 11 12 13 14 15 16 17 18
12Z AVG MX 2MIN
DY MAX MIN AVG DEP HDD CDD WTR SNW DPTH SPD SPD DIR MIN PSBL S-S WX SPD DR
================================================================================
1 90 51 71 -1 0 6 0.28 M M 8.1 35 160 M M 2 13 48 150
2 86 54 70 -2 0 5 T M M 7.0 20 210 M M 0 1 28 210
3 88 59 74 1 0 9 1.32 M M 14.4 37 250 M M 4 13 66 200
4 90 64 77 4 0 12 0.00 M M 8.8 21 50 M M 2 26 50
5 81 68 75 2 0 10 T M M 10.9 38 30 M M 2 1 50 30
6 85 64 75 2 0 10 0.00 M M 6.3 16 90 M M 2 1 23 90
7 81 67 74 0 0 9 T M M 7.5 25 40 M M 1 1 31 40
8 85 65 75 1 0 10 0.00 M M 8.7 16 110 M M 3 22 110
9 100 65 83 9 0 18 0.00 M M 6.8 18 140 M M 0 25 170
10 92 63 78 4 0 13 0.05 M M 15.3 39 360 M M 0 3 58 360
11 83 57 70 -4 0 5 0.03 M M 10.2 23 320 M M 3 3 31 330
12 89 52 71 -4 0 6 0.00 M M 6.5 12 60 M M 0 17 190
13 90 58 74 -1 0 9 0.00 M M 11.1 18 100 M M 0 25 100
14 97 64 81 6 0 16 0.00 M M 8.2 18 350 M M 0 27 340
15 95 67 81 6 0 16 0.04 M M 10.1 31 180 M M 1 3 40 190
16 86 69 78 2 0 13 0.15 M M 6.2 14 100 M M 3 1 20 130
17 102 64 83 7 0 18 0.00 M M 5.3 14 90 M M 0 12 21 90
18 110 73 92 16 0 27 0.00 M M 8.7 22 190 M M 0 30 190
19 91 60 76 0 0 11 0.00 M M 22.2 40 310 M M 0 52 320
20 101 58 80 4 0 15 0.00 M M 9.3 25 320 M M 0 33 310
21 99 58 79 3 0 14 0.00 M M 5.9 21 300 M M 0 34 300
22 99 57 78 2 0 13 0.00 M M 7.5 18 130 M M 0 28 130
23 93 60 77 1 0 12 0.00 M M 11.2 28 320 M M 0 37 30
24 90 57 74 -2 0 9 0.03 M M 8.3 22 240 M M 1 30 110
25 87 63 75 -1 0 10 0.08 M M 8.4 20 160 M M 3 28 220
26 83 59 71 -5 0 6 T M M 9.3 20 350 M M 4 35 340
27 90 57 74 -2 0 9 0.02 M M 9.7 35 330 M M 3 44 340
28 86 48 67 -9 0 2 0.00 M M 6.0 15 320 M M 0 20 330
29 92 52 72 -4 0 7 0.00 M M 8.0 18 160 M M 1 33 150
30 102 69 86 10 0 21 0.00 M M 7.6 17 230 M M 1 23 250
31 96 65 81 5 0 16 0.00 M M 12.1 26 330 M M 0 43 320
================================================================================
SM 2839 1887 0 357 2.00 M 285.6 M 36
================================================================================
AV 91.6 60.9 9.2 FASTST M M 1 MAX(MPH)
MISC ----> 40 310 66 200
================================================================================
NOTES:
# LAST OF SEVERAL OCCURRENCES
COLUMN 17 PEAK WIND IN M.P.H.
PRELIMINARY LOCAL CLIMATOLOGICAL DATA (WS FORM: F-6) , PAGE 2
STATION: PHILIP SD
MONTH: JULY
YEAR: 2022
LATITUDE: 44 3 N
LONGITUDE: 101 36 W
[TEMPERATURE DATA] [PRECIPITATION DATA] SYMBOLS USED IN COLUMN 16
AVERAGE MONTHLY: 76.2 TOTAL FOR MONTH: 2.00 1 = FOG OR MIST
DPTR FM NORMAL: 1.2 DPTR FM NORMAL: 0.17 2 = FOG REDUCING VISIBILITY
HIGHEST: 110 ON 18 GRTST 24HR 1.32 ON 3- 3 TO 1/4 MILE OR LESS
LOWEST: 48 ON 28 3 = THUNDER
SNOW, ICE PELLETS, HAIL 4 = ICE PELLETS
TOTAL MONTH: M 5 = HAIL
GRTST 24HR M ON M 6 = FREEZING RAIN OR DRIZZLE
GRTST DEPTH: M ON M 7 = DUSTSTORM OR SANDSTORM:
VSBY 1/2 MILE OR LESS
8 = SMOKE OR HAZE
[NO. OF DAYS WITH] [WEATHER - DAYS WITH] 9 = BLOWING SNOW
X = TORNADO
MAX 32 OR BELOW: 0 0.01 INCH OR MORE: 9
MAX 90 OR ABOVE: 19 0.10 INCH OR MORE: 3
MIN 32 OR BELOW: 0 0.50 INCH OR MORE: 1
MIN 0 OR BELOW: 0 1.00 INCH OR MORE: 1
[HDD (BASE 65) ]
TOTAL THIS MO. 0 CLEAR (SCALE 0-3) 26
DPTR FM NORMAL -6 PTCLDY (SCALE 4-7) 5
TOTAL FM JUL 1 0 CLOUDY (SCALE 8-10) 0
DPTR FM NORMAL 0
[CDD (BASE 65) ]
TOTAL THIS MO. 357
DPTR FM NORMAL 43 [PRESSURE DATA]
TOTAL FM JAN 1 504 HIGHEST SLP 30.14 ON 28
DPTR FM NORMAL 35 LOWEST SLP 29.44 ON 18
[REMARKS]
#FINAL-07-22#