000
CXUS55 KPSR 011017
CF6PHX
PRELIMINARY LOCAL CLIMATOLOGICAL DATA (WS FORM: F-6)
STATION: PHOENIX AZ
MONTH: JUNE
YEAR: 2023
LATITUDE: 33 25 N
LONGITUDE: 112 1 W
TEMPERATURE IN F: :PCPN: SNOW: WIND :SUNSHINE: SKY :PK WND
================================================================================
1 2 3 4 5 6A 6B 7 8 9 10 11 12 13 14 15 16 17 18
12Z AVG MX 2MIN
DY MAX MIN AVG DEP HDD CDD WTR SNW DPTH SPD SPD DIR MIN PSBL S-S WX SPD DR
================================================================================
1 92 69 81 -6 0 16 0.00 0.0 0 5.5 15 260 M M 2 8 21 260
2 95 74 85 -3 0 20 0.00 0.0 0 5.6 15 290 M M 2 30 20
3 102 75 89 1 0 24 0.00 0.0 0 5.3 14 220 M M 1 19 220
4 105 77 91 3 0 26 0.00 0.0 0 6.6 18 280 M M 2 8 27 10
5 107 78 93 4 0 28 0.00 0.0 0 9.8 22 200 M M 5 8 32 200
6 101 73 87 -2 0 22 0.00 0.0 0 10.1 25 280 M M 2 8 33 290
7 98 69 84 -5 0 19 0.00 0.0 0 7.2 17 300 M M 2 8 26 320
8 98 71 85 -5 0 20 0.00 0.0 0 7.5 18 180 M M 4 8 26 280
9 97 72 85 -5 0 20 0.00 0.0 0 5.8 15 170 M M 4 8 22 160
10 101 73 87 -3 0 22 0.00 0.0 0 7.5 21 270 M M 3 32 260
11 96 73 85 -5 0 20 0.00 0.0 0 11.3 25 300 M M 3 33 290
12 93 71 82 -9 0 17 0.00 0.0 0 7.0 16 290 M M 1 8 23 10
13 96 74 85 -6 0 20 0.00 0.0 0 6.1 14 270 M M 1 24 340
14 101 74 88 -3 0 23 0.00 0.0 0 6.9 21 270 M M 1 27 270
15 101 77 89 -3 0 24 0.00 0.0 0 7.1 16 290 M M 2 23 350
16 104 76 90 -2 0 25 0.00 0.0 0 7.4 20 260 M M 3 24 260
17 106 76 91 -1 0 26 0.00 0.0 0 4.8 15 290 M M 2 25 310
18 109 78 94 2 0 29 0.00 0.0 0 9.6 25 270 M M 2 34 230
19 105 78 92 0 0 27 0.00 0.0 0 8.7 21 210 M M 3 8 28 200
20 105 81 93 0 0 28 0.00 0.0 0 7.4 21 230 M M 2 28 290
21 109 77 93 0 0 28 0.00 0.0 0 8.0 17 270 M M 2 8 26 170
22 109 77 93 0 0 28 0.00 0.0 0 6.9 17 280 M M 1 8 22 280
23 103 77 90 -3 0 25 0.00 0.0 0 5.5 15 280 M M 1 8 25 360
24 106 72 89 -5 0 24 0.00 0.0 0 4.4 14 290 M M 1 24 350
25 111 78 95 1 0 30 0.00 0.0 0 6.0 15 290 M M 0 22 20
26 112 81 97 3 0 32 0.00 0.0 0 6.4 20 270 M M 2 8 33 270
27 111 81 96 2 0 31 0.00 0.0 0 7.1 20 270 M M 1 8 24 270
28 108 80 94 0 0 29 0.00 0.0 0 6.4 20 280 M M 0 27 280
29 108 78 93 -1 0 28 0.00 0.0 0 5.9 17 210 M M 0 24 340
30 110 78 94 -1 0 29 0.00 0.0 0 5.1 14 310 M M 0 21 260
================================================================================
SM 3099 2268 0 740 0.00 0.0 208.9 M 55
================================================================================
AV103.3 75.6 7.0 FASTST M M 2 MAX(MPH)
MISC ----> # 25 280 34 230
================================================================================
NOTES:
# LAST OF SEVERAL OCCURRENCES
COLUMN 17 PEAK WIND IN M.P.H.
PRELIMINARY LOCAL CLIMATOLOGICAL DATA (WS FORM: F-6) , PAGE 2
STATION: PHOENIX AZ
MONTH: JUNE
YEAR: 2023
LATITUDE: 33 25 N
LONGITUDE: 112 1 W
[TEMPERATURE DATA] [PRECIPITATION DATA] SYMBOLS USED IN COLUMN 16
AVERAGE MONTHLY: 89.5 TOTAL FOR MONTH: 0.00 1 = FOG OR MIST
DPTR FM NORMAL: -2.0 DPTR FM NORMAL: -0.02 2 = FOG REDUCING VISIBILITY
HIGHEST: 112 ON 26 GRTST 24HR T ON 4- 4 TO 1/4 MILE OR LESS
LOWEST: 69 ON 7, 1 3 = THUNDER
SNOW, ICE PELLETS, HAIL 4 = ICE PELLETS
TOTAL MONTH: 0.0 INCH 5 = HAIL
GRTST 24HR 0.0 6 = FREEZING RAIN OR DRIZZLE
GRTST DEPTH: 0 7 = DUSTSTORM OR SANDSTORM:
VSBY 1/2 MILE OR LESS
8 = SMOKE OR HAZE
[NO. OF DAYS WITH] [WEATHER - DAYS WITH] 9 = BLOWING SNOW
X = TORNADO
MAX 32 OR BELOW: 0 0.01 INCH OR MORE: 0
MAX 90 OR ABOVE: 30 0.10 INCH OR MORE: 0
MIN 32 OR BELOW: 0 0.50 INCH OR MORE: 0
MIN 0 OR BELOW: 0 1.00 INCH OR MORE: 0
[HDD (BASE 65) ]
TOTAL THIS MO. 0 CLEAR (SCALE 0-3) 25
DPTR FM NORMAL 0 PTCLDY (SCALE 4-7) 5
TOTAL FM JUL 1 1115 CLOUDY (SCALE 8-10) 0
DPTR FM NORMAL 241
[CDD (BASE 65) ]
TOTAL THIS MO. 740
DPTR FM NORMAL -52 [PRESSURE DATA]
TOTAL FM JAN 1 1637 HIGHEST SLP 29.89 ON 9
DPTR FM NORMAL -65 LOWEST SLP 29.56 ON 5
[REMARKS]
#FINAL-06-23#