255
CXUS55 KPSR 022113
CF6PHX
PRELIMINARY LOCAL CLIMATOLOGICAL DATA (WS FORM: F-6)
STATION: PHOENIX AZ
MONTH: MAY
YEAR: 2020
LATITUDE: 33 25 N
LONGITUDE: 112 1 W
TEMPERATURE IN F: :PCPN: SNOW: WIND :SUNSHINE: SKY :PK WND
================================================================================
1 2 3 4 5 6A 6B 7 8 9 10 11 12 13 14 15 16 17 18
12Z AVG MX 2MIN
DY MAX MIN AVG DEP HDD CDD WTR SNW DPTH SPD SPD DIR MIN PSBL S-S WX SPD DR
================================================================================
1 101 69 85 7 0 20 0.00 0.0 0 7.0 17 260 M M 2 24 320
2 99 71 85 7 0 20 0.00 0.0 0 7.5 21 290 M M 1 25 310
3 97 70 84 6 0 19 0.00 0.0 0 6.6 17 280 M M 1 24 240
4 99 69 84 6 0 19 0.00 0.0 0 5.9 16 310 M M 0 28 300
5 103 71 87 8 0 22 0.00 0.0 0 5.0 12 280 M M 0 15 310
6 106 74 90 11 0 25 0.00 0.0 0 6.0 17 270 M M 5 21 290
7 106 72 89 10 0 24 0.00 0.0 0 7.3 17 280 M M 3 22 240
8 104 74 89 9 0 24 0.00 0.0 0 6.4 15 260 M M 7 20 260
9 101 77 89 9 0 24 0.00 0.0 0 5.4 17 260 M M 6 22 260
10 100 81 91 11 0 26 T 0.0 0 7.5 24 200 M M 7 3 31 200
11 100 76 88 7 0 23 0.00 0.0 0 10.2 23 280 M M 3 28 270
12 96 73 85 4 0 20 0.00 0.0 0 9.2 22 270 M M 1 26 300
13 91 70 81 0 0 16 0.00 0.0 0 7.2 17 270 M M 2 21 280
14 91 69 80 -2 0 15 0.00 0.0 0 6.4 13 280 M M 5 17 10
15 94 69 82 0 0 17 0.00 0.0 0 6.0 15 300 M M 2 23 340
16 98 71 85 3 0 20 0.00 0.0 0 5.8 15 280 M M 2 20 290
17 102 74 88 6 0 23 0.00 0.0 0 8.4 23 150 M M 3 38 160
18 101 73 87 4 0 22 0.00 0.0 0 7.4 22 270 M M 0 30 190
19 91 72 82 -1 0 17 0.00 0.0 0 11.4 26 270 M M 2 35 250
20 86 63 75 -8 0 10 0.00 0.0 0 4.7 16 310 M M 0 21 260
21 92 64 78 -6 0 13 0.00 0.0 0 5.4 14 230 M M 0 18 230
22 96 66 81 -3 0 16 0.00 0.0 0 6.9 17 270 M M 2 23 240
23 95 70 83 -1 0 18 0.00 0.0 0 8.8 18 270 M M 3 26 270
24 95 71 83 -1 0 18 0.00 0.0 0 7.8 16 260 M M 3 22 270
25 97 70 84 -1 0 19 0.00 0.0 0 6.5 15 220 M M 1 22 300
26 103 72 88 3 0 23 0.00 0.0 0 5.6 14 280 M M 0 19 360
27 107 74 91 6 0 26 0.00 0.0 0 8.1 17 270 M M 1 25 270
28 109 79 94 8 0 29 0.00 0.0 0 9.0 20 280 M M 1 30 270
29 112 82 97 11 0 32 0.00 0.0 0 5.9 18 270 M M 2 21 280
30 111 84 98 12 0 33 0.00 0.0 0 6.9 22 180 M M 6 3 28 160
31 107 83 95 8 0 30 0.00 0.0 0 7.9 22 270 M M 7 26 310
================================================================================
SM 3090 2253 0 663 T 0.0 220.1 M 78
================================================================================
AV 99.7 72.7 7.1 FASTST M M 3 MAX(MPH)
MISC ----> 26 270 38 160
================================================================================
NOTES:
# LAST OF SEVERAL OCCURRENCES
COLUMN 17 PEAK WIND IN M.P.H.
PRELIMINARY LOCAL CLIMATOLOGICAL DATA (WS FORM: F-6) , PAGE 2
STATION: PHOENIX AZ
MONTH: MAY
YEAR: 2020
LATITUDE: 33 25 N
LONGITUDE: 112 1 W
[TEMPERATURE DATA] [PRECIPITATION DATA] SYMBOLS USED IN COLUMN 16
AVERAGE MONTHLY: 86.2 TOTAL FOR MONTH: T 1 = FOG OR MIST
DPTR FM NORMAL: 4.1 DPTR FM NORMAL: -0.11 2 = FOG REDUCING VISIBILITY
HIGHEST: 112 ON 29 GRTST 24HR T ON 10-10 TO 1/4 MILE OR LESS
LOWEST: 63 ON 20 3 = THUNDER
SNOW, ICE PELLETS, HAIL 4 = ICE PELLETS
TOTAL MONTH: 0.0 INCH 5 = HAIL
GRTST 24HR 0.0 6 = FREEZING RAIN OR DRIZZLE
GRTST DEPTH: 0 7 = DUSTSTORM OR SANDSTORM:
VSBY 1/2 MILE OR LESS
8 = SMOKE OR HAZE
[NO. OF DAYS WITH] [WEATHER - DAYS WITH] 9 = BLOWING SNOW
X = TORNADO
MAX 32 OR BELOW: 0 0.01 INCH OR MORE: 0
MAX 90 OR ABOVE: 30 0.10 INCH OR MORE: 0
MIN 32 OR BELOW: 0 0.50 INCH OR MORE: 0
MIN 0 OR BELOW: 0 1.00 INCH OR MORE: 0
[HDD (BASE 65) ]
TOTAL THIS MO. 0 CLEAR (SCALE 0-3) 23
DPTR FM NORMAL -1 PTCLDY (SCALE 4-7) 8
TOTAL FM JUL 1 832 CLOUDY (SCALE 8-10) 0
DPTR FM NORMAL -102
[CDD (BASE 65) ]
TOTAL THIS MO. 663
DPTR FM NORMAL 132 [PRESSURE DATA]
TOTAL FM JAN 1 994 HIGHEST SLP 29.93 ON 20
DPTR FM NORMAL 108 LOWEST SLP 29.57 ON 30
[REMARKS]
#FINAL-05-20#