000
CXUS55 KPSR 011421
CLMPHX
CLIMATE REPORT
NATIONAL WEATHER SERVICE PHOENIX AZ
721 AM MST SAT JUL 01 2023
...................................
...THE PHOENIX AZ CLIMATE SUMMARY FOR THE MONTH OF JUNE 2023...
CLIMATE NORMAL PERIOD 1991 TO 2020
CLIMATE RECORD PERIOD 1895 TO 2023
WEATHER OBSERVED NORMAL DEPART LAST YEAR`S
VALUE DATE(S) VALUE FROM VALUE
NORMAL
..............................................................
TEMPERATURE (F)
RECORD
HIGH 122 06/26/1990
LOW 49 06/04/1908
HIGHEST 112 06/26 113 -1
LOWEST 69 06/01 68 1
06/07
AVG. MAXIMUM 103.3 104.2 -0.9
AVG. MINIMUM 75.6 78.6 -3.0
MEAN 89.4 91.4 -2.0
DAYS MAX >= 90 30 29.0 1.0
DAYS MAX >= 100 22
DAYS MAX >= 110 4
DAYS MIN <= 32 0 0.0 0.0
DAYS MIN >= 90 0
PRECIPITATION (INCHES)
RECORD
MAXIMUM 1.70 1972
MINIMUM 0.00 2019
TOTALS 0.00R 0.02 -0.02
DAYS >= .01 0 0.5 -0.5
DAYS >= .10 0 0.1 -0.1
DAYS >= .50 0 0.0 0.0
DAYS >= 1.00 0 0.0 0.0
GREATEST
24 HR. TOTAL 0.00 06/06 TO 06/06
06/11 TO 06/11
06/14 TO 06/14
DEGREE DAYS
HEATING TOTAL 0 0 0
SINCE 7/1 1115 874 241
COOLING TOTAL 740 792 -52
SINCE 1/1 1637 1702 -65
..............................................................
WIND (MPH)
AVERAGE WIND SPEED 7.0
HIGHEST GUST SPEED/DIRECTION 34/230 DATE 06/18
AVERAGE RH (PERCENT) 15
WEATHER CONDITIONS. NUMBER OF DAYS WITH
THUNDERSTORM 0 HEAVY RAIN 0
RAIN 0 LIGHT RAIN 0
FOG W/VIS <= 1/4 MILE 0
- INDICATES NEGATIVE NUMBERS.
R INDICATES RECORD WAS SET OR TIED.
MM INDICATES DATA IS MISSING.
T INDICATES TRACE AMOUNT.
$$